000
CXUS54 KHUN 261015
CF6MSL
PRELIMINARY LOCAL CLIMATOLOGICAL DATA (WS FORM: F-6)

                                          STATION:   MUSCLE SHOALS
                                          MONTH:     MAY
                                          YEAR:      2016
                                          LATITUDE:   34 45 N
                                          LONGITUDE:  87 37 W

  TEMPERATURE IN F:       :PCPN:    SNOW:  WIND      :SUNSHINE: SKY     :PK WND
================================================================================
1   2   3   4   5  6A  6B    7    8   9   10  11  12  13   14  15   16   17  18
                                     12Z  AVG MX 2MIN
DY MAX MIN AVG DEP HDD CDD  WTR  SNW DPTH SPD SPD DIR MIN PSBL S-S WX    SPD DR
================================================================================

 1  78  63  71   5   0   6 0.00  0.0    0   M  20 220   M    M   M        25 220
 2  72  61  67   1   0   2 0.03  0.0    M  4.8 15 330   M    M   8 1      18 320
 3  72  53  63  -3   2   0 0.00  0.0    0  5.7 17 300   M    M   7        20 300
 4  77  48  63  -4   2   0 0.03  0.0    0  7.5 29 290   M    M   1 13     38 290
 5  70  46  58  -9   7   0 0.00  0.0    0  8.8 24 320   M    M   1        34 330
 6  75  46  61  -6   4   0 0.00  0.0    0  6.2 15 310   M    M   1        23 310
 7  85  48  67   0   0   2 0.00  0.0    0  6.9 18 260   M    M   0 1      23 260
 8  86  58  72   4   0   7 0.00  0.0    0  7.8 16 250   M    M   0        20 210
 9  74  64  69   1   0   4 0.00  0.0    0  8.0 15 180   M    M   2        19 150
10  84  65  75   7   0  10 0.70  0.0    0  9.4 17 190   M    M   4 13     22 200
11  86  68  77   9   0  12 0.00  0.0    0  6.9 15 190   M    M   1 18     18 190
12  83  67  75   6   0  10 0.30  0.0    0  5.8 23 240   M    M   2 138    29 250
13  78  56  67  -2   0   2 0.00  0.0    0  4.3 13 310   M    M   1        19 300
14  72  52  62  -7   3   0 0.00  0.0    0  6.6 21 290   M    M   1        27 280
15  70  48  59 -11   6   0    T  0.0    0  3.2 12  60   M    M   1        15  60
16  71  54  63  -7   2   0 0.00  0.0    0  3.9 13 110   M    M   8        16 140
17  82  61  72   2   0   7 0.08  0.0    0  3.5 12  80   M    M   7 1      19 180
18  72  59  66  -4   0   1 0.00  0.0    0  6.2 12 340   M    M   9 1      17  20
19  78  56  67  -4   0   2 0.00  0.0    0  4.5 12  90   M    M   3 8      15  80
20  77  63  70  -1   0   5 0.02  0.0    0  4.4 13 160   M    M   6 13     17  10
21  80  60  70  -1   0   5 0.00  0.0    0  6.3 17 310   M    M   4        22 300
22  82  55  69  -2   0   4 0.00  0.0    0  3.5 14 340   M    M   0 1      22  40
23  86  51  69  -3   0   4 0.00  0.0    0  1.6  9 240   M    M   0        12 290
24  88  57  73   1   0   8 0.00  0.0    0  3.7 13 230   M    M   1 18     17 190
25  89  64  77   5   0  12    T  0.0    0  7.6 28 290   M    M   3        33 290
================================================================================
SM 1967 1423        26 103  1.16     0.0 137.1          M       71
================================================================================
AV 78.7 56.9                               5.7 FASTST   M    M   3    MAX(MPH)
                                 MISC ---->  # 29 290               # 38  290
================================================================================
NOTES:
# LAST OF SEVERAL OCCURRENCES

COLUMN 17 PEAK WIND IN M.P.H.

PRELIMINARY LOCAL CLIMATOLOGICAL DATA (WS FORM: F-6) , PAGE 2

                                          STATION:  MUSCLE SHOALS
                                          MONTH:    MAY
                                          YEAR:     2016
                                          LATITUDE:   34 45 N
                                          LONGITUDE:  87 37 W

[TEMPERATURE DATA]      [PRECIPITATION DATA]       SYMBOLS USED IN COLUMN 16

AVERAGE MONTHLY: 67.8   TOTAL FOR MONTH:   1.16    1 = FOG OR MIST
DPTR FM NORMAL:  -1.2   DPTR FM NORMAL:   -2.96    2 = FOG REDUCING VISIBILITY
HIGHEST:    89 ON 25    GRTST 24HR  0.70 ON  9-10      TO 1/4 MILE OR LESS
LOWEST:     46 ON  6, 5                            3 = THUNDER
                        SNOW, ICE PELLETS, HAIL    4 = ICE PELLETS
                        TOTAL MONTH:   0.0 INCH    5 = HAIL
                        GRTST 24HR     0.0         6 = FREEZING RAIN OR DRIZZLE
                        GRTST DEPTH:   0           7 = DUSTSTORM OR SANDSTORM:
                                                       VSBY 1/2 MILE OR LESS
                                                   8 = SMOKE OR HAZE
[NO. OF DAYS WITH]      [WEATHER - DAYS WITH]      9 = BLOWING SNOW
                                                   X = TORNADO
MAX 32 OR BELOW:   0    0.01 INCH OR MORE:   6
MAX 90 OR ABOVE:   0    0.10 INCH OR MORE:   2
MIN 32 OR BELOW:   0    0.50 INCH OR MORE:   1
MIN  0 OR BELOW:   0    1.00 INCH OR MORE:   0

[HDD (BASE 65) ]
TOTAL THIS MO.    26    CLEAR  (SCALE 0-3)  15
DPTR FM NORMAL    -3    PTCLDY (SCALE 4-7)   8
TOTAL FM JUL 1  2360    CLOUDY (SCALE 8-10)  1
DPTR FM NORMAL  -742

[CDD (BASE 65) ]
TOTAL THIS MO.   103
DPTR FM NORMAL   -27    [PRESSURE DATA]
TOTAL FM JAN 1   187    HIGHEST SLP M ON M
DPTR FM NORMAL    -8    LOWEST  SLP 29.67 ON  4

[REMARKS]
