000
CXUS51 KBTV 260700
CF6MSS
PRELIMINARY LOCAL CLIMATOLOGICAL DATA (WS FORM: F-6)

                                          STATION:   MASSENA NY
                                          MONTH:     SEPTEMBER
                                          YEAR:      2016
                                          LATITUDE:   44 55 N
                                          LONGITUDE:  74 51 W

  TEMPERATURE IN F:       :PCPN:    SNOW:  WIND      :SUNSHINE: SKY     :PK WND
================================================================================
1   2   3   4   5  6A  6B    7    8   9   10  11  12  13   14  15   16   17  18
                                     12Z  AVG MX 2MIN
DY MAX MIN AVG DEP HDD CDD  WTR  SNW DPTH SPD SPD DIR MIN PSBL S-S WX    SPD DR
================================================================================

 1  74  51  63  -1   2   0    T  0.0    0  5.6 14 330   M    M   5 1      19 320
 2  70  48  59  -4   6   0 0.00  0.0    0  4.7 13 350   M    M   4 1      16 290
 3  74  44  59  -4   6   0 0.00  0.0    0  1.2  7 360   M    M   1 12     10  10
 4  79  47  63   0   2   0 0.00  0.0    0  0.8  7 350   M    M   0 12      9 360
 5  82  49  66   4   0   1 0.00  0.0    0  2.1 10 240   M    M   1 12     14 260
 6  84  50  67   5   0   2 0.00  0.0    0  1.2  7 360   M    M   0 1      11 340
 7  87  54  71   9   0   6 0.07  0.0    0  2.6 10 240   M    M   4 1      13 230
 8  81  69  75  14   0  10 0.01  0.0    0  5.8 15 230   M    M   8 1      21 220
 9  83  64  74  13   0   9 0.00  0.0    0  5.7 14 260   M    M   2        19 240
10  84  55  70   9   0   5 0.29  0.0    0  4.6 20 220   M    M   3 13     26 220
11  72  47  60   0   5   0 0.06    M    0 11.6 28 290   M    M   4 13     36 300
12  74  42  58  -2   7   0 0.00  0.0    0  5.6 15 220   M    M   0 1      21 210
13  80  47  64   4   1   0 0.00  0.0    0  7.2 21 220   M    M   1 1      26 210
14  71  50  61   2   4   0 0.11  0.0    0  8.8 18 270   M    M   6 13     27 330
15  65  39  52  -7  13   0 0.00  0.0    0  1.0  8 330   M    M   1 1      12 340
16  74  37  56  -2   9   0 0.00  0.0    0  1.5  8  90   M    M   0 12     10  90
17  77  48  63   5   2   0 0.04  0.0    0  8.1 22 200   M    M   4        31 190
18  81  63  72  14   0   7 0.38  0.0    0  8.0 21 210   M    M   5 1      28 210
19  80  55  68  11   0   3 0.00  0.0    0  2.6 13 220   M    M   4 1      16 230
20  82  53  68  11   0   3 0.00  0.0    0  6.8 18 220   M    M   3 1      23 220
21  80  48  64   8   1   0 0.00  0.0    0  9.0 20 230   M    M   0        27 220
22  79  53  66  10   0   1 0.08  0.0    0  4.4 16  60   M    M   5 8      19  60
23  64  48  56   0   9   0 0.31    M    0  7.2 15  40   M    M   9 13     20  40
24  63  39  51  -4  14   0 0.00  0.0    0  5.5 15 310   M    M   3 12     20 290
25  64  36  50  -5  15   0 0.00  0.0    0  3.8 14 300   M    M   0 1      17 300
================================================================================
SM 1904 1236        96  47  1.35     0.0 125.4          M       73
================================================================================
AV 76.2 49.4                               5.0 FASTST   M    M   3    MAX(MPH)
                                 MISC ---->  # 28 290               # 36  300
================================================================================
NOTES:
# LAST OF SEVERAL OCCURRENCES

COLUMN 17 PEAK WIND IN M.P.H.

PRELIMINARY LOCAL CLIMATOLOGICAL DATA (WS FORM: F-6) , PAGE 2

                                          STATION:  MASSENA NY
                                          MONTH:    SEPTEMBER
                                          YEAR:     2016
                                          LATITUDE:   44 55 N
                                          LONGITUDE:  74 51 W

[TEMPERATURE DATA]      [PRECIPITATION DATA]       SYMBOLS USED IN COLUMN 16

AVERAGE MONTHLY: 62.8   TOTAL FOR MONTH:   1.35    1 = FOG OR MIST
DPTR FM NORMAL:   3.4   DPTR FM NORMAL:   -1.68    2 = FOG REDUCING VISIBILITY
HIGHEST:    87 ON  7    GRTST 24HR  1.31 ON 31- 1      TO 1/4 MILE OR LESS
LOWEST:     36 ON 25                               3 = THUNDER
                        SNOW, ICE PELLETS, HAIL    4 = ICE PELLETS
                        TOTAL MONTH:   0.0 INCH    5 = HAIL
                        GRTST 24HR     0.0         6 = FREEZING RAIN OR DRIZZLE
                        GRTST DEPTH:   0           7 = DUSTSTORM OR SANDSTORM:
                                                       VSBY 1/2 MILE OR LESS
                                                   8 = SMOKE OR HAZE
[NO. OF DAYS WITH]      [WEATHER - DAYS WITH]      9 = BLOWING SNOW
                                                   X = TORNADO
MAX 32 OR BELOW:   0    0.01 INCH OR MORE:   9
MAX 90 OR ABOVE:   0    0.10 INCH OR MORE:   4
MIN 32 OR BELOW:   0    0.50 INCH OR MORE:   0
MIN  0 OR BELOW:   0    1.00 INCH OR MORE:   0

[HDD (BASE 65) ]
TOTAL THIS MO.    96    CLEAR  (SCALE 0-3)  12
DPTR FM NORMAL   -68    PTCLDY (SCALE 4-7)  12
TOTAL FM JUL 1   107    CLOUDY (SCALE 8-10)  1
DPTR FM NORMAL  -132

[CDD (BASE 65) ]
TOTAL THIS MO.    47
DPTR FM NORMAL    23    [PRESSURE DATA]
TOTAL FM JAN 1   527    HIGHEST SLP M ON M
DPTR FM NORMAL   167    LOWEST  SLP 29.75 ON 11

[REMARKS]
