000
CXUS55 KLIX 260830
CF6MSY
PRELIMINARY LOCAL CLIMATOLOGICAL DATA (WS FORM: F-6)

                                          STATION:   NEW ORLEANS
                                          MONTH:     FEBRUARY
                                          YEAR:      2015
                                          LATITUDE:   29 58 N
                                          LONGITUDE:  90 15 W

  TEMPERATURE IN F:       :PCPN:    SNOW:  WIND      :SUNSHINE: SKY     :PK WND
================================================================================
1   2   3   4   5  6A  6B    7    8   9   10  11  12  13   14  15   16   17  18
                                     12Z  AVG MX 2MIN
DY MAX MIN AVG DEP HDD CDD  WTR  SNW DPTH SPD SPD DIR MIN PSBL S-S WX    SPD DR
================================================================================

 1  75  58  67  13   0   2 0.07  0.0    0 11.0 25 300   M    M   8 18     32 310
 2  58  42  50  -4  15   0    T  0.0    0 15.0 28 330   M    M   4        35 330
 3  49  39  44 -11  21   0 0.03  0.0    0  7.4 18  40   M    M   8        22  50
 4  52  46  49  -6  16   0 0.96  0.0    0  9.7 16  20   M    M  10 1      22  90
 5  58  47  53  -2  12   0 0.00  0.0    0 11.8 18  10   M    M   4        24  10
 6  57  38  48  -7  17   0 0.00  0.0    0  6.2 16  40   M    M   2        20  40
 7  69  37  53  -2  12   0 0.00  0.0    0  5.2 16 160   M    M   2        22 360
 8  75  55  65  10   0   0 0.00  0.0    0 10.2 20 190   M    M   3 1      23 170
 9  76  56  66  10   0   1 0.05  0.0    0 10.4 22 340   M    M   4 18     28 330
10  63  45  54  -2  11   0 0.00  0.0    0 10.2 18 360   M    M   0 8      23 360
11  67  42  55  -1  10   0 0.00  0.0    0  4.0 12  60   M    M   1 8      17  80
12  65  43  54  -2  11   0 0.00  0.0    0 12.1 22 360   M    M   1        30 340
13  54  37  46 -10  19   0 0.00  0.0    0  8.8 17  30   M    M   4        21  30
14  71  39  55  -1  10   0 0.00  0.0    0  7.1 17 290   M    M   1 18     22 300
15  67  51  59   2   6   0    T  0.0    0  5.5 10 140   M    M   7 18     20  40
16  73  40  57   0   8   0 0.31    M    0 14.5 26 220   M    M   9 18     36 230
17  47  34  41 -16  24   0 0.02    M    0 13.8 23  10   M    M   6 1      31 350
18  56  30  43 -14  22   0 0.00  0.0    0 10.9 22 330   M    M   0        27 320
19  49  39  44 -14  21   0 0.00  0.0    0  8.0 20  50   M    M   3        24  50
20  65  37  51  -7  14   0    T    M    0 12.9 24 150   M    M   5        32 150
21  75  60  68  10   0   3 0.07  0.0    0 14.3 30 180   M    M   9        36 190
22  79  58  69  11   0   4 0.00  0.0    0  7.0 17 180   M    M   7 18     22  30
23  58  44  51  -7  14   0 0.16    M    0 15.1 20  30   M    M  10 18     27 350
24  48  40  44 -15  21   0 0.00  0.0    0  9.3 15  10   M    M   9        20  10
25  50  41  46 -13  19   0 0.36  0.0    0 10.9 23  80   M    M  10 18     26  80
================================================================================
SM 1556 1098       303  10  2.03     0.0 251.3          M      127
================================================================================
AV 62.2 43.9                              10.1 FASTST   M    M   5    MAX(MPH)
                                 MISC ---->  # 30 180               # 36  230
================================================================================
NOTES:
# LAST OF SEVERAL OCCURRENCES

COLUMN 17 PEAK WIND IN M.P.H.

PRELIMINARY LOCAL CLIMATOLOGICAL DATA (WS FORM: F-6) , PAGE 2

                                          STATION:  NEW ORLEANS
                                          MONTH:    FEBRUARY
                                          YEAR:     2015
                                          LATITUDE:   29 58 N
                                          LONGITUDE:  90 15 W

[TEMPERATURE DATA]      [PRECIPITATION DATA]       SYMBOLS USED IN COLUMN 16

AVERAGE MONTHLY: 53.1   TOTAL FOR MONTH:   2.03    1 = FOG OR MIST
DPTR FM NORMAL:  -3.3   DPTR FM NORMAL:   -2.77    2 = FOG REDUCING VISIBILITY
HIGHEST:    79 ON 22    GRTST 24HR  0.99 ON  3- 4      TO 1/4 MILE OR LESS
LOWEST:     30 ON 18                               3 = THUNDER
                        SNOW, ICE PELLETS, HAIL    4 = ICE PELLETS
                        TOTAL MONTH:   0.0 INCH    5 = HAIL
                        GRTST 24HR     0.0         6 = FREEZING RAIN OR DRIZZLE
                        GRTST DEPTH:   0           7 = DUSTSTORM OR SANDSTORM:
                                                       VSBY 1/2 MILE OR LESS
                                                   8 = SMOKE OR HAZE
[NO. OF DAYS WITH]      [WEATHER - DAYS WITH]      9 = BLOWING SNOW
                                                   X = TORNADO
MAX 32 OR BELOW:   0    0.01 INCH OR MORE:   9
MAX 90 OR ABOVE:   0    0.10 INCH OR MORE:   4
MIN 32 OR BELOW:   1    0.50 INCH OR MORE:   1
MIN  0 OR BELOW:   0    1.00 INCH OR MORE:   0

[HDD (BASE 65) ]
TOTAL THIS MO.   303    CLEAR  (SCALE 0-3)   9
DPTR FM NORMAL    71    PTCLDY (SCALE 4-7)   9
TOTAL FM JUL 1  1149    CLOUDY (SCALE 8-10)  7
DPTR FM NORMAL    61

[CDD (BASE 65) ]
TOTAL THIS MO.    10
DPTR FM NORMAL   -15    [PRESSURE DATA]
TOTAL FM JAN 1    18    HIGHEST SLP M ON M
DPTR FM NORMAL   -23    LOWEST  SLP 29.73 ON 25

[REMARKS]
