000
CXUS55 KGJT 241000
CF6MTJ
PRELIMINARY LOCAL CLIMATOLOGICAL DATA (WS FORM: F-6)

                                          STATION:   MONTROSE CO
                                          MONTH:     MARCH
                                          YEAR:      2017
                                          LATITUDE:   38 30 N
                                          LONGITUDE: 107 53 W

  TEMPERATURE IN F:       :PCPN:    SNOW:  WIND      :SUNSHINE: SKY     :PK WND
================================================================================
1   2   3   4   5  6A  6B    7    8   9   10  11  12  13   14  15   16   17  18
                                     12Z  AVG MX 2MIN
DY MAX MIN AVG DEP HDD CDD  WTR  SNW DPTH SPD SPD DIR MIN PSBL S-S WX    SPD DR
================================================================================

 1  37  12  25 -12  40   0 0.00    M    M  7.4 14 160   M    M   0        16 150
 2  47  18  33  -4  32   0 0.00    M    M  6.3 13 150   M    M   0        15 150
 3  56  20  38   1  27   0 0.00    M    M  6.3 15 110   M    M   0        18 120
 4  60  27  44   6  21   0 0.00    M    M 12.2 29 210   M    M   0        38 200
 5  57  38  48  10  17   0 0.00    M    M 14.2 37 210   M    M   3        48 230
 6  46  19  33  -5  32   0 0.01    M    M 15.8 37 200   M    M   5 18     52 210
 7  49  16  33  -6  32   0 0.00    M    M  4.6 13 120   M    M   1        17 160
 8  62  24  43   4  22   0 0.00    M    M  4.9 16 140   M    M   1        19 140
 9  66  29  48   9  17   0 0.00    M    M  8.0 15 320   M    M   0        20 360
10  67  30  49   9  16   0 0.00    M    M  6.5 16 280   M    M   0        20 270
11  64  37  51  11  14   0 0.00    M    M  5.8 13 130   M    M   1        15 330
12  63  33  48   8  17   0 0.00    M    M  9.4 23 320   M    M   1        27 320
13  60  28  44   4  21   0 0.00    M    M  6.4 12 160   M    M   0 8      13 340
14  69  32  51  10  14   0 0.00    M    M  6.5 16 130   M    M   0        19 130
15  75  33  54  13  11   0 0.00    M    M  6.4 16 230   M    M   0 8      23 300
16  73  38  56  15   9   0 0.00    M    M  8.0 18 310   M    M   0        23 290
17  73  40  57  15   8   0 0.00    M    M  5.9 15 120   M    M   0        16 130
18  77  37  57  15   8   0 0.00    M    M  7.8 20 240   M    M   0        25 230
19  74  41  58  16   7   0 0.00    M    M  8.3 20 230   M    M   0        26 270
20  74  40  57  15   8   0 0.00    M    M  8.6 22 240   M    M   1        27 260
21  73  40  57  14   8   0 0.00    M    M  8.6 28 230   M    M   1        37 230
22  67  48  58  15   7   0 0.00    M    M  8.1 37 220   M    M   1 8      59 220
23  63  40  52   9  13   0 0.09    M    M 11.5 32 190   M    M   5 18     41 220
================================================================================
SM 1452  720       401   0  0.10    M    187.5          M       20
================================================================================
AV 63.1 31.3                               8.2 FASTST   M    M   1    MAX(MPH)
                                 MISC ---->  # 37 210               # 59  220
================================================================================
NOTES:
# LAST OF SEVERAL OCCURRENCES

COLUMN 17 PEAK WIND IN M.P.H.

PRELIMINARY LOCAL CLIMATOLOGICAL DATA (WS FORM: F-6) , PAGE 2

                                          STATION:  MONTROSE CO
                                          MONTH:    MARCH
                                          YEAR:     2017
                                          LATITUDE:   38 30 N
                                          LONGITUDE: 107 53 W

[TEMPERATURE DATA]      [PRECIPITATION DATA]       SYMBOLS USED IN COLUMN 16

AVERAGE MONTHLY: 47.2   TOTAL FOR MONTH:   0.10    1 = FOG OR MIST
DPTR FM NORMAL:   7.1   DPTR FM NORMAL:   -0.63    2 = FOG REDUCING VISIBILITY
HIGHEST:    77 ON 18    GRTST 24HR  0.09 ON 23-23      TO 1/4 MILE OR LESS
LOWEST:     12 ON  1                               3 = THUNDER
                        SNOW, ICE PELLETS, HAIL    4 = ICE PELLETS
                        TOTAL MONTH:    M          5 = HAIL
                        GRTST 24HR    M  ON   M    6 = FREEZING RAIN OR DRIZZLE
                        GRTST DEPTH:  M  ON   M    7 = DUSTSTORM OR SANDSTORM:
                                                       VSBY 1/2 MILE OR LESS
                                                   8 = SMOKE OR HAZE
[NO. OF DAYS WITH]      [WEATHER - DAYS WITH]      9 = BLOWING SNOW
                                                   X = TORNADO
MAX 32 OR BELOW:   0    0.01 INCH OR MORE:   2
MAX 90 OR ABOVE:   0    0.10 INCH OR MORE:   0
MIN 32 OR BELOW:  11    0.50 INCH OR MORE:   0
MIN  0 OR BELOW:   0    1.00 INCH OR MORE:   0

[HDD (BASE 65) ]
TOTAL THIS MO.   401    CLEAR  (SCALE 0-3)  20
DPTR FM NORMAL  -172    PTCLDY (SCALE 4-7)   3
TOTAL FM JUL 1  4323    CLOUDY (SCALE 8-10)  0
DPTR FM NORMAL  -965

[CDD (BASE 65) ]
TOTAL THIS MO.     0
DPTR FM NORMAL     0    [PRESSURE DATA]
TOTAL FM JAN 1     0    HIGHEST SLP M ON M
DPTR FM NORMAL     0    LOWEST  SLP 29.29 ON  6

[REMARKS]
