000
CXUS51 KBTV 270700
CF6MVL
PRELIMINARY LOCAL CLIMATOLOGICAL DATA (WS FORM: F-6)

                                          STATION:   MORRISVILLE VT
                                          MONTH:     JUNE
                                          YEAR:      2017
                                          LATITUDE:   44 31 N
                                          LONGITUDE:  72 37 W

  TEMPERATURE IN F:       :PCPN:    SNOW:  WIND      :SUNSHINE: SKY     :PK WND
================================================================================
1   2   3   4   5  6A  6B    7    8   9   10  11  12  13   14  15   16   17  18
                                     12Z  AVG MX 2MIN
DY MAX MIN AVG DEP HDD CDD  WTR  SNW DPTH SPD SPD DIR MIN PSBL S-S WX    SPD DR
================================================================================

 1  68  46  57  -1   8   0    T    M    0  4.1 15 230   M    M   7 1      24 300
 2  58  44  51  -8  14   0 0.09    M    0  4.4 17 320   M    M   9        25 320
 3  55  42  49 -10  16   0 0.04    M    0  3.3 13 310   M    M  10 12     20 330
 4  69  41  55  -4  10   0    T    M    0  2.3 15 200   M    M   7 12     18 210
 5  57  50  54  -6  11   0 0.09  0.0    0  3.8 18 190   M    M  10 1      29 190
 6  52  45  49 -11  16   0 0.92    M    0  3.9 10  20   M    M  10 1      15  30
 7  75  38  57  -3   8   0 0.00  0.0    0  3.6 14 340   M    M   3 12     18 350
 8  81  41  61   1   4   0 0.00  0.0    0  1.5 10  10   M    M   2 12     12  10
 9  73  50  62   1   3   0 0.02  0.0    0  3.6 13 300   M    M   4 1      23 310
10  78  43  61   0   4   0 0.00  0.0    0  3.4 14 210   M    M   3        18 210
11  88  54  71  10   0   6 0.00  0.0    0  6.5 20 210   M    M   2        26 180
12  89  63  76  14   0  11    T  0.0    0  4.8 15 200   M    M   3        24 200
13  81  49  65   3   0   0    T    M    0  6.0 16 340   M    M   4        21 340
14  67  41  54  -8  11   0 0.00  0.0    0  4.9 14 360   M    M   0 1      20 340
15  78  36  57  -5   8   0 0.00  0.0    0  2.1 17 170   M    M   1 1      25 170
16  66  53  60  -3   5   0 0.67  0.0    0  7.6 17 180   M    M  10 1      26 180
17  83  57  70   7   0   5 0.00  0.0    0  4.6 12 160   M    M   4        15 160
18  85  62  74  11   0   9 0.04  0.0    0  7.7 18 210   M    M   3 1      28 210
19  79  61  70   6   0   5 0.11  0.0    0  3.6 15  20   M    M   8 12     19  20
20  72  56  64   0   1   0 0.77  0.0    0  4.1 15 210   M    M   6 12     22 270
21  72  52  62  -2   3   0 0.05  0.0    0  6.0 15 260   M    M   5        24 240
22  76  48  62  -2   3   0 0.00  0.0    0  2.4 14 190   M    M   5 12     18 190
23  81  58  70   5   0   5 1.14  0.0    0  3.4 14  10   M    M   9 1      19 210
24  78  57  68   3   0   3 0.92  0.0    0  5.0 13 350   M    M   5 1      19 300
25  73  50  62  -3   3   0 0.01  0.0    0  3.4 21 340   M    M   4 3      28 350
26  69  50  60  -5   5   0 0.00  0.0    0  3.2 12 340   M    M   6        17 340
================================================================================
SM 1903 1287       133  44  4.87     0.0 109.2          M      140
================================================================================
AV 73.2 49.5                               4.2 FASTST   M    M   5    MAX(MPH)
                                 MISC ---->  # 21 340               # 29  190
================================================================================
NOTES:
# LAST OF SEVERAL OCCURRENCES

COLUMN 17 PEAK WIND IN M.P.H.

PRELIMINARY LOCAL CLIMATOLOGICAL DATA (WS FORM: F-6) , PAGE 2

                                          STATION:  MORRISVILLE VT
                                          MONTH:    JUNE
                                          YEAR:     2017
                                          LATITUDE:   44 31 N
                                          LONGITUDE:  72 37 W

[TEMPERATURE DATA]      [PRECIPITATION DATA]       SYMBOLS USED IN COLUMN 16

AVERAGE MONTHLY: 61.4   TOTAL FOR MONTH:   4.87    1 = FOG OR MIST
DPTR FM NORMAL:  -0.6   DPTR FM NORMAL:    1.44    2 = FOG REDUCING VISIBILITY
HIGHEST:    89 ON 12    GRTST 24HR  1.14 ON 23-23      TO 1/4 MILE OR LESS
LOWEST:     36 ON 15                               3 = THUNDER
                        SNOW, ICE PELLETS, HAIL    4 = ICE PELLETS
                        TOTAL MONTH:   0.0 INCH    5 = HAIL
                        GRTST 24HR     0.0         6 = FREEZING RAIN OR DRIZZLE
                        GRTST DEPTH:   0           7 = DUSTSTORM OR SANDSTORM:
                                                       VSBY 1/2 MILE OR LESS
                                                   8 = SMOKE OR HAZE
[NO. OF DAYS WITH]      [WEATHER - DAYS WITH]      9 = BLOWING SNOW
                                                   X = TORNADO
MAX 32 OR BELOW:   0    0.01 INCH OR MORE:  13
MAX 90 OR ABOVE:   0    0.10 INCH OR MORE:   6
MIN 32 OR BELOW:   0    0.50 INCH OR MORE:   5
MIN  0 OR BELOW:   0    1.00 INCH OR MORE:   1

[HDD (BASE 65) ]
TOTAL THIS MO.   133    CLEAR  (SCALE 0-3)   5
DPTR FM NORMAL    16    PTCLDY (SCALE 4-7)  15
TOTAL FM JUL 1  7666    CLOUDY (SCALE 8-10)  6
DPTR FM NORMAL  -582

[CDD (BASE 65) ]
TOTAL THIS MO.    44
DPTR FM NORMAL     7    [PRESSURE DATA]
TOTAL FM JAN 1    53    HIGHEST SLP M ON M
DPTR FM NORMAL     8    LOWEST  SLP 29.48 ON 24

[REMARKS]
