000
CXUS54 KFWD 220730
CF6MWL
PRELIMINARY LOCAL CLIMATOLOGICAL DATA (WS FORM: F-6)

                                          STATION:   MINERAL WELLS
                                          MONTH:     SEPTEMBER
                                          YEAR:      2017
                                          LATITUDE:   32 46 N
                                          LONGITUDE:  98  4 W

  TEMPERATURE IN F:       :PCPN:    SNOW:  WIND      :SUNSHINE: SKY     :PK WND
================================================================================
1   2   3   4   5  6A  6B    7    8   9   10  11  12  13   14  15   16   17  18
                                     12Z  AVG MX 2MIN
DY MAX MIN AVG DEP HDD CDD  WTR  SNW DPTH SPD SPD DIR MIN PSBL S-S WX    SPD DR
================================================================================

 1  90  61  76  -4   0  11 0.00  0.0    0  3.5  9 120   M    M   0 1      12 250
 2  94  63  79  -1   0  14    T  0.0    0  3.5 12 220   M    M   1        16 220
 3  94  66  80   0   0  15 0.00  0.0    0  5.3 12 160   M    M   1        16 130
 4  95  67  81   2   0  16 0.00  0.0    0  6.5 15 130   M    M   0        19 130
 5  90  65  78  -1   0  13 0.00  0.0    0  7.8 20  10   M    M   1        24  40
 6  85  57  71  -8   0   6 0.00  0.0    0  5.9 17  40   M    M   1        22  40
 7  85  50  68 -10   0   3 0.00  0.0    0  5.8 14 160   M    M   0        18 140
 8  85  53  69  -9   0   4 0.00  0.0    0  8.8 18 150   M    M   0        26 150
 9  86  56  71  -7   0   6 0.00  0.0    0  5.9 17 100   M    M   0        22 110
10  86  57  72  -6   0   7 0.00  0.0    0  4.2 14  90   M    M   0        24  70
11  87  55  71  -6   0   6 0.00  0.0    0  4.4 15  20   M    M   0        22  60
12  89  53  71  -6   0   6 0.00  0.0    0  6.0 17 330   M    M   0        24 320
13  94  52  73  -3   0   8 0.00  0.0    0  3.9 15 120   M    M   0        18 120
14  99  64  82   6   0  17 0.00  0.0    0 11.4 18 150   M    M   0        24 150
15  96  70  83   7   0  18 0.00  0.0    0 12.5 20 150   M    M   0        25 150
16  98  70  84   9   0  19 0.00  0.0    0 10.8 18 130   M    M   0        24 150
17  95  70  83   8   0  18 0.00  0.0    0  7.7 16 120   M    M   0        19 120
18  94  67  81   6   0  16 0.00  0.0    0  6.4 17 130   M    M   0        22 130
19  99  72  86  12   0  21 0.00  0.0    0 12.0 23 160   M    M   1 1      33 170
20 100  75  88  14   0  23 0.00  0.0    0 13.9 23 180   M    M   0        30 170
21  96  76  86  12   0  21 0.00  0.0    0 11.5 21 130   M    M   1        26 130
================================================================================
SM 1937 1319         0 268    T      0.0 157.7          M        6
================================================================================
AV 92.2 62.8                               7.5 FASTST   M    M   0    MAX(MPH)
                                 MISC ---->  # 23 160               # 33  170
================================================================================
NOTES:
# LAST OF SEVERAL OCCURRENCES

COLUMN 17 PEAK WIND IN M.P.H.

PRELIMINARY LOCAL CLIMATOLOGICAL DATA (WS FORM: F-6) , PAGE 2

                                          STATION:  MINERAL WELLS
                                          MONTH:    SEPTEMBER
                                          YEAR:     2017
                                          LATITUDE:   32 46 N
                                          LONGITUDE:  98  4 W

[TEMPERATURE DATA]      [PRECIPITATION DATA]       SYMBOLS USED IN COLUMN 16

AVERAGE MONTHLY: 77.5   TOTAL FOR MONTH:      T    1 = FOG OR MIST
DPTR FM NORMAL:   0.5   DPTR FM NORMAL:   -2.08    2 = FOG REDUCING VISIBILITY
HIGHEST:   100 ON 20    GRTST 24HR    T  ON  2- 2      TO 1/4 MILE OR LESS
LOWEST:     50 ON  7                               3 = THUNDER
                        SNOW, ICE PELLETS, HAIL    4 = ICE PELLETS
                        TOTAL MONTH:   0.0 INCH    5 = HAIL
                        GRTST 24HR     0.0         6 = FREEZING RAIN OR DRIZZLE
                        GRTST DEPTH:   0           7 = DUSTSTORM OR SANDSTORM:
                                                       VSBY 1/2 MILE OR LESS
                                                   8 = SMOKE OR HAZE
[NO. OF DAYS WITH]      [WEATHER - DAYS WITH]      9 = BLOWING SNOW
                                                   X = TORNADO
MAX 32 OR BELOW:   0    0.01 INCH OR MORE:   0
MAX 90 OR ABOVE:  14    0.10 INCH OR MORE:   0
MIN 32 OR BELOW:   0    0.50 INCH OR MORE:   0
MIN  0 OR BELOW:   0    1.00 INCH OR MORE:   0

[HDD (BASE 65) ]
TOTAL THIS MO.     0    CLEAR  (SCALE 0-3)  21
DPTR FM NORMAL    -1    PTCLDY (SCALE 4-7)   0
TOTAL FM JUL 1     0    CLOUDY (SCALE 8-10)  0
DPTR FM NORMAL    -1

[CDD (BASE 65) ]
TOTAL THIS MO.   268
DPTR FM NORMAL    11    [PRESSURE DATA]
TOTAL FM JAN 1  2275    HIGHEST SLP M ON M
DPTR FM NORMAL   117    LOWEST  SLP 29.70 ON 19

[REMARKS]
