000
CXUS54 KFWD 230730
CF6MWL
PRELIMINARY LOCAL CLIMATOLOGICAL DATA (WS FORM: F-6)

                                          STATION:   MINERAL WELLS
                                          MONTH:     MARCH
                                          YEAR:      2017
                                          LATITUDE:   32 46 N
                                          LONGITUDE:  98  4 W

  TEMPERATURE IN F:       :PCPN:    SNOW:  WIND      :SUNSHINE: SKY     :PK WND
================================================================================
1   2   3   4   5  6A  6B    7    8   9   10  11  12  13   14  15   16   17  18
                                     12Z  AVG MX 2MIN
DY MAX MIN AVG DEP HDD CDD  WTR  SNW DPTH SPD SPD DIR MIN PSBL S-S WX    SPD DR
================================================================================

 1  72  40  56   3   9   0 0.00  0.0    0 12.6 26 350   M    M   1        37 360
 2  66  29  48  -5  17   0 0.00  0.0    0  4.6 15 160   M    M   0        20 160
 3  71  32  52  -1  13   0 0.00  0.0    0  7.3 21 180   M    M   0        26 180
 4  57  43  50  -4  15   0 0.06  0.0    0 11.6 21 140   M    M   9 1      29 190
 5  62  53  58   4   7   0    T  0.0    0  9.4 14 150   M    M   9 12     18 150
 6  85  60  73  19   0   8 0.00  0.0    0 15.6 30 200   M    M   5 1      41 180
 7  71  46  59   5   6   0 0.00  0.0    0  9.5 24 360   M    M   3        33 360
 8  77  36  57   2   8   0 0.00  0.0    0  8.8 22 160   M    M   1        27 130
 9  83  54  69  14   0   4 0.00  0.0    0 10.4 20 210   M    M   4        25 210
10  68  53  61   6   4   0 0.00  0.0    0  6.1 15  20   M    M   5 18     18  30
11  75  47  61   5   4   0 0.00  0.0    0  7.3 25  30   M    M   6 1      35  30
12  50  41  46 -10  19   0 0.00  0.0    0  7.8 18  10   M    M  10        23  10
13  65  41  53  -3  12   0 0.00  0.0    0 10.6 25 360   M    M   4        31  10
14  69  31  50  -6  15   0 0.00  0.0    0  6.7 15 130   M    M   0        20 100
15  70  40  55  -2  10   0 0.00  0.0    0 10.4 17 140   M    M   1        22 110
16  73  51  62   5   3   0 0.00  0.0    0 13.3 23 170   M    M   6        30 170
17  85  64  75  18   0  10 0.00  0.0    0 12.2 22 180   M    M   5        30 190
18  87  59  73  15   0   8 0.00  0.0    0  8.8 16 150   M    M   2        24 110
19  89  55  72  14   0   7 0.00  0.0    0 10.7 21 170   M    M   0 1      27 180
20  92  59  76  18   0  11 0.00  0.0    0 12.0 23 180   M    M   0        29 180
21  90  55  73  15   0   8 0.00  0.0    0  9.8 20 170   M    M   0        24 150
22  87  58  73  14   0   8 0.00  0.0    0  8.7 20 130   M    M   1        27 150
================================================================================
SM 1644 1047       142  64  0.06     0.0 214.2          M       72
================================================================================
AV 74.7 47.6                               9.7 FASTST   M    M   3    MAX(MPH)
                                 MISC ---->  # 30 200               # 41  180
================================================================================
NOTES:
# LAST OF SEVERAL OCCURRENCES

COLUMN 17 PEAK WIND IN M.P.H.

PRELIMINARY LOCAL CLIMATOLOGICAL DATA (WS FORM: F-6) , PAGE 2

                                          STATION:  MINERAL WELLS
                                          MONTH:    MARCH
                                          YEAR:     2017
                                          LATITUDE:   32 46 N
                                          LONGITUDE:  98  4 W

[TEMPERATURE DATA]      [PRECIPITATION DATA]       SYMBOLS USED IN COLUMN 16

AVERAGE MONTHLY: 61.2   TOTAL FOR MONTH:   0.06    1 = FOG OR MIST
DPTR FM NORMAL:   5.4   DPTR FM NORMAL:   -2.23    2 = FOG REDUCING VISIBILITY
HIGHEST:    92 ON 20    GRTST 24HR  0.06 ON  4- 4      TO 1/4 MILE OR LESS
LOWEST:     29 ON  2                               3 = THUNDER
                        SNOW, ICE PELLETS, HAIL    4 = ICE PELLETS
                        TOTAL MONTH:   0.0 INCH    5 = HAIL
                        GRTST 24HR     0.0         6 = FREEZING RAIN OR DRIZZLE
                        GRTST DEPTH:   0           7 = DUSTSTORM OR SANDSTORM:
                                                       VSBY 1/2 MILE OR LESS
                                                   8 = SMOKE OR HAZE
[NO. OF DAYS WITH]      [WEATHER - DAYS WITH]      9 = BLOWING SNOW
                                                   X = TORNADO
MAX 32 OR BELOW:   0    0.01 INCH OR MORE:   1
MAX 90 OR ABOVE:   2    0.10 INCH OR MORE:   0
MIN 32 OR BELOW:   3    0.50 INCH OR MORE:   0
MIN  0 OR BELOW:   0    1.00 INCH OR MORE:   0

[HDD (BASE 65) ]
TOTAL THIS MO.   142    CLEAR  (SCALE 0-3)  12
DPTR FM NORMAL   -80    PTCLDY (SCALE 4-7)   7
TOTAL FM JUL 1  1639    CLOUDY (SCALE 8-10)  3
DPTR FM NORMAL  -681

[CDD (BASE 65) ]
TOTAL THIS MO.    64
DPTR FM NORMAL    44    [PRESSURE DATA]
TOTAL FM JAN 1    91    HIGHEST SLP M ON M
DPTR FM NORMAL    66    LOWEST  SLP 29.71 ON  6

[REMARKS]
