000
CXUS55 KBOI 251002
CF6MYL
PRELIMINARY LOCAL CLIMATOLOGICAL DATA (WS FORM: F-6)

                                          STATION:   MCCALL ID
                                          MONTH:     AUGUST
                                          YEAR:      2016
                                          LATITUDE:   44 52 N
                                          LONGITUDE: 116  6 W

  TEMPERATURE IN F:       :PCPN:    SNOW:  WIND      :SUNSHINE: SKY     :PK WND
================================================================================
1   2   3   4   5  6A  6B    7    8   9   10  11  12  13   14  15   16   17  18
                                     12Z  AVG MX 2MIN
DY MAX MIN AVG DEP HDD CDD  WTR  SNW DPTH SPD SPD DIR MIN PSBL S-S WX    SPD DR
================================================================================

 1  83  43  63   1   2   0 0.00    M    M  3.7 14 160   M    M   0        18 170
 2  85  46  66   4   0   1 0.00    M    M  8.4 26 170   M    M   0        34 170
 3  75  42  59  -3   6   0 0.00    M    M  6.4 15 290   M    M   0        21 250
 4  81  42  62   0   3   0 0.00    M    M  4.7 13 360   M    M   0         M  M
 5  86  44  65   3   0   0 0.00    M    M  4.6 18 170   M    M   3 8      22 170
 6  82  57  70   8   0   5    T    M    M  5.8 15 280   M    M   2        20 290
 7  76  49  63   2   2   0    T    M    M  5.1 23 240   M    M   2        31 240
 8  75  44  60  -1   5   0 0.00    M    M  6.3 21 180   M    M   0        28 210
 9  65  47  56  -5   9   0    T    M    M  5.0 17 150   M    M   4 3      23 140
10  72  38  55  -6  10   0 0.00    M    M  3.9 14 340   M    M   0        18 330
11  77  42  60  -1   5   0 0.00    M    M  3.7 14 340   M    M   0        18 280
12  83  45  64   3   1   0 0.00    M    M  4.5 15 330   M    M   0        20 330
13  85  46  66   6   0   1 0.00    M    M  3.5 15 230   M    M   0        19 220
14  86  50  68   8   0   3 0.00    M    M  3.0 12 320   M    M   0        16 340
15  89  49  69   9   0   4 0.00    M    M  3.8 16 260   M    M   0        22 290
16  90  50  70  10   0   5 0.00    M    M  3.1 14 280   M    M   1        18 270
17  89  51  70  10   0   5 0.00    M    M  3.7 14  10   M    M   0        21  10
18  88  53  71  12   0   6 0.00    M    M  5.7 15 310   M    M   1        22 310
19  82  51  67   8   0   2 0.00    M    M  8.3 18 250   M    M   0        23 240
20  85  47  66   7   0   1 0.00    M    M  4.1 13 360   M    M   0        15 360
21  86  44  65   6   0   0 0.00    M    M  3.5 18 230   M    M   0        23 250
22  76  44  60   2   5   0 0.00    M    M  5.6 21 230   M    M   0        29 210
23  73  37  55  -3  10   0 0.00    M    M  6.4 17  10   M    M   0        22 360
24  75  41  58   0   7   0 0.00    M    M  8.4 22 350   M    M   0        32 340
================================================================================
SM 1944 1102        65  33    T     M    121.2          M       13
================================================================================
AV 81.0 45.9                               5.1 FASTST   M    M   1    MAX(MPH)
                                 MISC ---->  # 26 170               # 34  170
================================================================================
NOTES:
# LAST OF SEVERAL OCCURRENCES

COLUMN 17 PEAK WIND IN M.P.H.

PRELIMINARY LOCAL CLIMATOLOGICAL DATA (WS FORM: F-6) , PAGE 2

                                          STATION:  MCCALL ID
                                          MONTH:    AUGUST
                                          YEAR:     2016
                                          LATITUDE:   44 52 N
                                          LONGITUDE: 116  6 W

[TEMPERATURE DATA]      [PRECIPITATION DATA]       SYMBOLS USED IN COLUMN 16

AVERAGE MONTHLY: 63.5   TOTAL FOR MONTH:      T    1 = FOG OR MIST
DPTR FM NORMAL:   3.1   DPTR FM NORMAL:   -0.51    2 = FOG REDUCING VISIBILITY
HIGHEST:    90 ON 16    GRTST 24HR    T  ON  9- 9      TO 1/4 MILE OR LESS
LOWEST:     37 ON 23                               3 = THUNDER
                        SNOW, ICE PELLETS, HAIL    4 = ICE PELLETS
                        TOTAL MONTH:    M          5 = HAIL
                        GRTST 24HR    M  ON   M    6 = FREEZING RAIN OR DRIZZLE
                        GRTST DEPTH:  M  ON   M    7 = DUSTSTORM OR SANDSTORM:
                                                       VSBY 1/2 MILE OR LESS
                                                   8 = SMOKE OR HAZE
[NO. OF DAYS WITH]      [WEATHER - DAYS WITH]      9 = BLOWING SNOW
                                                   X = TORNADO
MAX 32 OR BELOW:   0    0.01 INCH OR MORE:   0
MAX 90 OR ABOVE:   1    0.10 INCH OR MORE:   0
MIN 32 OR BELOW:   0    0.50 INCH OR MORE:   0
MIN  0 OR BELOW:   0    1.00 INCH OR MORE:   0

[HDD (BASE 65) ]
TOTAL THIS MO.    65    CLEAR  (SCALE 0-3)  22
DPTR FM NORMAL   -56    PTCLDY (SCALE 4-7)   2
TOTAL FM JUL 1   179    CLOUDY (SCALE 8-10)  0
DPTR FM NORMAL   -92

[CDD (BASE 65) ]
TOTAL THIS MO.    33
DPTR FM NORMAL    26    [PRESSURE DATA]
TOTAL FM JAN 1   105    HIGHEST SLP M ON M
DPTR FM NORMAL    82    LOWEST  SLP 29.60 ON  7

[REMARKS]
