000
CXUS53 KBIS 010808
CF6N60
PRELIMINARY LOCAL CLIMATOLOGICAL DATA (WS FORM: F-6)

                                          STATION:   GARRISON (AMOS) ND
                                          MONTH:     JUNE
                                          YEAR:      2015
                                          LATITUDE:   47 39 N
                                          LONGITUDE: 101 23 W

  TEMPERATURE IN F:       :PCPN:    SNOW:  WIND      :SUNSHINE: SKY     :PK WND
================================================================================
1   2   3   4   5  6A  6B    7    8   9   10  11  12  13   14  15   16   17  18
                                     12Z  AVG MX 2MIN
DY MAX MIN AVG DEP HDD CDD  WTR  SNW DPTH SPD SPD DIR MIN PSBL S-S WX    SPD DR
================================================================================

 1  85  49  67   M   0   2 0.38    M    M 13.3 33 360   M    M   0        42 360
 2  72  54  63   M   2   0 0.24    M    M  8.1 22  30   M    M   0        29  40
 3  65  48  57   M   8   0 0.10    M    M 10.3 24  20   M    M   0        31  30
 4  64  45  55   M  10   0 0.08    M    M  4.9 17  90   M    M   0        21  80
 5  76  56  66   M   0   1 0.00    M    M  7.7 16 110   M    M   0        19 120
 6  77  58  68   M   0   3 2.65    M    M  8.5 21 280   M    M   0        28  10
 7  81  56  69   M   0   4 0.00    M    M 12.6 26 320   M    M   M        33 320
 8  87  54  71   M   0   6 0.00    M    M  4.8 16 320   M    M   M        20 310
 9  80  59  70   M   0   5 0.00    M    M 10.9 24 350   M    M   M        29 350
10  73  54  64   M   1   0 0.00    M    M  4.3 10 270   M    M   M        13 240
11  75  59  67   M   0   2 0.00    M    M  3.3  9 190   M    M   0        13 190
12  82  57  70   M   0   5 0.00    M    M 13.3 26 200   M    M   M        33 170
13  77  56  67   M   0   2 0.16    M    M  8.6 22 330   M    M   0        24 320
14  75  52  64   M   1   0 0.00    M    M  6.8 21 260   M    M   M        25 260
15  68  48  58   M   7   0 0.00    M    M  8.8 17 330   M    M   0        24 340
16  60  49  55   M  10   0 0.15    M    M  7.1 15 140   M    M   0        19 160
17  75  55  65   M   0   0 0.17    M    M  6.3 24 350   M    M   0        30 350
18  66  50  58   M   7   0 0.00    M    M  9.5 17  30   M    M   0        25  40
19  81  57  69   M   0   4 0.04    M    M  8.3 17 150   M    M   0        23 160
20  79  57  68   M   0   3 0.00    M    M  9.2 24 310   M    M   0        32 310
21  83  49  66   M   0   1 0.47    M    M  7.3 22  30   M    M   0        33  20
22  74  54  64   M   1   0 0.00    M    M 12.0 24 330   M    M   0        29 330
23  82  54  68   M   0   3 0.04    M    M  6.1 36 320   M    M   0        44 320
24  78  51  65   M   0   0 0.23    M    M  4.3 23 270   M    M   0        29 260
25  79  55  67   M   0   2 0.06    M    M  5.5 22 110   M    M   0        28 110
26  82  51  67   M   0   2 0.00    M    M  3.5  9 200   M    M   0        12 240
27  85  59  72   M   0   7 0.00    M    M 10.8 24 320   M    M   0        29 340
28  81  57  69   M   0   4 0.00    M    M  6.8 13 330   M    M   0        17 360
29  90  56  73   M   0   8 0.00    M    M  4.2 12 340   M    M   0        20  70
30  72  61  67   M   0   2 0.24    M    M  4.5 16 340   M    M   0        21 350
================================================================================
SM 2304 1620        47  66  5.01    M    231.6          M        0
================================================================================
AV 76.8 54.0                               7.7 FASTST   M    M   0    MAX(MPH)
                                 MISC ---->  # 36 320               # 44  320
================================================================================
NOTES:
# LAST OF SEVERAL OCCURRENCES

COLUMN 17 PEAK WIND IN M.P.H.

PRELIMINARY LOCAL CLIMATOLOGICAL DATA (WS FORM: F-6) , PAGE 2

                                          STATION:  GARRISON (AMOS) ND
                                          MONTH:    JUNE
                                          YEAR:     2015
                                          LATITUDE:   47 39 N
                                          LONGITUDE: 101 23 W

[TEMPERATURE DATA]      [PRECIPITATION DATA]       SYMBOLS USED IN COLUMN 16

AVERAGE MONTHLY: 65.4   TOTAL FOR MONTH:   5.01    1 = FOG OR MIST
DPTR FM NORMAL:     M   DPTR FM NORMAL:       M    2 = FOG REDUCING VISIBILITY
HIGHEST:    90 ON 29    GRTST 24HR  2.65 ON  6- 6      TO 1/4 MILE OR LESS
LOWEST:     45 ON  4                               3 = THUNDER
                        SNOW, ICE PELLETS, HAIL    4 = ICE PELLETS
                        TOTAL MONTH:    M          5 = HAIL
                        GRTST 24HR    M  ON   M    6 = FREEZING RAIN OR DRIZZLE
                        GRTST DEPTH:  M  ON   M    7 = DUSTSTORM OR SANDSTORM:
                                                       VSBY 1/2 MILE OR LESS
                                                   8 = SMOKE OR HAZE
[NO. OF DAYS WITH]      [WEATHER - DAYS WITH]      9 = BLOWING SNOW
                                                   X = TORNADO
MAX 32 OR BELOW:   0    0.01 INCH OR MORE:  14
MAX 90 OR ABOVE:   1    0.10 INCH OR MORE:  10
MIN 32 OR BELOW:   0    0.50 INCH OR MORE:   1
MIN  0 OR BELOW:   0    1.00 INCH OR MORE:   1

[HDD (BASE 65) ]
TOTAL THIS MO.    47    CLEAR  (SCALE 0-3)  24
DPTR FM NORMAL     M    PTCLDY (SCALE 4-7)   0
TOTAL FM JUL 1  8670    CLOUDY (SCALE 8-10)  0
DPTR FM NORMAL     M

[CDD (BASE 65) ]
TOTAL THIS MO.    66
DPTR FM NORMAL     M    [PRESSURE DATA]
TOTAL FM JAN 1    72    HIGHEST SLP M ON M
DPTR FM NORMAL     M    LOWEST  SLP 29.64 ON  9

[REMARKS]
#FINAL-06-15#
