000
CXUS55 KPSR 301005
CF6NYL
PRELIMINARY LOCAL CLIMATOLOGICAL DATA (WS FORM: F-6)

                                          STATION:   YUMA AZ
                                          MONTH:     MAY
                                          YEAR:      2015
                                          LATITUDE:   32 39 N
                                          LONGITUDE: 114 37 W

  TEMPERATURE IN F:       :PCPN:    SNOW:  WIND      :SUNSHINE: SKY     :PK WND
================================================================================
1   2   3   4   5  6A  6B    7    8   9   10  11  12  13   14  15   16   17  18
                                     12Z  AVG MX 2MIN
DY MAX MIN AVG DEP HDD CDD  WTR  SNW DPTH SPD SPD DIR MIN PSBL S-S WX    SPD DR
================================================================================

 1 100  69  85   8   0  20 0.00  0.0    0  7.6 13 280   M    M   5        18 290
 2  98  71  85   7   0  20 0.00  0.0    0 10.0 21 170   M    M   0        26 230
 3  94  72  83   5   0  18 0.00  0.0    0 12.4 21 200   M    M   0        27 190
 4  89  70  80   2   0  15 0.00  0.0    0 11.9 21 210   M    M   4 3      26 230
 5  91  65  78   0   0  13 0.00  0.0    0  7.1 20 190   M    M   3        23 190
 6  85  67  76  -3   0  11 0.00  0.0    0  9.7 22 160   M    M   2 8      26 160
 7  84  61  73  -6   0   8 0.00  0.0    0 10.0 24 300   M    M   3 78     32 300
 8  75  57  66 -13   0   1 0.00  0.0    0 10.8 22 290   M    M   5        28 290
 9  81  55  68 -12   0   3 0.00  0.0    0  3.9 13 290   M    M   0        16 220
10  91  61  76  -4   0  11 0.00  0.0    0  4.5 13 250   M    M   0        17 250
11  96  66  81   1   0  16 0.00  0.0    0  5.2 14 300   M    M   2 8      16 270
12  91  68  80   0   0  15 0.00  0.0    0 12.1 23 150   M    M   5        27 150
13  90  66  78  -3   0  13 0.00  0.0    0 11.2 21 140   M    M   6        27 150
14  78  65  72  -9   0   7 0.00  0.0    0  9.3 20 300   M    M   5        26 300
15  69  55  62 -19   3   0 0.31  0.0    0  6.5 15 330   M    M   7 1      19 350
16  80  51  66 -15   0   1 0.00  0.0    0  4.4 14 260   M    M   1 12     17 200
17  88  66  77  -5   0  12 0.00  0.0    0  6.0 21 190   M    M   0        23 190
18  86  65  76  -6   0  11 0.00  0.0    0  7.2 18 290   M    M   0        23 290
19  88  62  75  -7   0  10 0.00  0.0    0  5.4 17 310   M    M   1 8      22 290
20  91  64  78  -4   0  13 0.00  0.0    0  6.4 18 190   M    M   5 8      24 160
21  86  65  76  -7   0  11 0.00  0.0    0  9.1 21 310   M    M   3 8      27 290
22  81  62  72 -11   0   7 0.00  0.0    0 14.4 25 280   M    M   0        32 280
23  85  60  73 -10   0   8 0.00  0.0    0  7.1 15 210   M    M   0        18 260
24  86  61  74  -9   0   9 0.00  0.0    0  5.1 12 140   M    M   0        15 230
25  92  68  80  -4   0  15 0.00  0.0    0  8.1 18 190   M    M   0        22 200
26  94  67  81  -3   0  16 0.00  0.0    0  7.3 16 190   M    M   4        20 180
27  95  69  82  -2   0  17 0.00  0.0    0  5.3 15 220   M    M   3        19 200
28  99  67  83  -1   0  18 0.00  0.0    0  5.2 13 180   M    M   2 8      17 200
29 101  70  86   1   0  21 0.00  0.0    0  6.8 15 190   M    M   2        20 210
================================================================================
SM 2564 1865         3 340  0.31     0.0 230.0          M       68
================================================================================
AV 88.4 64.3                               7.9 FASTST   M    M   2    MAX(MPH)
                                 MISC ---->  # 25 280               # 32  300
================================================================================
NOTES:
# LAST OF SEVERAL OCCURRENCES

COLUMN 17 PEAK WIND IN M.P.H.

PRELIMINARY LOCAL CLIMATOLOGICAL DATA (WS FORM: F-6) , PAGE 2

                                          STATION:  YUMA AZ
                                          MONTH:    MAY
                                          YEAR:     2015
                                          LATITUDE:   32 39 N
                                          LONGITUDE: 114 37 W

[TEMPERATURE DATA]      [PRECIPITATION DATA]       SYMBOLS USED IN COLUMN 16

AVERAGE MONTHLY: 76.4   TOTAL FOR MONTH:   0.31    1 = FOG OR MIST
DPTR FM NORMAL:  -4.7   DPTR FM NORMAL:    0.23    2 = FOG REDUCING VISIBILITY
HIGHEST:   101 ON 29    GRTST 24HR  0.31 ON 15-15      TO 1/4 MILE OR LESS
LOWEST:     51 ON 16                               3 = THUNDER
                        SNOW, ICE PELLETS, HAIL    4 = ICE PELLETS
                        TOTAL MONTH:   0.0 INCH    5 = HAIL
                        GRTST 24HR     0.0         6 = FREEZING RAIN OR DRIZZLE
                        GRTST DEPTH:   0           7 = DUSTSTORM OR SANDSTORM:
                                                       VSBY 1/2 MILE OR LESS
                                                   8 = SMOKE OR HAZE
[NO. OF DAYS WITH]      [WEATHER - DAYS WITH]      9 = BLOWING SNOW
                                                   X = TORNADO
MAX 32 OR BELOW:   0    0.01 INCH OR MORE:   1
MAX 90 OR ABOVE:  14    0.10 INCH OR MORE:   1
MIN 32 OR BELOW:   0    0.50 INCH OR MORE:   0
MIN  0 OR BELOW:   0    1.00 INCH OR MORE:   0

[HDD (BASE 65) ]
TOTAL THIS MO.     3    CLEAR  (SCALE 0-3)  17
DPTR FM NORMAL     3    PTCLDY (SCALE 4-7)  12
TOTAL FM JUL 1    86    CLOUDY (SCALE 8-10)  0
DPTR FM NORMAL  -600

[CDD (BASE 65) ]
TOTAL THIS MO.   340
DPTR FM NORMAL  -126    [PRESSURE DATA]
TOTAL FM JAN 1  1030    HIGHEST SLP M ON M
DPTR FM NORMAL   158    LOWEST  SLP 29.65 ON  6

[REMARKS]
