000
CXUS53 KOAX 201000
CF6OAX
PRELIMINARY LOCAL CLIMATOLOGICAL DATA (WS FORM: F-6)

                                          STATION:   VALLEY  NWS, NEBRASKA
                                          MONTH:     APRIL
                                          YEAR:      2014
                                          LATITUDE:   41 19 N
                                          LONGITUDE:  96 22 W

  TEMPERATURE IN F:       :PCPN:    SNOW:  WIND      :SUNSHINE: SKY     :PK WND
================================================================================
1   2   3   4   5  6A  6B    7    8   9   10  11  12  13   14  15   16   17  18
                                     12Z  AVG MX 2MIN
DY MAX MIN AVG DEP HDD CDD  WTR  SNW DPTH SPD SPD DIR MIN PSBL S-S WX    SPD DR
================================================================================

 1  44  23  34 -11  31   0 0.00  0.0    0   M   M   M   M    M   M        32  M
 2  44  31  38  -8  27   0    T  0.0    0   M   M   M   M    M   M 1      29  M
 3  40  33  37  -9  28   0 0.30  0.4    0   M   M   M   M    M   M 1      30  M
 4  45  32  39  -7  26   0 0.04  0.1    T   M   M   M   M    M   M 1      40  M
 5  60  29  45  -2  20   0 0.00  0.0    0   M   M   M   M    M   M        31  M
 6  63  48  56   9   9   0 0.00  0.0    0   M   M   M   M    M   M 8      24  M
 7  66  43  55   8  10   0 0.01  0.0    0   M   M   M   M    M   M        33  M
 8  59  37  48   0  17   0    T  0.0    0   M   M   M   M    M   M        29  M
 9  80  37  59  11   6   0 0.00  0.0    0   M   M   M   M    M   M        33  M
10  68  46  57   8   8   0 0.00  0.0    0   M   M   M   M    M   M        43  M
11  76  41  59  10   6   0 0.00  0.0    0   M   M   M   M    M   M        22  M
12  81  55  68  19   0   3 0.00  0.0    0   M   M   M   M    M   M        25  M
13  62  32  47  -3  18   0 0.97  0.4    0   M   M   M   M    M   M 3      46  M
14  42  28  35 -15  30   0 0.00  0.0    T   M   M   M   M    M   M        44  M
15  54  23  39 -11  26   0 0.00  0.0    0   M   M   M   M    M   M        33  M
16  67  35  51   0  14   0 0.00  0.0    0   M   M   M   M    M   M        43  M
17  55  32  44  -7  21   0 0.00  0.0    0   M   M   M   M    M   M        29  M
18  67  36  52   0  13   0 0.00  0.0    0   M   M   M   M    M   M 8      35  M
19  77  53  65  13   0   0 0.00    M    0   M   M   M   M    M   M        33  M
================================================================================
SM 1150  694       310   3  1.32     0.9     M          M        M
================================================================================
AV 60.5 36.5                                 M FASTST   M    M   7    MAX(MPH)
                                 MISC ---->     M   M                 46    M
================================================================================
NOTES:
# LAST OF SEVERAL OCCURRENCES

COLUMN 17 PEAK WIND IN M.P.H.

PRELIMINARY LOCAL CLIMATOLOGICAL DATA (WS FORM: F-6) , PAGE 2

                                          STATION:  VALLEY  NWS, NEBRASKA
                                          MONTH:    APRIL
                                          YEAR:     2014
                                          LATITUDE:   41 19 N
                                          LONGITUDE:  96 22 W

[TEMPERATURE DATA]      [PRECIPITATION DATA]       SYMBOLS USED IN COLUMN 16

AVERAGE MONTHLY: 48.5   TOTAL FOR MONTH:   1.32    1 = FOG OR MIST
DPTR FM NORMAL:  -0.1   DPTR FM NORMAL:   -0.39    2 = FOG REDUCING VISIBILITY
HIGHEST:    81 ON 12    GRTST 24HR  0.97 ON 13-13      TO 1/4 MILE OR LESS
LOWEST:     23 ON 15, 1                            3 = THUNDER
                        SNOW, ICE PELLETS, HAIL    4 = ICE PELLETS
                        TOTAL MONTH:   0.9 INCH    5 = HAIL
                        GRTST 24HR   0.4 ON   M    6 = FREEZING RAIN OR DRIZZLE
                        GRTST DEPTH:   0           7 = DUSTSTORM OR SANDSTORM:
                                                       VSBY 1/2 MILE OR LESS
                                                   8 = SMOKE OR HAZE
[NO. OF DAYS WITH]      [WEATHER - DAYS WITH]      9 = BLOWING SNOW
                                                   X = TORNADO
MAX 32 OR BELOW:   0    0.01 INCH OR MORE:   4
MAX 90 OR ABOVE:   0    0.10 INCH OR MORE:   2
MIN 32 OR BELOW:   8    0.50 INCH OR MORE:   1
MIN  0 OR BELOW:   0    1.00 INCH OR MORE:   0

[HDD (BASE 65) ]
TOTAL THIS MO.   310    CLEAR  (SCALE 0-3)   0
DPTR FM NORMAL    -6    PTCLDY (SCALE 4-7)   0
TOTAL FM JUL 1  6263    CLOUDY (SCALE 8-10)  0
DPTR FM NORMAL   288

[CDD (BASE 65) ]
TOTAL THIS MO.     3
DPTR FM NORMAL     3    [PRESSURE DATA]
TOTAL FM JAN 1     3    HIGHEST SLP M ON M
DPTR FM NORMAL     3    LOWEST  SLP M ON M

[REMARKS]
