000
CXUS53 KGID 230730
CF6ODX
PRELIMINARY LOCAL CLIMATOLOGICAL DATA (WS FORM: F-6)

                                          STATION:   ORD NE
                                          MONTH:     APRIL
                                          YEAR:      2014
                                          LATITUDE:   41 37 N
                                          LONGITUDE:  98 57 W

  TEMPERATURE IN F:       :PCPN:    SNOW:  WIND      :SUNSHINE: SKY     :PK WND
================================================================================
1   2   3   4   5  6A  6B    7    8   9   10  11  12  13   14  15   16   17  18
                                     12Z  AVG MX 2MIN
DY MAX MIN AVG DEP HDD CDD  WTR  SNW DPTH SPD SPD DIR MIN PSBL S-S WX    SPD DR
================================================================================

 1  41  20  31 -13  34   0 0.00    M    M  9.8 22 330   M    M   3        28 330
 2  45  27  36  -8  29   0 0.00    M    M  9.8 21  90   M    M   8 1      26  80
 3  37  32  35 -10  30   0 0.16    M    M 16.4 29 330   M    M  10 1      35 340
 4  53  30  42  -3  23   0 0.00    M    M 12.3 30 330   M    M   5        38 320
 5  67  27  47   2  18   0 0.00    M    M 12.2 30 190   M    M   1 1      39 190
 6  66  33  50   4  15   0 0.18    M    M  8.1 24 330   M    M   2 3      30 320
 7  56  32  44  -2  21   0 0.04    M    M 14.5 36 320   M    M   3        43 330
 8  61  32  47   1  18   0 0.00    M    M  9.0 18 360   M    M   2        23 360
 9  82  34  58  11   7   0 0.00    M    M  8.0 33  10   M    M   0        41  10
10  66  41  54   7  11   0 0.04    M    M  8.5 28 360   M    M   3        38  10
11  74  32  53   6  12   0 0.00    M    M  8.4 20 190   M    M   0        24 210
12  78  45  62  14   3   0 0.00    M    M 12.0 24  10   M    M   0        29  20
13  52  29  41  -7  24   0 0.21    M    M 24.2 37 350   M    M   9 1      46 350
14  46  24  35 -13  30   0    T    M    M 16.0 31 330   M    M   4 8      40 300
15  62  16  39 -10  26   0 0.00    M    M 12.7 26 190   M    M   0        35 200
16  52  30  41  -8  24   0    T    M    M 19.5 35 320   M    M   5        44 310
17  52  28  40  -9  25   0 0.00    M    M  8.3 20 350   M    M   4        25 340
18  70  33  52   2  13   0 0.00    M    M 16.2 30 180   M    M   0        41 180
19  70  47  59   9   6   0 0.00    M    M  7.4 29 180   M    M   2        37 180
20  79  43  61  11   4   0 0.02    M    M  6.5 20 320   M    M   2 3      24 330
21  72  36  54   4  11   0 0.02    M    M 12.4 26  10   M    M   0 3      35  10
22  72  29  51   0  14   0 0.00  0.0    0 12.6 29 170   M    M   2        37 160
================================================================================
SM 1353  700       398   0  0.67     0.0 264.8          M       65
================================================================================
AV 61.5 31.8                              12.0 FASTST   M    M   3    MAX(MPH)
                                 MISC ---->  # 37 350               # 46  350
================================================================================
NOTES:
# LAST OF SEVERAL OCCURRENCES

COLUMN 17 PEAK WIND IN M.P.H.

PRELIMINARY LOCAL CLIMATOLOGICAL DATA (WS FORM: F-6) , PAGE 2

                                          STATION:  ORD NE
                                          MONTH:    APRIL
                                          YEAR:     2014
                                          LATITUDE:   41 37 N
                                          LONGITUDE:  98 57 W

[TEMPERATURE DATA]      [PRECIPITATION DATA]       SYMBOLS USED IN COLUMN 16

AVERAGE MONTHLY: 46.7   TOTAL FOR MONTH:   0.67    1 = FOG OR MIST
DPTR FM NORMAL:  -0.8   DPTR FM NORMAL:   -1.08    2 = FOG REDUCING VISIBILITY
HIGHEST:    82 ON  9    GRTST 24HR  0.22 ON  6- 7      TO 1/4 MILE OR LESS
LOWEST:     16 ON 15                               3 = THUNDER
                        SNOW, ICE PELLETS, HAIL    4 = ICE PELLETS
                        TOTAL MONTH:   0.0 INCH    5 = HAIL
                        GRTST 24HR     0.0         6 = FREEZING RAIN OR DRIZZLE
                        GRTST DEPTH:   0           7 = DUSTSTORM OR SANDSTORM:
                                                       VSBY 1/2 MILE OR LESS
                                                   8 = SMOKE OR HAZE
[NO. OF DAYS WITH]      [WEATHER - DAYS WITH]      9 = BLOWING SNOW
                                                   X = TORNADO
MAX 32 OR BELOW:   0    0.01 INCH OR MORE:   7
MAX 90 OR ABOVE:   0    0.10 INCH OR MORE:   3
MIN 32 OR BELOW:  14    0.50 INCH OR MORE:   0
MIN  0 OR BELOW:   0    1.00 INCH OR MORE:   0

[HDD (BASE 65) ]
TOTAL THIS MO.   398    CLEAR  (SCALE 0-3)  14
DPTR FM NORMAL    12    PTCLDY (SCALE 4-7)   6
TOTAL FM JUL 1  6498    CLOUDY (SCALE 8-10)  2
DPTR FM NORMAL   249

[CDD (BASE 65) ]
TOTAL THIS MO.     0
DPTR FM NORMAL     0    [PRESSURE DATA]
TOTAL FM JAN 1     0    HIGHEST SLP M ON M
DPTR FM NORMAL     0    LOWEST  SLP 29.51 ON 12

[REMARKS]
