000
CXUS53 KGID 011234
CF6ODX

PRELIMINARY LOCAL CLIMATOLOGICAL DATA (WS FORM: F-6)

                                          STATION:   ORD NE
                                          MONTH:     JULY
                                          YEAR:      2014
                                          LATITUDE:   41 37 N
                                          LONGITUDE:  98 57 W

  TEMPERATURE IN F:       :PCPN:    SNOW:  WIND      :SUNSHINE: SKY     :PK WND
================================================================================
1   2   3   4   5  6A  6B    7    8   9   10  11  12  13   14  15   16   17  18
                                     12Z  AVG MX 2MIN
DY MAX MIN AVG DEP HDD CDD  WTR  SNW DPTH SPD SPD DIR MIN PSBL S-S WX    SPD DR
================================================================================

 1  74  53  64  -9   1   0 0.00    M    M 15.7 32 300   M    M   1        41 300
 2  75  47  61 -12   4   0 0.00    M    M  6.9 15 340   M    M   0        19  10
 3  82  47  65  -8   0   0 0.00    M    M  7.7 17 180   M    M   1        24 150
 4  84  62  73  -1   0   8 0.00    M    M 12.8 26 170   M    M   3        35 180
 5  90  63  77   3   0  12 0.00    M    M  6.7 15 180   M    M   0        19 180
 6  91  61  76   2   0  11 0.00    M    M  3.8 15 350   M    M   3 12     21 360
 7  85  56  71  -3   0   6 0.13    M    M  6.3 23 340   M    M   1 13     31 340
 8  81  56  69  -5   0   4 0.00    M    M  9.8 24 340   M    M   1        32 320
 9  78  50  64 -10   1   0 0.98    M    M  6.9 33  80   M    M   6 1238   42  80
10  84  61  73  -1   0   8 0.00    M    M 10.4 20 180   M    M   2 1      27 140
11  82  68  75   1   0  10 0.31    M    M  6.9 12  90   M    M   2 13     16 150
12  80  64  72  -2   0   7 0.21    M    M  6.1 20 340   M    M   4 13     28 340
13  85  59  72  -2   0   7 0.00    M    M  4.5 18 290   M    M   1        24 340
14  72  50  61 -14   4   0 0.08    M    M  9.6 23 360   M    M   3 13     31 320
15  74  46  60 -15   5   0 0.00    M    M  5.3 13 310   M    M   1        18 350
16  73  48  61 -14   4   0 0.00    M    M  3.4 10 140   M    M   4 1      14 170
17  76  53  65 -10   0   0 0.00    M    M  5.7 14 210   M    M   6 1      17 160
18  76  54  65 -10   0   0 0.00    M    M 12.0 23 190   M    M   3 1      29 190
19  83  61  72  -3   0   7 0.00    M    M  8.5 24 200   M    M   5 1      30 210
20  92  67  80   5   0  15 0.00    M    M  7.9 14 150   M    M   M        19 170
21  95  62  79   4   0  14 0.00    M    M  4.3 15 330   M    M   M        20 340
22  89  64  77   2   0  12 0.00    M    M  6.6 23 330   M    M   0        28 330
23  83  59  71  -4   0   6 0.00    M    M  6.4 14 110   M    M   0 1      18 120
24  88  63  76   1   0  11 0.26    M    M 13.8 28 160   M    M   1 13     40 160
25  90  66  78   3   0  13 0.00    M    M  6.9 20 140   M    M   0 1      29 150
26  91  64  78   3   0  13 0.00    M    M  7.4 24  10   M    M   3 18     31 360
27  85  57  71  -4   0   6 0.00    M    M  9.0 22 330   M    M   0        28 330
28  80  52  66  -9   0   1 0.00    M    M  3.9 10 360   M    M   1        14 310
29  81  55  68  -7   0   3 0.10    M    M  2.2  9  90   M    M   3 13     12  80
30  82  52  67  -8   0   2    T    M    M  2.0  9  40   M    M   1 1      13  10
31  90  58  74  -1   0   9 0.00    M    M  6.1 16 360   M    M   1        22 360
================================================================================
SM 2571 1778        19 185  2.07    M    225.5          M       57
================================================================================
AV 82.9 57.4                               7.3 FASTST   M    M   2    MAX(MPH)
                                 MISC ---->  # 33  80               # 42   80
================================================================================
NOTES:
# LAST OF SEVERAL OCCURRENCES

COLUMN 17 PEAK WIND IN M.P.H.

PRELIMINARY LOCAL CLIMATOLOGICAL DATA (WS FORM: F-6) , PAGE 2

                                          STATION:  ORD NE
                                          MONTH:    JULY
                                          YEAR:     2014
                                          LATITUDE:   41 37 N
                                          LONGITUDE:  98 57 W

[TEMPERATURE DATA]      [PRECIPITATION DATA]       SYMBOLS USED IN COLUMN 16

AVERAGE MONTHLY: 70.1   TOTAL FOR MONTH:   2.07    1 = FOG OR MIST
DPTR FM NORMAL:  -4.3   DPTR FM NORMAL:   -0.90    2 = FOG REDUCING VISIBILITY
HIGHEST:    95 ON 21    GRTST 24HR  0.98 ON  9- 9      TO 1/4 MILE OR LESS
LOWEST:     46 ON 15                               3 = THUNDER
                        SNOW, ICE PELLETS, HAIL    4 = ICE PELLETS
                        TOTAL MONTH:    M          5 = HAIL
                        GRTST 24HR    M  ON   M    6 = FREEZING RAIN OR DRIZZLE
                        GRTST DEPTH:  M  ON   M    7 = DUSTSTORM OR SANDSTORM:
                                                       VSBY 1/2 MILE OR LESS
                                                   8 = SMOKE OR HAZE
[NO. OF DAYS WITH]      [WEATHER - DAYS WITH]      9 = BLOWING SNOW
                                                   X = TORNADO
MAX 32 OR BELOW:   0    0.01 INCH OR MORE:   7
MAX 90 OR ABOVE:   7    0.10 INCH OR MORE:   6
MIN 32 OR BELOW:   0    0.50 INCH OR MORE:   1
MIN  0 OR BELOW:   0    1.00 INCH OR MORE:   0

[HDD (BASE 65) ]
TOTAL THIS MO.    19    CLEAR  (SCALE 0-3)  21
DPTR FM NORMAL    14    PTCLDY (SCALE 4-7)   8
TOTAL FM JUL 1    19    CLOUDY (SCALE 8-10)  0
DPTR FM NORMAL    14

[CDD (BASE 65) ]
TOTAL THIS MO.   185
DPTR FM NORMAL  -112    [PRESSURE DATA]
TOTAL FM JAN 1   400    HIGHEST SLP 30.32 ON 28
DPTR FM NORMAL  -100    LOWEST  SLP 29.67 ON 25

[REMARKS]
#FINAL-07-14#
