000
CXUS53 KOAX 231000
CF6OFK
PRELIMINARY LOCAL CLIMATOLOGICAL DATA (WS FORM: F-6)

                                          STATION:   NORFOLK, NEBRASKA
                                          MONTH:     APRIL
                                          YEAR:      2014
                                          LATITUDE:   41 58 N
                                          LONGITUDE:  97 26 W

  TEMPERATURE IN F:       :PCPN:    SNOW:  WIND      :SUNSHINE: SKY     :PK WND
================================================================================
1   2   3   4   5  6A  6B    7    8   9   10  11  12  13   14  15   16   17  18
                                     12Z  AVG MX 2MIN
DY MAX MIN AVG DEP HDD CDD  WTR  SNW DPTH SPD SPD DIR MIN PSBL S-S WX    SPD DR
================================================================================

 1  39  20  30 -14  35   0 0.00  0.0    0 10.4 35 310   M    M   4        40 300
 2  46  25  36  -8  29   0    T  0.0    0 10.8 22  90   M    M   6 18     27 110
 3  39  33  36  -9  29   0 0.78  3.0    0 15.9 29 320   M    M  10 12     36 330
 4  45  27  36  -9  29   0    T    T    2 14.1 33 320   M    M   6 1      38 320
 5  63  27  45   0  20   0 0.00  0.0    0 14.9 28 200   M    M   0 8      40 190
 6  65  43  54   8  11   0 0.06  0.0    0 13.0 31 170   M    M   5 8      39 190
 7  62  38  50   4  15   0 0.00  0.0    0 13.4 29 350   M    M   3        36 360
 8  58  35  47   0  18   0 0.00  0.0    0 10.7 24 350   M    M   1        29 340
 9  82  39  61  14   4   0 0.00  0.0    0 15.6 28 340   M    M   0        34 310
10  67  44  56   8   9   0 0.00  0.0    0  9.7 29 360   M    M   1        39 360
11  76  37  57   9   8   0 0.00  0.0    0 10.3 22 230   M    M   1 8      28 230
12  80  50  65  17   0   0 0.00  0.0    0 12.7 26 180   M    M   0 8      33 190
13  55  30  43  -6  22   0 0.62  1.5    0 24.9 38  10   M    M  10 12     48  10
14  41  25  33 -16  32   0    T    T    1 12.7 32 350   M    M   4        41 350
15  55  19  37 -13  28   0 0.00  0.0    0 13.0 26 160   M    M   0        33 160
16  57  31  44  -6  21   0    T    T    0 21.9 33 330   M    M   5 1      41 330
17  53  30  42  -8  23   0 0.00  0.0    0  8.8 23 350   M    M   4        26 350
18  70  32  51   0  14   0 0.00  0.0    0 17.0 30 160   M    M   1 8      40 150
19  74  53  64  13   1   0 0.00  0.0    0 10.5 26 200   M    M   4 8      35 180
20  82  50  66  15   0   1 0.09  0.0    0  6.2 30 200   M    M   1 3      34 200
21  73  44  59   7   6   0 0.00  0.0    0 14.3 30 360   M    M   0        37 350
22  70  37  54   2  11   0 0.00  0.0    0 11.2 22 150   M    M   2        28 140
================================================================================
SM 1352  769       365   1  1.55     4.5 292.0          M       68
================================================================================
AV 61.5 35.0                              13.3 FASTST   M    M   3    MAX(MPH)
                                 MISC ---->  # 38  10               # 48   10
================================================================================
NOTES:
# LAST OF SEVERAL OCCURRENCES

COLUMN 17 PEAK WIND IN M.P.H.

PRELIMINARY LOCAL CLIMATOLOGICAL DATA (WS FORM: F-6) , PAGE 2

                                          STATION:  NORFOLK, NEBRASKA
                                          MONTH:    APRIL
                                          YEAR:     2014
                                          LATITUDE:   41 58 N
                                          LONGITUDE:  97 26 W

[TEMPERATURE DATA]      [PRECIPITATION DATA]       SYMBOLS USED IN COLUMN 16

AVERAGE MONTHLY: 48.2   TOTAL FOR MONTH:   1.55    1 = FOG OR MIST
DPTR FM NORMAL:   0.1   DPTR FM NORMAL:   -0.30    2 = FOG REDUCING VISIBILITY
HIGHEST:    82 ON 20, 9 GRTST 24HR  0.78 ON  3- 3      TO 1/4 MILE OR LESS
LOWEST:     19 ON 15                               3 = THUNDER
                        SNOW, ICE PELLETS, HAIL    4 = ICE PELLETS
                        TOTAL MONTH:   4.5 INCHES  5 = HAIL
                        GRTST 24HR   3.0 ON  3- 3  6 = FREEZING RAIN OR DRIZZLE
                        GRTST DEPTH:   2 ON  4     7 = DUSTSTORM OR SANDSTORM:
                                                       VSBY 1/2 MILE OR LESS
                                                   8 = SMOKE OR HAZE
[NO. OF DAYS WITH]      [WEATHER - DAYS WITH]      9 = BLOWING SNOW
                                                   X = TORNADO
MAX 32 OR BELOW:   0    0.01 INCH OR MORE:   4
MAX 90 OR ABOVE:   0    0.10 INCH OR MORE:   2
MIN 32 OR BELOW:  10    0.50 INCH OR MORE:   2
MIN  0 OR BELOW:   0    1.00 INCH OR MORE:   0

[HDD (BASE 65) ]
TOTAL THIS MO.   365    CLEAR  (SCALE 0-3)  12
DPTR FM NORMAL   -13    PTCLDY (SCALE 4-7)   8
TOTAL FM JUL 1  6659    CLOUDY (SCALE 8-10)  2
DPTR FM NORMAL   332

[CDD (BASE 65) ]
TOTAL THIS MO.     1
DPTR FM NORMAL    -3    [PRESSURE DATA]
TOTAL FM JAN 1     1    HIGHEST SLP  0.00 ON 20
DPTR FM NORMAL    -3    LOWEST  SLP  0.00 ON 20

[REMARKS]
