000
CXUS55 KCAE 281400
CF6OGB
PRELIMINARY LOCAL CLIMATOLOGICAL DATA (WS FORM: F-6)

                                          STATION:   ORANGEBURG AIRPORT SC
                                          MONTH:     MARCH
                                          YEAR:      2015
                                          LATITUDE:   33 27 N
                                          LONGITUDE:  80 51 W

  TEMPERATURE IN F:       :PCPN:    SNOW:  WIND      :SUNSHINE: SKY     :PK WND
================================================================================
1   2   3   4   5  6A  6B    7    8   9   10  11  12  13   14  15   16   17  18
                                     12Z  AVG MX 2MIN
DY MAX MIN AVG DEP HDD CDD  WTR  SNW DPTH SPD SPD DIR MIN PSBL S-S WX    SPD DR
================================================================================

 1  44  35  40 -13  25   0 0.21    M    M  6.2 14  40   M    M  10 18     20  30
 2  77  43  60   7   5   0 0.00    M    M  5.8 15  50   M    M   8 12     19 240
 3  58  45  52  -1  13   0 0.02    M    M  5.1 12  80   M    M  10 18     15  80
 4  82  46  64  10   1   0 0.04    M    M  9.0 24 220   M    M   7 12     33 250
 5  83  41  62   8   3   0 0.19    M    M 13.8 30 300   M    M   7 18     41 220
 6  49  35  42 -12  23   0    T    M    M  8.2 20  40   M    M   7 1      25  50
 7  63  29  46  -8  19   0 0.00    M    M  3.5 13 210   M    M   0 1      16 220
 8  72  37  55   0  10   0 0.00    M    M  5.4 15 230   M    M   0        21 210
 9  74  46  60   5   5   0 0.00    M    M  2.7 10 150   M    M   2        14 150
10  83  51  67  12   0   2 0.00    M    M  6.4 16 210   M    M   2 1      21 220
11  86  59  73  18   0   8 0.00    M    M  7.3 20 240   M    M   1 1      25 240
12  71  57  64   8   1   0 0.01    M    M  7.1 15  70   M    M   8        24  80
13  58  51  55  -1  10   0 0.04    M    M  7.1 16  70   M    M  10 18     22  70
14  77  57  67  11   0   2 0.56    M    M  7.3 18 290   M    M   6 1      25 240
15  79  52  66  10   0   1 0.00    M    M  4.3 12 320   M    M   0        14  30
16  84  45  65   8   0   0 0.00    M    M  5.3 15 230   M    M   0        18 280
17  86  49  68  11   0   3 0.00    M    M  8.7 24 270   M    M   0        35 250
18  69  52  61   4   4   0 0.00    M    M  8.0 17  60   M    M   0        24  60
19  55  49  52  -6  13   0 0.95    M    M  5.4 12  70   M    M   8 1      16  70
20  71  50  61   3   4   0    T    M    M  4.8 10 260   M    M   6 1      14  20
21  72  55  64   6   1   0    T    M    M  4.4 10  60   M    M   6 1      12 110
22  61  56  59   1   6   0 0.76    M    M  4.3 12  80   M    M  10 1      17  60
23  66  53  60   2   5   0 0.06    M    M  7.0 15  50   M    M  10 1      22  60
24  74  47  61   2   4   0 0.00    M    M  6.3 13  80   M    M   6        16  90
25  79  61  70  11   0   5    T    M    M  7.1 14  90   M    M   8        19 100
26  78  61  70  11   0   5 0.00    M    M  9.2 18 220   M    M   6 1      23 230
27  73  46  60   1   5   0 0.13    M    M 10.0 21 230   M    M   9 13     26 240
================================================================================
SM 1924 1308       157  26  2.97    M    179.7          M      147
================================================================================
AV 71.3 48.4                               6.7 FASTST   M    M   5    MAX(MPH)
                                 MISC ---->  # 30 300               # 41  220
================================================================================
NOTES:
# LAST OF SEVERAL OCCURRENCES

COLUMN 17 PEAK WIND IN M.P.H.

PRELIMINARY LOCAL CLIMATOLOGICAL DATA (WS FORM: F-6) , PAGE 2

                                          STATION:  ORANGEBURG AIRPORT SC
                                          MONTH:    MARCH
                                          YEAR:     2015
                                          LATITUDE:   33 27 N
                                          LONGITUDE:  80 51 W

[TEMPERATURE DATA]      [PRECIPITATION DATA]       SYMBOLS USED IN COLUMN 16

AVERAGE MONTHLY: 59.9   TOTAL FOR MONTH:   2.97    1 = FOG OR MIST
DPTR FM NORMAL:   3.7   DPTR FM NORMAL:   -0.52    2 = FOG REDUCING VISIBILITY
HIGHEST:    86 ON 17,11 GRTST 24HR  0.95 ON 19-19      TO 1/4 MILE OR LESS
LOWEST:     29 ON  7                               3 = THUNDER
                        SNOW, ICE PELLETS, HAIL    4 = ICE PELLETS
                        TOTAL MONTH:    M          5 = HAIL
                        GRTST 24HR    M  ON   M    6 = FREEZING RAIN OR DRIZZLE
                        GRTST DEPTH:  M  ON   M    7 = DUSTSTORM OR SANDSTORM:
                                                       VSBY 1/2 MILE OR LESS
                                                   8 = SMOKE OR HAZE
[NO. OF DAYS WITH]      [WEATHER - DAYS WITH]      9 = BLOWING SNOW
                                                   X = TORNADO
MAX 32 OR BELOW:   0    0.01 INCH OR MORE:  11
MAX 90 OR ABOVE:   0    0.10 INCH OR MORE:   6
MIN 32 OR BELOW:   1    0.50 INCH OR MORE:   3
MIN  0 OR BELOW:   0    1.00 INCH OR MORE:   0

[HDD (BASE 65) ]
TOTAL THIS MO.   157    CLEAR  (SCALE 0-3)   9
DPTR FM NORMAL   -96    PTCLDY (SCALE 4-7)   9
TOTAL FM JUL 1  2231    CLOUDY (SCALE 8-10)  9
DPTR FM NORMAL    46

[CDD (BASE 65) ]
TOTAL THIS MO.    26
DPTR FM NORMAL     7    [PRESSURE DATA]
TOTAL FM JAN 1    26    HIGHEST SLP M ON M
DPTR FM NORMAL     4    LOWEST  SLP 29.65 ON 27

[REMARKS]
