000
CXUS54 KOUN 270800
CF6OKC
PRELIMINARY LOCAL CLIMATOLOGICAL DATA (WS FORM: F-6)

                                          STATION:   OKLAHOMA CITY
                                          MONTH:     MAY
                                          YEAR:      2015
                                          LATITUDE:   35 24 N
                                          LONGITUDE:  97 36 W

  TEMPERATURE IN F:       :PCPN:    SNOW:  WIND      :SUNSHINE: SKY     :PK WND
================================================================================
1   2   3   4   5  6A  6B    7    8   9   10  11  12  13   14  15   16   17  18
                                     12Z  AVG MX 2MIN
DY MAX MIN AVG DEP HDD CDD  WTR  SNW DPTH SPD SPD DIR MIN PSBL S-S WX    SPD DR
================================================================================

 1  80  53  67   1   0   2 0.00  0.0    0  5.8 12 170   M    M   2        14 220
 2  81  54  68   2   0   3 0.00  0.0    0 10.0 20 200   M    M   7        26 170
 3  81  63  72   6   0   7    T  0.0    0 14.0 24 190   M    M   8        30 190
 4  81  60  71   4   0   6 0.00  0.0    0 12.6 22 150   M    M   7        28 150
 5  74  59  67   0   0   2 1.99  0.0    0 13.4 39 250   M    M   9 13     48 250
 6  76  59  68   1   0   3 7.10    T    0 18.4 46 100   M    M  10 1235   60 120
 7  77  61  69   1   0   4 0.34  0.0    0 13.8 33 180   M    M   8 13     40 140
 8  74  59  67  -1   0   2 1.33  0.0    0  7.7 36  80   M    M   9 13     44  70
 9  74  66  70   2   0   5 0.35  0.0    0 13.1 24 120   M    M   9 13     30 130
10  79  60  70   2   0   5 0.05  0.0    0 12.4 21 190   M    M   7 13     28 170
11  71  50  61  -8   4   0 0.00  0.0    0 10.9 23 350   M    M   2        30 360
12  73  50  62  -7   3   0 0.00  0.0    0  6.4 14 110   M    M   7        18 100
13  66  56  61  -8   4   0 0.69  0.0    0 12.9 23 160   M    M  10 18     28 150
14  85  65  75   6   0  10 0.01  0.0    0 13.2 22 190   M    M   7 3      28 210
15  84  65  75   5   0  10 0.69  0.0    0 13.9 25 180   M    M   7 13     32 170
16  80  67  74   4   0   9 0.30  0.0    0 14.9 28 240   M    M   9 13     38 230
17  83  65  74   4   0   9 0.00  0.0    0  9.2 18 170   M    M   6        25 120
18  85  65  75   5   0  10    T  0.0    0  7.9 18  50   M    M   5 128    21  60
19  70  63  67  -4   0   2 1.03  0.0    0 12.8 26 150   M    M   9 13     32 110
20  68  53  61 -10   4   0 0.02  0.0    0 15.6 24 160   M    M   9 12     31 160
21  68  50  59 -12   6   0 0.00  0.0    0 10.8 20  30   M    M   7        23  30
22  58  53  56 -16   9   0 0.56  0.0    0  9.9 20 130   M    M  10 1      24 130
23  70  57  64  -8   1   0 3.73  0.0    0 13.1 30 340   M    M   8 13     36 350
24  71  59  65  -7   0   0 0.50  0.0    0  9.2 21 100   M    M   8 1      25 100
25  78  54  66  -6   0   1 0.16  0.0    0 11.8 43 110   M    M   9 13     50 110
26  80  52  66  -7   0   1 0.12  0.0    0  8.5 20 180   M    M   7 1238   25 170
================================================================================
SM 1967 1518        31  91 18.97    T    302.2          M      196
================================================================================
AV 75.7 58.4                              11.6 FASTST   M    M   8    MAX(MPH)
                                 MISC ---->  # 46 100               # 60  120
================================================================================
NOTES:
# LAST OF SEVERAL OCCURRENCES

COLUMN 17 PEAK WIND IN M.P.H.

PRELIMINARY LOCAL CLIMATOLOGICAL DATA (WS FORM: F-6) , PAGE 2

                                          STATION:  OKLAHOMA CITY
                                          MONTH:    MAY
                                          YEAR:     2015
                                          LATITUDE:   35 24 N
                                          LONGITUDE:  97 36 W

[TEMPERATURE DATA]      [PRECIPITATION DATA]       SYMBOLS USED IN COLUMN 16

AVERAGE MONTHLY: 67.0   TOTAL FOR MONTH:  18.97    1 = FOG OR MIST
DPTR FM NORMAL:  -2.2   DPTR FM NORMAL:   15.14    2 = FOG REDUCING VISIBILITY
HIGHEST:    85 ON 18,14 GRTST 24HR  8.10 ON  5- 6      TO 1/4 MILE OR LESS
LOWEST:     50 ON 21,12                            3 = THUNDER
                        SNOW, ICE PELLETS, HAIL    4 = ICE PELLETS
                        TOTAL MONTH:    T          5 = HAIL
                        GRTST 24HR    T  ON  6- 6  6 = FREEZING RAIN OR DRIZZLE
                        GRTST DEPTH:   0           7 = DUSTSTORM OR SANDSTORM:
                                                       VSBY 1/2 MILE OR LESS
                                                   8 = SMOKE OR HAZE
[NO. OF DAYS WITH]      [WEATHER - DAYS WITH]      9 = BLOWING SNOW
                                                   X = TORNADO
MAX 32 OR BELOW:   0    0.01 INCH OR MORE:  17
MAX 90 OR ABOVE:   0    0.10 INCH OR MORE:  14
MIN 32 OR BELOW:   0    0.50 INCH OR MORE:   9
MIN  0 OR BELOW:   0    1.00 INCH OR MORE:   5

[HDD (BASE 65) ]
TOTAL THIS MO.    31    CLEAR  (SCALE 0-3)   2
DPTR FM NORMAL     0    PTCLDY (SCALE 4-7)  11
TOTAL FM JUL 1  3280    CLOUDY (SCALE 8-10) 13
DPTR FM NORMAL   -83

[CDD (BASE 65) ]
TOTAL THIS MO.    91
DPTR FM NORMAL   -49    [PRESSURE DATA]
TOTAL FM JAN 1   153    HIGHEST SLP M ON M
DPTR FM NORMAL   -53    LOWEST  SLP 29.63 ON 25

[REMARKS]
