000
CXUS55 KGGW 010800
CF6OLF
PRELIMINARY LOCAL CLIMATOLOGICAL DATA (WS FORM: F-6)

                                          STATION:   WOLF POINT MT
                                          MONTH:     AUGUST
                                          YEAR:      2015
                                          LATITUDE:   48  5 N
                                          LONGITUDE: 105 35 W

  TEMPERATURE IN F:       :PCPN:    SNOW:  WIND      :SUNSHINE: SKY     :PK WND
================================================================================
1   2   3   4   5  6A  6B    7    8   9   10  11  12  13   14  15   16   17  18
                                     12Z  AVG MX 2MIN
DY MAX MIN AVG DEP HDD CDD  WTR  SNW DPTH SPD SPD DIR MIN PSBL S-S WX    SPD DR
================================================================================

 1 101  54  78   6   0  13 0.00  0.0    0  9.9 28 350   M    M   0        34 330
 2  87  53  70  -2   0   5 0.00  0.0    0  6.5 16  20   M    M   0        21 350
 3  89  51  70  -2   0   5 0.00  0.0    0  6.1 15  90   M    M   0        18  90
 4  95  61  78   6   0  13 0.36  0.0    0  9.1 25 230   M    M   2 13     38 230
 5  92  61  77   5   0  12 0.17  0.0    0  3.5 21 230   M    M   2 138    35 190
 6  86  55  71  -1   0   6 0.25  0.0    0  6.2 18 280   M    M   5 13     24 270
 7  83  51  67  -5   0   2 0.00  0.0    0 10.6 26 290   M    M   1        35 280
 8  85  48  67  -5   0   2 0.00  0.0    0  3.5 13  50   M    M   1        16  50
 9  87  59  73   2   0   8 0.00  0.0    0  5.0 14  90   M    M   1        17  80
10  93  53  73   2   0   8 0.00  0.0    0  3.6 13 170   M    M   0        17 190
11 101  61  81  10   0  16 0.00  0.0    0  4.5 13 230   M    M   0 8      20 200
12 104  58  81  10   0  16    T  0.0    0  4.6 23 270   M    M   1        29 260
13 103  63  83  13   0  18 0.01  0.0    0  3.3  8 210   M    M   0 8      14 280
14 107  64  86  16   0  21 0.00  0.0    0  6.0 24 260   M    M   0        32 270
15  91  52  72   2   0   7 0.00  0.0    0 14.9 32 310   M    M   0 8      42 290
16  70  50  60 -10   5   0 0.00  0.0    0  6.3 17 310   M    M   3 8      20 310
17  73  45  59 -10   6   0 0.00  0.0    0  3.3 12 260   M    M   5 8      14 260
18  79  47  63  -6   2   0 0.00  0.0    0  7.9 26 320   M    M   4 8      35 310
19  79  47  63  -6   2   0 0.00  0.0    0  4.4 10 210   M    M   1        14 240
20  93  48  71   3   0   6 0.00  0.0    0  7.3 18 310   M    M   0        26 310
21  87  52  70   2   0   5    T  0.0    0  7.5 28 290   M    M   0 8      34 300
22  69  42  56 -12   9   0 0.10    M    0 17.8 35 310   M    M   8 18     45 310
23  77  37  57 -10   8   0 0.00  0.0    0  6.0 14 270   M    M   0        19 270
24  85  40  63  -4   2   0 0.00  0.0    0  6.9 10  60   M    M   0        17 130
25  93  51  72   5   0   7 0.00  0.0    0  5.4 13  80   M    M   1 8      16  70
26  94  51  73   7   0   8 0.00  0.0    0  6.7 17  60   M    M   0 8      21  70
27  92  52  72   6   0   7 0.00  0.0    0  3.1  8 280   M    M   0 8      10 210
28  92  54  73   8   0   8 0.00  0.0    0  5.5 17 270   M    M   6 8      23 270
29  93  53  73   8   0   8 0.00  0.0    0  3.9 12  70   M    M   8 8      15  80
30  88  61  75  10   0  10 0.20  0.0    0  9.2 38 230   M    M   1 38     51 220
31  77  48  63  -1   2   0 0.07    M    0  9.6 32 300   M    M   1 3      43 300
================================================================================
SM 2745 1622        36 211  1.16     0.0 208.1          M       51
================================================================================
AV 88.5 52.3                               6.7 FASTST   M    M   2    MAX(MPH)
                                 MISC ---->  # 38 230               # 51  220
================================================================================
NOTES:
# LAST OF SEVERAL OCCURRENCES

COLUMN 17 PEAK WIND IN M.P.H.

PRELIMINARY LOCAL CLIMATOLOGICAL DATA (WS FORM: F-6) , PAGE 2

                                          STATION:  WOLF POINT MT
                                          MONTH:    AUGUST
                                          YEAR:     2015
                                          LATITUDE:   48  5 N
                                          LONGITUDE: 105 35 W

[TEMPERATURE DATA]      [PRECIPITATION DATA]       SYMBOLS USED IN COLUMN 16

AVERAGE MONTHLY: 70.4   TOTAL FOR MONTH:   1.16    1 = FOG OR MIST
DPTR FM NORMAL:   1.2   DPTR FM NORMAL:   -0.12    2 = FOG REDUCING VISIBILITY
HIGHEST:   107 ON 14    GRTST 24HR  0.40 ON  5- 6      TO 1/4 MILE OR LESS
LOWEST:     37 ON 23                               3 = THUNDER
                        SNOW, ICE PELLETS, HAIL    4 = ICE PELLETS
                        TOTAL MONTH:   0.0 INCH    5 = HAIL
                        GRTST 24HR     0.0         6 = FREEZING RAIN OR DRIZZLE
                        GRTST DEPTH:   0           7 = DUSTSTORM OR SANDSTORM:
                                                       VSBY 1/2 MILE OR LESS
                                                   8 = SMOKE OR HAZE
[NO. OF DAYS WITH]      [WEATHER - DAYS WITH]      9 = BLOWING SNOW
                                                   X = TORNADO
MAX 32 OR BELOW:   0    0.01 INCH OR MORE:   7
MAX 90 OR ABOVE:  15    0.10 INCH OR MORE:   5
MIN 32 OR BELOW:   0    0.50 INCH OR MORE:   0
MIN  0 OR BELOW:   0    1.00 INCH OR MORE:   0

[HDD (BASE 65) ]
TOTAL THIS MO.    36    CLEAR  (SCALE 0-3)  24
DPTR FM NORMAL    -4    PTCLDY (SCALE 4-7)   7
TOTAL FM JUL 1    37    CLOUDY (SCALE 8-10)  0
DPTR FM NORMAL   -23

[CDD (BASE 65) ]
TOTAL THIS MO.   211
DPTR FM NORMAL    43    [PRESSURE DATA]
TOTAL FM JAN 1   564    HIGHEST SLP M ON M
DPTR FM NORMAL   143    LOWEST  SLP 29.48 ON 21

[REMARKS]
#FINAL-08-15#
