000
CXUS55 KGGW 280800
CF6OLF
PRELIMINARY LOCAL CLIMATOLOGICAL DATA (WS FORM: F-6)

                                          STATION:   WOLF POINT MT
                                          MONTH:     APRIL
                                          YEAR:      2017
                                          LATITUDE:   48  5 N
                                          LONGITUDE: 105 35 W

  TEMPERATURE IN F:       :PCPN:    SNOW:  WIND      :SUNSHINE: SKY     :PK WND
================================================================================
1   2   3   4   5  6A  6B    7    8   9   10  11  12  13   14  15   16   17  18
                                     12Z  AVG MX 2MIN
DY MAX MIN AVG DEP HDD CDD  WTR  SNW DPTH SPD SPD DIR MIN PSBL S-S WX    SPD DR
================================================================================

 1  64  42  53  15  12   0 0.00  0.0    0  9.1 21 190   M    M   5 18     27 210
 2  61  40  51  13  14   0 0.00  0.0    0  9.3 20 310   M    M   1        27 300
 3  56  37  47   8  18   0 0.58    M    0  7.5 18 250   M    M   8 1      25 230
 4  57  29  43   4  22   0 0.02    M    0  6.3 21 360   M    M   5 3      25 340
 5  60  25  43   3  22   0 0.00  0.0    0  8.1 18  90   M    M   0        23  80
 6  72  40  56  16   9   0 0.00  0.0    0  9.2 20 190   M    M   1        29 200
 7  81  39  60  19   5   0 0.00  0.0    0  6.8 28 300   M    M   1        35 300
 8  68  43  56  15   9   0 0.00  0.0    0 10.1 24 260   M    M   1        29 270
 9  48  30  39  -3  26   0 0.00  0.0    0 12.6 21  30   M    M   2        25  30
10  55  30  43   1  22   0 0.00  0.0    0  7.2 16 190   M    M   5        22 160
11  60  28  44   2  21   0    T    M    0 10.2 29 250   M    M   3        38 280
12  61  27  44   1  21   0 0.00  0.0    0  3.9 13 200   M    M   3        15 210
13  76  38  57  14   8   0 0.00  0.0    0 15.7 26 120   M    M   0        36 160
14  64  32  48   5  17   0 0.00  0.0    0 14.8 35 280   M    M   2 1      45 270
15  57  31  44   0  21   0    T    M    0 12.9 32 270   M    M   6        42 280
16  44  19  32 -12  33   0 0.00  0.0    0  9.9 24 310   M    M   5        29 310
17  58  18  38  -7  27   0 0.00  0.0    0 12.0 25 100   M    M   5        31  90
18  65  27  46   1  19   0 0.00  0.0    0  4.4 12  70   M    M   0        16 250
19  53  39  46   1  19   0 0.24    M    0  7.6 17 290   M    M   5 18     20 300
20  63  36  50   4  15   0 0.00  0.0    0  5.9 15 100   M    M   4 1      20  90
21  69  33  51   5  14   0 0.00  0.0    0  6.1 12 190   M    M   0 3      15 230
22  55  40  48   2  17   0    T    M    0 10.2 23  80   M    M   8 1      28  70
23  44  33  39  -8  26   0 0.01    M    0 19.4 28  90   M    M  10 168    34  90
24  41  31  36 -11  29   0 0.03    M    0 11.9 21  70   M    M   9 16     24  60
25  46  31  39  -8  26   0 0.00  0.0    0 11.5 20  60   M    M  10 8      23  80
26  54  31  43  -5  22   0 0.00  0.0    0  7.8 16  90   M    M   5        21 100
27  57  27  42  -6  23   0 0.00  0.0    0 10.8 18  80   M    M   1        28  90
================================================================================
SM 1589  876       517   0  0.88     0.0 261.2          M      105
================================================================================
AV 58.9 32.4                               9.7 FASTST   M    M   4    MAX(MPH)
                                 MISC ---->  # 35 280               # 45  270
================================================================================
NOTES:
# LAST OF SEVERAL OCCURRENCES

COLUMN 17 PEAK WIND IN M.P.H.

PRELIMINARY LOCAL CLIMATOLOGICAL DATA (WS FORM: F-6) , PAGE 2

                                          STATION:  WOLF POINT MT
                                          MONTH:    APRIL
                                          YEAR:     2017
                                          LATITUDE:   48  5 N
                                          LONGITUDE: 105 35 W

[TEMPERATURE DATA]      [PRECIPITATION DATA]       SYMBOLS USED IN COLUMN 16

AVERAGE MONTHLY: 45.7   TOTAL FOR MONTH:   0.88    1 = FOG OR MIST
DPTR FM NORMAL:   2.4   DPTR FM NORMAL:    0.09    2 = FOG REDUCING VISIBILITY
HIGHEST:    81 ON  7    GRTST 24HR  0.58 ON  3- 3      TO 1/4 MILE OR LESS
LOWEST:     18 ON 17                               3 = THUNDER
                        SNOW, ICE PELLETS, HAIL    4 = ICE PELLETS
                        TOTAL MONTH:   0.0 INCH    5 = HAIL
                        GRTST 24HR     0.0         6 = FREEZING RAIN OR DRIZZLE
                        GRTST DEPTH:   0           7 = DUSTSTORM OR SANDSTORM:
                                                       VSBY 1/2 MILE OR LESS
                                                   8 = SMOKE OR HAZE
[NO. OF DAYS WITH]      [WEATHER - DAYS WITH]      9 = BLOWING SNOW
                                                   X = TORNADO
MAX 32 OR BELOW:   0    0.01 INCH OR MORE:   5
MAX 90 OR ABOVE:   0    0.10 INCH OR MORE:   2
MIN 32 OR BELOW:  15    0.50 INCH OR MORE:   1
MIN  0 OR BELOW:   0    1.00 INCH OR MORE:   0

[HDD (BASE 65) ]
TOTAL THIS MO.   517    CLEAR  (SCALE 0-3)  12
DPTR FM NORMAL   -69    PTCLDY (SCALE 4-7)  12
TOTAL FM JUL 1  7619    CLOUDY (SCALE 8-10)  3
DPTR FM NORMAL  -657

[CDD (BASE 65) ]
TOTAL THIS MO.     0
DPTR FM NORMAL     0    [PRESSURE DATA]
TOTAL FM JAN 1     0    HIGHEST SLP M ON M
DPTR FM NORMAL     0    LOWEST  SLP 29.38 ON 14

[REMARKS]
