000
CXUS55 KTWC 230855
CF6OLS
PRELIMINARY LOCAL CLIMATOLOGICAL DATA (WS FORM: F-6)

                                          STATION:   NOGALES AZ AIRPORT
                                          MONTH:     JUNE
                                          YEAR:      2017
                                          LATITUDE:   31 25 N
                                          LONGITUDE: 110 51 W

  TEMPERATURE IN F:       :PCPN:    SNOW:  WIND      :SUNSHINE: SKY     :PK WND
================================================================================
1   2   3   4   5  6A  6B    7    8   9   10  11  12  13   14  15   16   17  18
                                     12Z  AVG MX 2MIN
DY MAX MIN AVG DEP HDD CDD  WTR  SNW DPTH SPD SPD DIR MIN PSBL S-S WX    SPD DR
================================================================================

 1  88  63  76   1   0  11 0.00  0.0    0 10.3 24 150   M    M   M        32 150
 2  95  51  73  -2   0   8 0.00  0.0    0  4.7 15 250   M    M   M        21 240
 3  97  60  79   4   0  14 0.00  0.0    0  4.5 17 230   M    M   M        22 230
 4 101  61  81   5   0  16 0.00  0.0    0  5.0 16 240   M    M   M        20 240
 5 100  64  82   6   0  17 0.00  0.0    0  5.8 17 250   M    M   0        26 220
 6 101  65  83   7   0  18 0.00  0.0    0  4.6 17 260   M    M   0        22 250
 7 101  67  84   8   0  19 0.07  0.0    0  7.6 26 130   M    M   0 3      39 120
 8  99  64  82   5   0  17 0.00  0.0    0  4.4 16 290   M    M   0        21 260
 9  99  61  80   3   0  15 0.00  0.0    0  6.6 21 220   M    M   0        28 210
10  97  59  78   1   0  13 0.00  0.0    0  9.4 24 210   M    M   0        32 230
11  93  57  75  -3   0  10 0.00  0.0    0 11.9 25 210   M    M   0        35 210
12  93  63  78   0   0  13 0.00  0.0    0 10.2 21 210   M    M   0        28 240
13  94  56  75  -3   0  10 0.00  0.0    0  3.9 14 250   M    M   0        20 280
14 101  52  77  -1   0  12 0.00  0.0    0  4.8 16 260   M    M   0        25 200
15 103  56  80   1   0  15 0.00  0.0    0  5.3 20 210   M    M   0        25 210
16 102  57  80   1   0  15 0.00  0.0    0  5.4 17 300   M    M   0        28 260
17 102  60  81   2   0  16 0.00  0.0    0  5.3 16 210   M    M   0        22 200
18 106  59  83   4   0  18 0.00  0.0    0  3.4 13 300   M    M   0        19 310
19 112  63  88   8   0  23 0.00  0.0    0  6.0 22  10   M    M   0 8      31  10
20 110  81  96  16   0  31 0.17  0.0    0  7.9 45  80   M    M   0 3      72  90
21 108  71  90  10   0  25    T  0.0    0  6.7 24  20   M    M   0 3      35 320
22 104  72  88   8   0  23    T  0.0    0  7.7 24 160   M    M   0 3      32 140
================================================================================
SM 2206 1362         0 359  0.24     0.0 141.4          M        0
================================================================================
AV100.3 61.9                               6.4 FASTST   M    M   0    MAX(MPH)
                                 MISC ---->  # 45  80               # 72   90
================================================================================
NOTES:
# LAST OF SEVERAL OCCURRENCES

COLUMN 17 PEAK WIND IN M.P.H.

PRELIMINARY LOCAL CLIMATOLOGICAL DATA (WS FORM: F-6) , PAGE 2

                                          STATION:  NOGALES AZ AIRPORT
                                          MONTH:    JUNE
                                          YEAR:     2017
                                          LATITUDE:   31 25 N
                                          LONGITUDE: 110 51 W

[TEMPERATURE DATA]      [PRECIPITATION DATA]       SYMBOLS USED IN COLUMN 16

AVERAGE MONTHLY: 81.1   TOTAL FOR MONTH:   0.24    1 = FOG OR MIST
DPTR FM NORMAL:   3.5   DPTR FM NORMAL:    0.00    2 = FOG REDUCING VISIBILITY
HIGHEST:   112 ON 19    GRTST 24HR  0.17 ON 20-20      TO 1/4 MILE OR LESS
LOWEST:     51 ON  2                               3 = THUNDER
                        SNOW, ICE PELLETS, HAIL    4 = ICE PELLETS
                        TOTAL MONTH:   0.0 INCH    5 = HAIL
                        GRTST 24HR     0.0         6 = FREEZING RAIN OR DRIZZLE
                        GRTST DEPTH:   0           7 = DUSTSTORM OR SANDSTORM:
                                                       VSBY 1/2 MILE OR LESS
                                                   8 = SMOKE OR HAZE
[NO. OF DAYS WITH]      [WEATHER - DAYS WITH]      9 = BLOWING SNOW
                                                   X = TORNADO
MAX 32 OR BELOW:   0    0.01 INCH OR MORE:   2
MAX 90 OR ABOVE:  21    0.10 INCH OR MORE:   1
MIN 32 OR BELOW:   0    0.50 INCH OR MORE:   0
MIN  0 OR BELOW:   0    1.00 INCH OR MORE:   0

[HDD (BASE 65) ]
TOTAL THIS MO.     0    CLEAR  (SCALE 0-3)  18
DPTR FM NORMAL     0    PTCLDY (SCALE 4-7)   0
TOTAL FM JUL 1  1579    CLOUDY (SCALE 8-10)  0
DPTR FM NORMAL  -567

[CDD (BASE 65) ]
TOTAL THIS MO.   359
DPTR FM NORMAL    80    [PRESSURE DATA]
TOTAL FM JAN 1   620    HIGHEST SLP M ON M
DPTR FM NORMAL   129    LOWEST  SLP 27.09 ON 21

[REMARKS]
