000
CXUS53 KARX 300930
CF6OLZ
PRELIMINARY LOCAL CLIMATOLOGICAL DATA (WS FORM: F-6)

                                          STATION:   OELWEIN IA
                                          MONTH:     JUNE
                                          YEAR:      2015
                                          LATITUDE:   42 40 N
                                          LONGITUDE:  91 58 W

  TEMPERATURE IN F:       :PCPN:    SNOW:  WIND      :SUNSHINE: SKY     :PK WND
================================================================================
1   2   3   4   5  6A  6B    7    8   9   10  11  12  13   14  15   16   17  18
                                     12Z  AVG MX 2MIN
DY MAX MIN AVG DEP HDD CDD  WTR  SNW DPTH SPD SPD DIR MIN PSBL S-S WX    SPD DR
================================================================================

 1  70  45  58   M   7   0 0.00  0.0    0  8.4 12  90   M    M   0        20 130
 2  73  50  62   M   3   0 0.00  0.0    0 10.7 16 150   M    M   3        20 170
 3  81  57  69   M   0   4 0.00  0.0    0 14.5 23 160   M    M   4        29 170
 4  82  59  71   M   0   6 0.00  0.0    0  6.1 10  40   M    M   3 12     17  40
 5  82  63  73   M   0   8 0.00  0.0    0 11.2 15  60   M    M   4        23  60
 6  79  57  68   M   0   3 0.00  0.0    0 12.6 17 160   M    M   1        23 160
 7  84  64  74   M   0   9 0.16  0.0    0 14.0 27 200   M    M   6 1      33 200
 8  82  59  71   M   0   6 0.00  0.0    0 10.8 22 310   M    M   0        30 320
 9  95  59  77   M   0  12 0.00  0.0    0 10.3 20 260   M    M   1 1      27 260
10  86  68  77   M   0  12 0.00  0.0    0  9.2 16 240   M    M   2        21 230
11  70  61  66   M   0   1 0.66  0.0    0 13.2 20  80   M    M   7 1      27  80
12  64  59  62   M   3   0 0.13  0.0    0 11.9 17  50   M    M   8 1      21  50
13  73  61  67   M   0   2 0.01  0.0    0  7.6 14 190   M    M  10 1       M  M
14  81  63  72   M   0   7 0.60  0.0    0  3.0  9 180   M    M   6 123     M  M
15  73  61  67   M   0   2 0.41  0.0    0  8.2 18  10   M    M   6 1      22 350
16  68  57  63   M   2   0 0.00  0.0    0  8.5 13  70   M    M   0         M  M
17  75  66  71   M   0   6 0.00  0.0    0  7.9 10 190   M    M   1         M  M
18  77  61  69   M   0   4 0.00  0.0    0  8.7 13 360   M    M   2 1      20 330
19  79  59  69   M   0   4 0.00  0.0    0  8.7 14 120   M    M   0        15  90
20  77  57  67   M   0   2 0.79  0.0    0  8.2 21 160   M    M   2 12     31 160
21  82  63  73   M   0   8 0.00  0.0    0  4.6 10 200   M    M   1 12      M  M
22  82  64  73   M   0   8 0.06  0.0    0 14.3 23 150   M    M   4 1      36 210
23  75  55  65   M   0   0 0.00  0.0    0  6.8 12 330   M    M   0        14 340
24  72  57  65   M   0   0 0.15  0.0    0  6.7 12 170   M    M   5         M  M
25  79  64  72   M   0   7 0.01  0.0    0  5.7 10 360   M    M   8 1       M  M
26  75  63  69   M   0   4 0.01  0.0    0  5.8  8  80   M    M   2 1       M  M
27  79  57  68   M   0   3 0.00  0.0    0  4.7  8  10   M    M   1 1      13  20
28  73  61  67   M   0   2 0.27  0.0    0  6.9 14 130   M    M   5 123    18 130
29  81  61  71   M   0   6 0.02  0.0    0  6.0 14  30   M    M   4 128    23  30
================================================================================
SM 2249 1731        15 126  3.28     0.0 255.2          M       96
================================================================================
AV 77.6 59.7                               8.8 FASTST   M    M   3    MAX(MPH)
                                 MISC ---->  # 27 200                 36    M
================================================================================
NOTES:
# LAST OF SEVERAL OCCURRENCES

COLUMN 17 PEAK WIND IN M.P.H.

PRELIMINARY LOCAL CLIMATOLOGICAL DATA (WS FORM: F-6) , PAGE 2

                                          STATION:  OELWEIN IA
                                          MONTH:    JUNE
                                          YEAR:     2015
                                          LATITUDE:   42 40 N
                                          LONGITUDE:  91 58 W

[TEMPERATURE DATA]      [PRECIPITATION DATA]       SYMBOLS USED IN COLUMN 16

AVERAGE MONTHLY: 68.6   TOTAL FOR MONTH:   3.28    1 = FOG OR MIST
DPTR FM NORMAL:     M   DPTR FM NORMAL:       M    2 = FOG REDUCING VISIBILITY
HIGHEST:    95 ON  9    GRTST 24HR  0.79 ON 20-20      TO 1/4 MILE OR LESS
LOWEST:     45 ON  1                               3 = THUNDER
                        SNOW, ICE PELLETS, HAIL    4 = ICE PELLETS
                        TOTAL MONTH:   0.0 INCH    5 = HAIL
                        GRTST 24HR     0.0         6 = FREEZING RAIN OR DRIZZLE
                        GRTST DEPTH:   0           7 = DUSTSTORM OR SANDSTORM:
                                                       VSBY 1/2 MILE OR LESS
                                                   8 = SMOKE OR HAZE
[NO. OF DAYS WITH]      [WEATHER - DAYS WITH]      9 = BLOWING SNOW
                                                   X = TORNADO
MAX 32 OR BELOW:   0    0.01 INCH OR MORE:  13
MAX 90 OR ABOVE:   1    0.10 INCH OR MORE:   8
MIN 32 OR BELOW:   0    0.50 INCH OR MORE:   3
MIN  0 OR BELOW:   0    1.00 INCH OR MORE:   0

[HDD (BASE 65) ]
TOTAL THIS MO.    15    CLEAR  (SCALE 0-3)  16
DPTR FM NORMAL     M    PTCLDY (SCALE 4-7)  11
TOTAL FM JUL 1  7396    CLOUDY (SCALE 8-10)  2
DPTR FM NORMAL     M

[CDD (BASE 65) ]
TOTAL THIS MO.   126
DPTR FM NORMAL     M    [PRESSURE DATA]
TOTAL FM JAN 1   169    HIGHEST SLP M ON M
DPTR FM NORMAL     M    LOWEST  SLP M ON M

[REMARKS]
