000
CXUS56 KOTX 220900
CF6OMK
PRELIMINARY LOCAL CLIMATOLOGICAL DATA (WS FORM: F-6)

                                          STATION:   OMAK WA AIRPORT
                                          MONTH:     FEBRUARY
                                          YEAR:      2018
                                          LATITUDE:   48 27 N
                                          LONGITUDE: 119 31 W

  TEMPERATURE IN F:       :PCPN:    SNOW:  WIND      :SUNSHINE: SKY     :PK WND
================================================================================
1   2   3   4   5  6A  6B    7    8   9   10  11  12  13   14  15   16   17  18
                                     12Z  AVG MX 2MIN
DY MAX MIN AVG DEP HDD CDD  WTR  SNW DPTH SPD SPD DIR MIN PSBL S-S WX    SPD DR
================================================================================

 1  34  18  26  -3  39   0 0.11    M    M  0.5  6  30   M    M   8 1      10  40
 2  38  32  35   5  30   0    T    M    M  5.7 18 200   M    M   9 12     23 200
 3  39  33  36   6  29   0 0.00    M    M  3.3 17 360   M    M  10 12     20 360
 4  44  34  39   9  26   0    T    M    M  7.6 18 340   M    M   5        23 350
 5  42  34  38   8  27   0 0.00    M    M 11.7 18 320   M    M   5        24 320
 6  41  31  36   6  29   0 0.00    M    M  8.6 21 350   M    M   4        23 350
 7  44  27  36   6  29   0 0.00    M    M  1.1  6 220   M    M   4 1       8 170
 8  57  33  45  15  20   0 0.00    M    M  9.1 32  20   M    M   0        41  20
 9  37  26  32   1  33   0 0.00    M    M 18.4 29  10   M    M   4        37  10
10  36  20  28  -3  37   0 0.00    M    M 10.7 22 340   M    M   0        32 350
11  36  21  29  -2  36   0 0.00    M    M 16.8 29 360   M    M   0        35  10
12  34  20  27  -4  38   0 0.00    M    M 12.5 28  10   M    M   0        35  10
13  36  17  27  -4  38   0 0.00    M    M  8.1 18 220   M    M   2        23 220
14  46  24  35   4  30   0    T    M    M  7.8 20  10   M    M   4 1      24 360
15  42  20  31  -1  34   0 0.00    M    M  5.7 14 360   M    M   2        17 350
16  49  28  39   7  26   0    T    M    M  8.2 35  10   M    M   5        43  20
17  35  29  32   0  33   0 0.19    M    M  7.0 24  10   M    M   9 12     34  10
18  31  19  25  -7  40   0    T    M    M 18.4 30  10   M    M   9 18     37  10
19  27  10  19 -14  46   0 0.00    M    M 11.7 22  10   M    M   1        29  10
20  23   6  15 -18  50   0 0.00    M    M  7.8 15 300   M    M   3        18 300
21  22   4  13 -20  52   0    T    M    M  5.2 14 310   M    M   5 1      16 310
================================================================================
SM  793  486       722   0  0.30    M    185.9          M       89
================================================================================
AV 37.8 23.1                               8.9 FASTST   M    M   4    MAX(MPH)
                                 MISC ---->  # 35  10               # 43   20
================================================================================
NOTES:
# LAST OF SEVERAL OCCURRENCES

COLUMN 17 PEAK WIND IN M.P.H.

PRELIMINARY LOCAL CLIMATOLOGICAL DATA (WS FORM: F-6) , PAGE 2

                                          STATION:  OMAK WA AIRPORT
                                          MONTH:    FEBRUARY
                                          YEAR:     2018
                                          LATITUDE:   48 27 N
                                          LONGITUDE: 119 31 W

[TEMPERATURE DATA]      [PRECIPITATION DATA]       SYMBOLS USED IN COLUMN 16

AVERAGE MONTHLY: 30.5   TOTAL FOR MONTH:   0.30    1 = FOG OR MIST
DPTR FM NORMAL:  -0.6   DPTR FM NORMAL:   -0.76    2 = FOG REDUCING VISIBILITY
HIGHEST:    57 ON  8    GRTST 24HR  0.19 ON 17-17      TO 1/4 MILE OR LESS
LOWEST:      4 ON 21                               3 = THUNDER
                        SNOW, ICE PELLETS, HAIL    4 = ICE PELLETS
                        TOTAL MONTH:    M          5 = HAIL
                        GRTST 24HR    M  ON   M    6 = FREEZING RAIN OR DRIZZLE
                        GRTST DEPTH:  M  ON   M    7 = DUSTSTORM OR SANDSTORM:
                                                       VSBY 1/2 MILE OR LESS
                                                   8 = SMOKE OR HAZE
[NO. OF DAYS WITH]      [WEATHER - DAYS WITH]      9 = BLOWING SNOW
                                                   X = TORNADO
MAX 32 OR BELOW:   4    0.01 INCH OR MORE:   2
MAX 90 OR ABOVE:   0    0.10 INCH OR MORE:   2
MIN 32 OR BELOW:  17    0.50 INCH OR MORE:   0
MIN  0 OR BELOW:   0    1.00 INCH OR MORE:   0

[HDD (BASE 65) ]
TOTAL THIS MO.   722    CLEAR  (SCALE 0-3)   8
DPTR FM NORMAL     9    PTCLDY (SCALE 4-7)   8
TOTAL FM JUL 1  4472    CLOUDY (SCALE 8-10)  5
DPTR FM NORMAL  -174

[CDD (BASE 65) ]
TOTAL THIS MO.     0
DPTR FM NORMAL     0    [PRESSURE DATA]
TOTAL FM JAN 1     0    HIGHEST SLP M ON M
DPTR FM NORMAL     0    LOWEST  SLP 29.51 ON 17

[REMARKS]
