000
CXUS53 KARX 200930
CF6ONA
PRELIMINARY LOCAL CLIMATOLOGICAL DATA (WS FORM: F-6)

                                          STATION:   WINONA_MUNI_(AWOS) MN
                                          MONTH:     APRIL
                                          YEAR:      2014
                                          LATITUDE:   44  4 N
                                          LONGITUDE:  91 42 W

  TEMPERATURE IN F:       :PCPN:    SNOW:  WIND      :SUNSHINE: SKY     :PK WND
================================================================================
1   2   3   4   5  6A  6B    7    8   9   10  11  12  13   14  15   16   17  18
                                     12Z  AVG MX 2MIN
DY MAX MIN AVG DEP HDD CDD  WTR  SNW DPTH SPD SPD DIR MIN PSBL S-S WX    SPD DR
================================================================================

 1  36  28  32   M  33   0    T    T    0 11.7 21 300   M    M   8 1      28 300
 2  48  25  37   M  28   0 0.00  0.0    0  4.9 13 120   M    M   2         M  M
 3  41  34  38   M  27   0 0.04    T    0  8.3 21 150   M    M  10 8      28 150
 4  37  30  34   M  31   0 0.04    M    1 11.0 24 310   M    M   8 1      33 320
 5  52  28  40   M  25   0 0.00  0.0    1  2.9 10 240   M    M   1 1       M  M
 6  63  36  50   M  15   0 0.02  0.0    0  6.3 14 230   M    M   6        24 230
 7  59  36  48   M  17   0 0.00  0.0    0  2.4  8 320   M    M   6 13      M  M
 8  55  32  44   M  21   0 0.00  0.0    0  8.4 17 340   M    M   0        25 310
 9  70  30  50   M  15   0 0.00  0.0    0  7.0 15 210   M    M   2        27 230
10  63  41  52   M  13   0 0.00  0.0    0 10.4 21 340   M    M   1        25 220
11  66  36  51   M  14   0    M  0.0    0  3.4 15 300   M    M   2        21 300
12  52  43  48   M  17   0 0.44  0.0    0  6.5 10 130   M    M   9 13      M  M
13  48  34  41   M  24   0    M    M    0  4.2 14 340   M    M  10 1      20 340
14  37  30  34   M  31   0    M    M    M 12.9 18 320   M    M   7        29 340
15  36  27  32   M  33   0 0.00  0.0    M  5.2 12 310   M    M   5        18 320
16  54  34  44   M  21   0 0.00  0.0    0 12.9 18 150   M    M   6        25 150
17  50  32  41   M  24   0    M  0.0    0  8.3 14 300   M    M   9 1      21 330
18  54  28  41   M  24   0 0.00  0.0    0  2.7  8 110   M    M   1 1       M  M
19   M  37   M   M   M   M 0.00  0.0    0 11.9 17 150   M    M   0        24 150
================================================================================
SM  921  621       413   0  0.54    T    141.3          M       93
================================================================================
AV 51.2 32.7                               7.4 FASTST   M    M   5    MAX(MPH)
                                 MISC ---->    24   M                 33    M
================================================================================
NOTES:
# LAST OF SEVERAL OCCURRENCES

COLUMN 17 PEAK WIND IN M.P.H.

PRELIMINARY LOCAL CLIMATOLOGICAL DATA (WS FORM: F-6) , PAGE 2

                                          STATION:  WINONA_MUNI_(AWOS) MN
                                          MONTH:    APRIL
                                          YEAR:     2014
                                          LATITUDE:   44  4 N
                                          LONGITUDE:  91 42 W

[TEMPERATURE DATA]      [PRECIPITATION DATA]       SYMBOLS USED IN COLUMN 16

AVERAGE MONTHLY: 41.9   TOTAL FOR MONTH:   0.54    1 = FOG OR MIST
DPTR FM NORMAL:     M   DPTR FM NORMAL:       M    2 = FOG REDUCING VISIBILITY
HIGHEST:    70 ON  9    GRTST 24HR  0.44 ON 12-12      TO 1/4 MILE OR LESS
LOWEST:     25 ON  2                               3 = THUNDER
                        SNOW, ICE PELLETS, HAIL    4 = ICE PELLETS
                        TOTAL MONTH:    T          5 = HAIL
                        GRTST 24HR    T  ON  3- 3  6 = FREEZING RAIN OR DRIZZLE
                        GRTST DEPTH:   1 ON  5, 4  7 = DUSTSTORM OR SANDSTORM:
                                                       VSBY 1/2 MILE OR LESS
                                                   8 = SMOKE OR HAZE
[NO. OF DAYS WITH]      [WEATHER - DAYS WITH]      9 = BLOWING SNOW
                                                   X = TORNADO
MAX 32 OR BELOW:   0    0.01 INCH OR MORE:   4
MAX 90 OR ABOVE:   0    0.10 INCH OR MORE:   1
MIN 32 OR BELOW:  10    0.50 INCH OR MORE:   0
MIN  0 OR BELOW:   0    1.00 INCH OR MORE:   0

[HDD (BASE 65) ]
TOTAL THIS MO.   413    CLEAR  (SCALE 0-3)   8
DPTR FM NORMAL     M    PTCLDY (SCALE 4-7)   6
TOTAL FM JUL 1  7721    CLOUDY (SCALE 8-10)  5
DPTR FM NORMAL     M

[CDD (BASE 65) ]
TOTAL THIS MO.     0
DPTR FM NORMAL     M    [PRESSURE DATA]
TOTAL FM JAN 1     0    HIGHEST SLP M ON M
DPTR FM NORMAL     M    LOWEST  SLP M ON M

[REMARKS]
