000
CXUS53 KARX 270930
CF6ONA
PRELIMINARY LOCAL CLIMATOLOGICAL DATA (WS FORM: F-6)

                                          STATION:   WINONA_MUNI_(AWOS) MN
                                          MONTH:     JULY
                                          YEAR:      2015
                                          LATITUDE:   44  4 N
                                          LONGITUDE:  91 42 W

  TEMPERATURE IN F:       :PCPN:    SNOW:  WIND      :SUNSHINE: SKY     :PK WND
================================================================================
1   2   3   4   5  6A  6B    7    8   9   10  11  12  13   14  15   16   17  18
                                     12Z  AVG MX 2MIN
DY MAX MIN AVG DEP HDD CDD  WTR  SNW DPTH SPD SPD DIR MIN PSBL S-S WX    SPD DR
================================================================================

 1  70  54  62   M   3   0 0.00  0.0    0  2.2  7 140   M    M   0         M  M
 2  73  52  63   M   2   0 0.00  0.0    0  1.7  6 120   M    M   3 12      M  M
 3  77  55  66   M   0   1 0.00  0.0    0  1.3  7 300   M    M   0         M  M
 4  81  59  70   M   0   5 0.00  0.0    0  1.0  6 220   M    M   1         M  M
 5  82  63  73   M   0   8 0.00  0.0    0  3.5  7 170   M    M   1         M  M
 6  79  59  69   M   0   4 0.18  0.0    0  4.0 13 330   M    M   7 138    23 350
 7  70  54  62   M   3   0 0.00  0.0    0  4.8 10 330   M    M   5        16 340
 8  73  54  64   M   1   0 0.00  0.0    0  1.4  7 220   M    M   7         M  M
 9  79  54  67   M   0   2 0.00  0.0    0  1.8  8 230   M    M   2         M  M
10  81  61  71   M   0   6 0.00  0.0    0  1.9  6 200   M    M   1         M  M
11  79  66  73   M   0   8 0.00  0.0    0  3.7 12 130   M    M   4         M  M
12  90  66  78   M   0  13 0.00  0.0    0  3.8  9 150   M    M   6         M  M
13  90  66  78   M   0  13 0.95  0.0    0  3.9 10 320   M    M   3 3      22 330
14  81  66  74   M   0   9 0.00  0.0    0  4.2  8 330   M    M   2         M  M
15  77  61  69   M   0   4 0.00  0.0    0  3.2  8 140   M    M   2         M  M
16  73  63  68   M   0   3 0.63  0.0    0  5.8  9 130   M    M   7 13      M  M
17  90  70  80   M   0  15 0.00  0.0    0  2.4  8 290   M    M   4         M  M
18  90  70  80   M   0  15 0.73  0.0    0  5.4 12 330   M    M   2 3      27 330
19  81  63  72   M   0   7 0.00  0.0    0  5.2 10 280   M    M   0        18 280
20  81  61  71   M   0   6 0.00  0.0    0  6.8 13 310   M    M   2        23 320
21  79  55  67   M   0   2 0.00  0.0    0  3.6  9 320   M    M   0        16 350
22  81  59  70   M   0   5 0.00  0.0    0  1.2  6 260   M    M   1         M  M
23  81   M   M   M   M   M 0.00  0.0    M  2.4  8 230   M    M   1         M  M
24  81  66  74   M   0   9 0.39  0.0    0  3.5 10 220   M    M   4 3      17 210
25  84  70  77   M   0  12 0.00  0.0    0  1.2  6 320   M    M   0         M  M
26  82  70  76   M   0  11 0.00  0.0    0  3.3  9 140   M    M   2         M  M
================================================================================
SM 2085 1537         9 158  2.88     0.0  83.2          M       67
================================================================================
AV 80.2 61.5                               3.2 FASTST   M    M   3    MAX(MPH)
                                 MISC ---->    13   M               # 27  330
================================================================================
NOTES:
# LAST OF SEVERAL OCCURRENCES

COLUMN 17 PEAK WIND IN M.P.H.

PRELIMINARY LOCAL CLIMATOLOGICAL DATA (WS FORM: F-6) , PAGE 2

                                          STATION:  WINONA_MUNI_(AWOS) MN
                                          MONTH:    JULY
                                          YEAR:     2015
                                          LATITUDE:   44  4 N
                                          LONGITUDE:  91 42 W

[TEMPERATURE DATA]      [PRECIPITATION DATA]       SYMBOLS USED IN COLUMN 16

AVERAGE MONTHLY: 70.8   TOTAL FOR MONTH:   2.88    1 = FOG OR MIST
DPTR FM NORMAL:     M   DPTR FM NORMAL:       M    2 = FOG REDUCING VISIBILITY
HIGHEST:    90 ON 18,17 GRTST 24HR  0.95 ON 13-13      TO 1/4 MILE OR LESS
LOWEST:     52 ON  2                               3 = THUNDER
                        SNOW, ICE PELLETS, HAIL    4 = ICE PELLETS
                        TOTAL MONTH:   0.0 INCH    5 = HAIL
                        GRTST 24HR     0.0         6 = FREEZING RAIN OR DRIZZLE
                        GRTST DEPTH:   0           7 = DUSTSTORM OR SANDSTORM:
                                                       VSBY 1/2 MILE OR LESS
                                                   8 = SMOKE OR HAZE
[NO. OF DAYS WITH]      [WEATHER - DAYS WITH]      9 = BLOWING SNOW
                                                   X = TORNADO
MAX 32 OR BELOW:   0    0.01 INCH OR MORE:   5
MAX 90 OR ABOVE:   4    0.10 INCH OR MORE:   5
MIN 32 OR BELOW:   0    0.50 INCH OR MORE:   3
MIN  0 OR BELOW:   0    1.00 INCH OR MORE:   0

[HDD (BASE 65) ]
TOTAL THIS MO.     9    CLEAR  (SCALE 0-3)  18
DPTR FM NORMAL     M    PTCLDY (SCALE 4-7)   8
TOTAL FM JUL 1     9    CLOUDY (SCALE 8-10)  0
DPTR FM NORMAL     M

[CDD (BASE 65) ]
TOTAL THIS MO.   158
DPTR FM NORMAL     M    [PRESSURE DATA]
TOTAL FM JAN 1   296    HIGHEST SLP M ON M
DPTR FM NORMAL     M    LOWEST  SLP M ON M

[REMARKS]
