000
CXUS52 KMFL 221000
CF6OPF
PRELIMINARY LOCAL CLIMATOLOGICAL DATA (WS FORM: F-6)

                                          STATION:   OPA-LOCKA ARPT
                                          MONTH:     AUGUST
                                          YEAR:      2014
                                          LATITUDE:   25 53 N
                                          LONGITUDE:  80 17 W

  TEMPERATURE IN F:       :PCPN:    SNOW:  WIND      :SUNSHINE: SKY     :PK WND
================================================================================
1   2   3   4   5  6A  6B    7    8   9   10  11  12  13   14  15   16   17  18
                                     12Z  AVG MX 2MIN
DY MAX MIN AVG DEP HDD CDD  WTR  SNW DPTH SPD SPD DIR MIN PSBL S-S WX    SPD DR
================================================================================

 1  93  77  85   1   0  20 0.00  0.0    0  4.6 15 120   M    M   2 18     21 140
 2  91  75  83  -1   0  18 0.94  0.0    0  4.9 23  10   M    M   4 138    27 360
 3  85  75  80  -4   0  15 0.13  0.0    0  6.1 20 160   M    M   5 13     24 230
 4  89  74  82  -2   0  17 0.71  0.0    0  7.6 24 290   M    M   4 13     29 280
 5  92  75  84   0   0  19 0.00  0.0    0  5.7 25 270   M    M   1 38     34 280
 6  93  76  85   1   0  20 0.93  0.0    0  3.3 18 170   M    M   2 13     21 170
 7  92  75  84   0   0  19 0.31  0.0    0  3.9 22  40   M    M   3 138    26  40
 8  92  76  84   0   0  19 0.21  0.0    0  5.0 17  60   M    M   1 138    20  60
 9  95  78  87   3   0  22 0.16  0.0    0  5.1 24 160   M    M   3 3      29 150
10  93  78  86   2   0  21 0.65  0.0    0  3.7 31 120   M    M   2 38     42 130
11  92  76  84   0   0  19 1.04  0.0    0  2.7 20 260   M    M   2 3      24 270
12  91  76  84   0   0  19 0.02  0.0    0  4.5 22 250   M    M   2 3      27 260
13  94  77  86   2   0  21    T  0.0    0  4.6 21 210   M    M   2 3      25 200
14  96  76  86   2   0  21 0.71  0.0    0  5.3 25 240   M    M   1 13     32 250
15  91  74  83  -1   0  18 1.03  0.0    0  4.3 21 330   M    M   2 138    28 330
16  93  75  84   0   0  19 0.76  0.0    0  3.2 20 350   M    M   1 13     28 310
17  93  77  85   1   0  20    T  0.0    0  4.9 15 120   M    M   2        20 120
18  93  78  86   2   0  21 0.00  0.0    0  4.7 16 110   M    M   1 3      20 120
19  92  80  86   2   0  21 0.00  0.0    0  4.5 13 140   M    M   2 3      16 130
20  93  79  86   2   0  21 0.00  0.0    0  4.8 15 140   M    M   2 38     20 100
21  93  80  87   3   0  22 0.00  0.0    0  5.5 16 130   M    M   1 3      22 120
================================================================================
SM 1936 1607         0 412  7.60     0.0  98.9          M       45
================================================================================
AV 92.2 76.5                               4.7 FASTST   M    M   2    MAX(MPH)
                                 MISC ---->  # 31 120               # 42  130
================================================================================
NOTES:
# LAST OF SEVERAL OCCURRENCES

COLUMN 17 PEAK WIND IN M.P.H.

PRELIMINARY LOCAL CLIMATOLOGICAL DATA (WS FORM: F-6) , PAGE 2

                                          STATION:  OPA-LOCKA ARPT
                                          MONTH:    AUGUST
                                          YEAR:     2014
                                          LATITUDE:   25 53 N
                                          LONGITUDE:  80 17 W

[TEMPERATURE DATA]      [PRECIPITATION DATA]       SYMBOLS USED IN COLUMN 16

AVERAGE MONTHLY: 84.4   TOTAL FOR MONTH:   7.60    1 = FOG OR MIST
DPTR FM NORMAL:   0.4   DPTR FM NORMAL:    2.47    2 = FOG REDUCING VISIBILITY
HIGHEST:    96 ON 14    GRTST 24HR  1.73 ON 14-15      TO 1/4 MILE OR LESS
LOWEST:     74 ON 15, 4                            3 = THUNDER
                        SNOW, ICE PELLETS, HAIL    4 = ICE PELLETS
                        TOTAL MONTH:   0.0 INCH    5 = HAIL
                        GRTST 24HR     0.0         6 = FREEZING RAIN OR DRIZZLE
                        GRTST DEPTH:   0           7 = DUSTSTORM OR SANDSTORM:
                                                       VSBY 1/2 MILE OR LESS
                                                   8 = SMOKE OR HAZE
[NO. OF DAYS WITH]      [WEATHER - DAYS WITH]      9 = BLOWING SNOW
                                                   X = TORNADO
MAX 32 OR BELOW:   0    0.01 INCH OR MORE:  13
MAX 90 OR ABOVE:  19    0.10 INCH OR MORE:  12
MIN 32 OR BELOW:   0    0.50 INCH OR MORE:   8
MIN  0 OR BELOW:   0    1.00 INCH OR MORE:   2

[HDD (BASE 65) ]
TOTAL THIS MO.     0    CLEAR  (SCALE 0-3)  18
DPTR FM NORMAL     0    PTCLDY (SCALE 4-7)   3
TOTAL FM JUL 1     0    CLOUDY (SCALE 8-10)  0
DPTR FM NORMAL     0

[CDD (BASE 65) ]
TOTAL THIS MO.   412
DPTR FM NORMAL    13    [PRESSURE DATA]
TOTAL FM JAN 1  2980    HIGHEST SLP M ON M
DPTR FM NORMAL   256    LOWEST  SLP 29.88 ON  3

[REMARKS]
