000
CXUS52 KMFL 191000
CF6OPF
PRELIMINARY LOCAL CLIMATOLOGICAL DATA (WS FORM: F-6)

                                          STATION:   OPA-LOCKA ARPT
                                          MONTH:     APRIL
                                          YEAR:      2014
                                          LATITUDE:   25 53 N
                                          LONGITUDE:  80 17 W

  TEMPERATURE IN F:       :PCPN:    SNOW:  WIND      :SUNSHINE: SKY     :PK WND
================================================================================
1   2   3   4   5  6A  6B    7    8   9   10  11  12  13   14  15   16   17  18
                                     12Z  AVG MX 2MIN
DY MAX MIN AVG DEP HDD CDD  WTR  SNW DPTH SPD SPD DIR MIN PSBL S-S WX    SPD DR
================================================================================

 1  81  59  70  -4   0   5 0.00  0.0    0  6.9 16  70   M    M   1        31 100
 2  81  60  71  -3   0   6 0.00  0.0    0  7.6 17 130   M    M   0        23  80
 3  82  68  75   1   0  10 0.00  0.0    0  9.9 20 130   M    M   1        26 110
 4  84  70  77   3   0  12 0.00  0.0    0 10.4 20 150   M    M   3        24 150
 5  85  66  76   2   0  11 0.00  0.0    0  6.0 16 150   M    M   2        22  90
 6  86  66  76   2   0  11 0.00  0.0    0  8.1 18 170   M    M   0        24 160
 7  87  74  81   7   0  16 0.00  0.0    0 13.6 22 160   M    M   2        28 160
 8  91  67  79   5   0  14 0.09  0.0    0 15.6 33 260   M    M   6        44 260
 9  80  65  73  -1   0   8 0.00  0.0    0 11.6 25 300   M    M   4        31 310
10  81  63  72  -2   0   7 0.00  0.0    0  9.3 21  80   M    M   5        27  90
11  82  64  73  -1   0   8 0.00  0.0    0  8.6 20 140   M    M   4        25 130
12  84  67  76   2   0  11    T  0.0    0 11.0 23  70   M    M   2        27  60
13  83  72  78   3   0  13 0.02  0.0    0  9.9 22 100   M    M   6 1      27 100
14  87  72  80   5   0  15 0.00  0.0    0  9.1 17 160   M    M   3        22 140
15  89  73  81   6   0  16 0.81  0.0    0 11.3 29 300   M    M   3 13     33 300
16  84  71  78   3   0  13    T  0.0    0 10.1 18  80   M    M   5 8      22  70
17  82  73  78   3   0  13 0.09  0.0    0 10.3 18  30   M    M   5 13     22  90
18  85  73  79   4   0  14 0.11  0.0    0 12.3 24 170   M    M   4        30 150
================================================================================
SM 1514 1223         0 203  1.12     0.0 181.6          M       56
================================================================================
AV 84.1 67.9                              10.1 FASTST   M    M   3    MAX(MPH)
                                 MISC ---->  # 33 260               # 44  260
================================================================================
NOTES:
# LAST OF SEVERAL OCCURRENCES

COLUMN 17 PEAK WIND IN M.P.H.

PRELIMINARY LOCAL CLIMATOLOGICAL DATA (WS FORM: F-6) , PAGE 2

                                          STATION:  OPA-LOCKA ARPT
                                          MONTH:    APRIL
                                          YEAR:     2014
                                          LATITUDE:   25 53 N
                                          LONGITUDE:  80 17 W

[TEMPERATURE DATA]      [PRECIPITATION DATA]       SYMBOLS USED IN COLUMN 16

AVERAGE MONTHLY: 76.0   TOTAL FOR MONTH:   1.12    1 = FOG OR MIST
DPTR FM NORMAL:   1.7   DPTR FM NORMAL:   -0.52    2 = FOG REDUCING VISIBILITY
HIGHEST:    91 ON  8    GRTST 24HR  0.81 ON 15-15      TO 1/4 MILE OR LESS
LOWEST:     59 ON  1                               3 = THUNDER
                        SNOW, ICE PELLETS, HAIL    4 = ICE PELLETS
                        TOTAL MONTH:   0.0 INCH    5 = HAIL
                        GRTST 24HR     0.0         6 = FREEZING RAIN OR DRIZZLE
                        GRTST DEPTH:   0           7 = DUSTSTORM OR SANDSTORM:
                                                       VSBY 1/2 MILE OR LESS
                                                   8 = SMOKE OR HAZE
[NO. OF DAYS WITH]      [WEATHER - DAYS WITH]      9 = BLOWING SNOW
                                                   X = TORNADO
MAX 32 OR BELOW:   0    0.01 INCH OR MORE:   5
MAX 90 OR ABOVE:   1    0.10 INCH OR MORE:   2
MIN 32 OR BELOW:   0    0.50 INCH OR MORE:   1
MIN  0 OR BELOW:   0    1.00 INCH OR MORE:   0

[HDD (BASE 65) ]
TOTAL THIS MO.     0    CLEAR  (SCALE 0-3)  10
DPTR FM NORMAL     0    PTCLDY (SCALE 4-7)   8
TOTAL FM JUL 1   102    CLOUDY (SCALE 8-10)  0
DPTR FM NORMAL   -37

[CDD (BASE 65) ]
TOTAL THIS MO.   203
DPTR FM NORMAL    34    [PRESSURE DATA]
TOTAL FM JAN 1   841    HIGHEST SLP M ON M
DPTR FM NORMAL   173    LOWEST  SLP 29.78 ON  8

[REMARKS]
