000
CXUS54 KMRX 261000
CF6OQT
PRELIMINARY LOCAL CLIMATOLOGICAL DATA (WS FORM: F-6)

                                          STATION:   OAK_RIDGE_(ASOS)
                                          MONTH:     AUGUST
                                          YEAR:      2016
                                          LATITUDE:   36  1 N
                                          LONGITUDE:  84 14 W

  TEMPERATURE IN F:       :PCPN:    SNOW:  WIND      :SUNSHINE: SKY     :PK WND
================================================================================
1   2   3   4   5  6A  6B    7    8   9   10  11  12  13   14  15   16   17  18
                                     12Z  AVG MX 2MIN
DY MAX MIN AVG DEP HDD CDD  WTR  SNW DPTH SPD SPD DIR MIN PSBL S-S WX    SPD DR
================================================================================

 1  94  71  83   5   0  18    T    M    M  1.5  9 270   M    M   2 12     13 250
 2  94  74  84   6   0  19    T    M    M  2.6  9 330   M    M   1        18 200
 3  93  71  82   4   0  17 0.00    M    M  1.8  8 280   M    M   2        14  70
 4  94  73  84   6   0  19 0.11    M    M  1.9 10 250   M    M   3 1      18 290
 5  90  73  82   4   0  17 0.34    M    M  1.8 18 290   M    M   4 1      28 280
 6  92  71  82   4   0  17 0.26    M    M  1.7  8 200   M    M   3 12     13 200
 7  90  73  82   4   0  17 0.00    M    M  2.1 10 340   M    M   6 1      14 330
 8  92  74  83   5   0  18 0.04    M    M  1.4  9  90   M    M   6 1      14 120
 9  94  74  84   6   0  19 0.01    M    M  2.9 13 180   M    M   5 1      17 170
10  93  74  84   6   0  19 0.00    M    M  1.3 10 130   M    M   6        15 100
11  94  74  84   6   0  19 0.00    M    M  2.3 10 260   M    M   5        14 270
12  96  73  85   7   0  20 0.24    M    M  2.6 17 220   M    M   3        33 230
13  92  76  84   6   0  19 0.00    M    M  3.3 13 210   M    M   4        22 200
14  95  72  84   6   0  19 0.00    M    M  3.1 12 270   M    M   2        17 250
15  92  73  83   5   0  18 0.35    M    M  2.0 15 190   M    M   4 1      25 210
16  96  70  83   5   0  18 0.05    M    M  2.5 12 260   M    M   4 1      20 210
17  93  73  83   5   0  18 0.16    M    M  2.1 14 260   M    M   2 1      24 260
18  83  69  76  -2   0  11 0.79    M    M  0.8  8 260   M    M   5 1      14 240
19  80  72  76  -2   0  11 0.05    M    M  1.2  7 270   M    M   5         9 280
20  85  72  79   1   0  14 0.35    M    M  1.4  9 160   M    M   8 1      14 180
21  83  67  75  -2   0  10 1.16  0.0    0  2.2 14 310   M    M   7 12     20 310
22  84  61  73  -4   0   8 0.00    M    M  1.3  8  80   M    M   2 12     13  70
23  88  62  75  -2   0  10 0.00    M    0  2.0  7 270   M    M   0         M  M
24  91  68  80   3   0  15 0.00    M    M  1.2  7  99   M    M   5         M  M
25  92  73  83   6   0  18 0.00    M    M  2.4  9 260   M    M   2 8      13 210
================================================================================
SM 2270 1783         0 408  3.91     0.0  49.4          M       96
================================================================================
AV 90.8 71.3                               2.0 FASTST   M    M   4    MAX(MPH)
                                 MISC ---->  # 18 290               # 33  230
================================================================================
NOTES:
# LAST OF SEVERAL OCCURRENCES

COLUMN 17 PEAK WIND IN M.P.H.

PRELIMINARY LOCAL CLIMATOLOGICAL DATA (WS FORM: F-6) , PAGE 2

                                          STATION:  OAK_RIDGE_(ASOS)
                                          MONTH:    AUGUST
                                          YEAR:     2016
                                          LATITUDE:   36  1 N
                                          LONGITUDE:  84 14 W

[TEMPERATURE DATA]      [PRECIPITATION DATA]       SYMBOLS USED IN COLUMN 16

AVERAGE MONTHLY: 81.1   TOTAL FOR MONTH:   3.91    1 = FOG OR MIST
DPTR FM NORMAL:   3.3   DPTR FM NORMAL:    1.65    2 = FOG REDUCING VISIBILITY
HIGHEST:    96 ON 16,12 GRTST 24HR  1.51 ON 20-21      TO 1/4 MILE OR LESS
LOWEST:     61 ON 22                               3 = THUNDER
                        SNOW, ICE PELLETS, HAIL    4 = ICE PELLETS
                        TOTAL MONTH:   0.0 INCH    5 = HAIL
                        GRTST 24HR     0.0         6 = FREEZING RAIN OR DRIZZLE
                        GRTST DEPTH:   0           7 = DUSTSTORM OR SANDSTORM:
                                                       VSBY 1/2 MILE OR LESS
                                                   8 = SMOKE OR HAZE
[NO. OF DAYS WITH]      [WEATHER - DAYS WITH]      9 = BLOWING SNOW
                                                   X = TORNADO
MAX 32 OR BELOW:   0    0.01 INCH OR MORE:  13
MAX 90 OR ABOVE:  19    0.10 INCH OR MORE:   9
MIN 32 OR BELOW:   0    0.50 INCH OR MORE:   2
MIN  0 OR BELOW:   0    1.00 INCH OR MORE:   1

[HDD (BASE 65) ]
TOTAL THIS MO.     0    CLEAR  (SCALE 0-3)   9
DPTR FM NORMAL     0    PTCLDY (SCALE 4-7)  15
TOTAL FM JUL 1     0    CLOUDY (SCALE 8-10)  1
DPTR FM NORMAL     0

[CDD (BASE 65) ]
TOTAL THIS MO.   408
DPTR FM NORMAL    87    [PRESSURE DATA]
TOTAL FM JAN 1  1556    HIGHEST SLP M ON M
DPTR FM NORMAL   368    LOWEST  SLP 29.81 ON  7

[REMARKS]
