000
CXUS51 KAKQ 241010
CF6ORF
PRELIMINARY LOCAL CLIMATOLOGICAL DATA (WS FORM: F-6)

                                          STATION:   NORFOLK VA
                                          MONTH:     FEBRUARY
                                          YEAR:      2018
                                          LATITUDE:   36 54 N
                                          LONGITUDE:  76 12 W

  TEMPERATURE IN F:       :PCPN:    SNOW:  WIND      :SUNSHINE: SKY     :PK WND
================================================================================
1   2   3   4   5  6A  6B    7    8   9   10  11  12  13   14  15   16   17  18
                                     12Z  AVG MX 2MIN
DY MAX MIN AVG DEP HDD CDD  WTR  SNW DPTH SPD SPD DIR MIN PSBL S-S WX    SPD DR
================================================================================

 1  62  35  49   8  16   0 0.00  0.0    0 17.9 29 220   M    M   0        35 220
 2  56  26  41   0  24   0 0.22    T    0 13.2 25 210   M    M   5 1      33 190
 3  35  25  30 -11  35   0 0.00  0.0    0  9.0 17 360   M    M   0        23 340
 4  58  30  44   3  21   0 0.23  0.0    0  9.6 23 190   M    M   6 1      33 160
 5  44  32  38  -3  27   0 0.00  0.0    0  7.1 21 350   M    M   1 1      29 350
 6  58  27  43   2  22   0 0.00  0.0    0  6.9 20 220   M    M   4        24 230
 7  68  38  53  11  12   0 0.37  0.0    0 13.6 31 200   M    M   6 1      42 210
 8  43  29  36  -6  29   0    T  0.0    0 10.2 23  10   M    M   3        33 350
 9  54  28  41  -1  24   0 0.00  0.0    0  4.6 15 150   M    M   0 1      19 150
10  69  41  55  13  10   0 0.00  0.0    0  9.0 21 200   M    M   6 1      26 200
11  77  66  72  30   0   7    T  0.0    0 18.3 28 200   M    M   7 3      36 200
12  69  42  56  14   9   0 0.31  0.0    0 14.3 26 360   M    M   9 1      35  10
13  42  39  41  -1  24   0 0.09  0.0    0 12.3 21  30   M    M   8 1      25  40
14  53  39  46   4  19   0 0.00  0.0    0  8.1 16 220   M    M   7 1      19 220
15  74  52  63  20   2   0    T  0.0    0 15.7 23 230   M    M   1        29 220
16  75  47  61  18   4   0 0.15  0.0    0 12.3 24 230   M    M   5 1      32 230
17  48  40  44   1  21   0 0.17  0.0    0 10.8 21  20   M    M   6 18     29  30
18  51  40  46   3  19   0 0.00  0.0    0  6.4 18  30   M    M   1 1      22  40
19  61  38  50   7  15   0 0.17  0.0    0  4.3 15 170   M    M   8 12     19 160
20  75  56  66  23   0   1 0.00  0.0    0  5.2 15 200   M    M   7 12     18 200
21  79  63  71  27   0   6 0.00  0.0    0 11.0 17 240   M    M   7        24 220
22  79  45  62  18   3   0 0.00  0.0    0 13.3 24  30   M    M   6 1      29 220
23  51  45  48   4  17   0    T  0.0    0  7.0 15 360   M    M  10 12     19  10
================================================================================
SM 1381  923       353  14  1.71    T    240.1          M      113
================================================================================
AV 60.0 40.1                              10.4 FASTST   M    M   5    MAX(MPH)
                                 MISC ---->  # 31 200               # 42  210
================================================================================
NOTES:
# LAST OF SEVERAL OCCURRENCES

COLUMN 17 PEAK WIND IN M.P.H.

PRELIMINARY LOCAL CLIMATOLOGICAL DATA (WS FORM: F-6) , PAGE 2

                                          STATION:  NORFOLK VA
                                          MONTH:    FEBRUARY
                                          YEAR:     2018
                                          LATITUDE:   36 54 N
                                          LONGITUDE:  76 12 W

[TEMPERATURE DATA]      [PRECIPITATION DATA]       SYMBOLS USED IN COLUMN 16

AVERAGE MONTHLY: 50.1   TOTAL FOR MONTH:   1.71    1 = FOG OR MIST
DPTR FM NORMAL:   7.8   DPTR FM NORMAL:   -0.84    2 = FOG REDUCING VISIBILITY
HIGHEST:    79 ON 22,21 GRTST 24HR  0.37 ON  7- 7      TO 1/4 MILE OR LESS
LOWEST:     25 ON  3                               3 = THUNDER
                        SNOW, ICE PELLETS, HAIL    4 = ICE PELLETS
                        TOTAL MONTH:    T          5 = HAIL
                        GRTST 24HR    T  ON  2- 2  6 = FREEZING RAIN OR DRIZZLE
                        GRTST DEPTH:   0           7 = DUSTSTORM OR SANDSTORM:
                                                       VSBY 1/2 MILE OR LESS
                                                   8 = SMOKE OR HAZE
[NO. OF DAYS WITH]      [WEATHER - DAYS WITH]      9 = BLOWING SNOW
                                                   X = TORNADO
MAX 32 OR BELOW:   0    0.01 INCH OR MORE:   8
MAX 90 OR ABOVE:   0    0.10 INCH OR MORE:   7
MIN 32 OR BELOW:   7    0.50 INCH OR MORE:   0
MIN  0 OR BELOW:   0    1.00 INCH OR MORE:   0

[HDD (BASE 65) ]
TOTAL THIS MO.   353    CLEAR  (SCALE 0-3)   7
DPTR FM NORMAL  -171    PTCLDY (SCALE 4-7)  14
TOTAL FM JUL 1  2312    CLOUDY (SCALE 8-10)  2
DPTR FM NORMAL  -154

[CDD (BASE 65) ]
TOTAL THIS MO.    14
DPTR FM NORMAL    14    [PRESSURE DATA]
TOTAL FM JAN 1    15    HIGHEST SLP M ON M
DPTR FM NORMAL    15    LOWEST  SLP 29.72 ON M

[REMARKS]
