000
CXUS51 KAKQ 281010
CF6ORF
PRELIMINARY LOCAL CLIMATOLOGICAL DATA (WS FORM: F-6)

                                          STATION:   NORFOLK VA
                                          MONTH:     MARCH
                                          YEAR:      2017
                                          LATITUDE:   36 54 N
                                          LONGITUDE:  76 12 W

  TEMPERATURE IN F:       :PCPN:    SNOW:  WIND      :SUNSHINE: SKY     :PK WND
================================================================================
1   2   3   4   5  6A  6B    7    8   9   10  11  12  13   14  15   16   17  18
                                     12Z  AVG MX 2MIN
DY MAX MIN AVG DEP HDD CDD  WTR  SNW DPTH SPD SPD DIR MIN PSBL S-S WX    SPD DR
================================================================================

 1  83  62  73  28   0   8 0.28  0.0    0 19.6 38 230   M    M   4 13     49 230
 2  64  48  56  10   9   0 0.01  0.0    0 10.7 30 210   M    M   2        36 210
 3  51  34  43  -3  22   0    T    T    0  8.8 23  20   M    M   3        32  30
 4  47  34  41  -5  24   0 0.00  0.0    0  9.1 20  30   M    M   0        24  30
 5  39  29  34 -12  31   0 0.00  0.0    0  9.2 20  30   M    M   0        24  30
 6  63  29  46   0  19   0 0.00  0.0    0  7.3 16 180   M    M   1        20 200
 7  74  47  61  14   4   0    T  0.0    0 16.2 22 230   M    M   2        36 220
 8  67  47  57  10   8   0 0.02  0.0    0 11.8 29 360   M    M   4 1      42 360
 9  74  41  58  11   7   0 0.00  0.0    0  9.7 21 230   M    M   0        28 230
10  59  40  50   2  15   0    T  0.0    0 14.5 28 350   M    M   4        42 330
11  44  33  39  -9  26   0 0.00  0.0    0  8.3 17 360   M    M   0        26 360
12  40  34  37 -11  28   0 0.00  0.0    0  9.3 20  30   M    M   3        25  10
13  54  36  45  -3  20   0 0.69  0.0    0 12.1 21  90   M    M   5 1      29  80
14  56  35  46  -3  19   0 1.29    T    0 12.9 24 110   M    M   9 14     37 290
15  39  26  33 -16  32   0 0.00  0.0    0 11.7 24 250   M    M   1        33 280
16  46  30  38 -11  27   0 0.00  0.0    0  6.9 17 240   M    M   0        25 290
17  56  27  42  -8  23   0    T  0.0    0  5.9 14 180   M    M   3        19 190
18  55  44  50   0  15   0 0.09  0.0    0  8.7 18 210   M    M   9 1      24 210
19  48  36  42  -8  23   0 0.42  0.1    0 12.7 26  10   M    M   7 1      35 360
20  53  41  47  -3  18   0 0.00  0.0    0  6.3 16 350   M    M   1        22 330
21  65  46  56   5   9   0    T  0.0    0  6.6 17  20   M    M   4        25 110
22  53  40  47  -4  18   0    T  0.0    0 14.0 26  30   M    M   4        35  20
23  42  32  37 -14  28   0 0.00  0.0    0 10.2 23  40   M    M   0        29  30
24  71  31  51  -1  14   0 0.00  0.0    0 12.3 24 230   M    M   2        35 310
25  78  57  68  16   0   3 0.00  0.0    0 12.5 23 210   M    M   0        29 210
26  62  53  58   6   7   0 0.00  0.0    0  7.5 13  30   M    M   3        16  60
27  78  55  67  15   0   2 0.00  0.0    0 11.2 22 210   M    M   3        26 210
================================================================================
SM 1561 1067       446  13  2.80     0.1 286.0          M       74
================================================================================
AV 57.8 39.5                              10.6 FASTST   M    M   3    MAX(MPH)
                                 MISC ---->  # 38 230               # 49  230
================================================================================
NOTES:
# LAST OF SEVERAL OCCURRENCES

COLUMN 17 PEAK WIND IN M.P.H.

PRELIMINARY LOCAL CLIMATOLOGICAL DATA (WS FORM: F-6) , PAGE 2

                                          STATION:  NORFOLK VA
                                          MONTH:    MARCH
                                          YEAR:     2017
                                          LATITUDE:   36 54 N
                                          LONGITUDE:  76 12 W

[TEMPERATURE DATA]      [PRECIPITATION DATA]       SYMBOLS USED IN COLUMN 16

AVERAGE MONTHLY: 48.7   TOTAL FOR MONTH:   2.80    1 = FOG OR MIST
DPTR FM NORMAL:  -0.1   DPTR FM NORMAL:   -0.41    2 = FOG REDUCING VISIBILITY
HIGHEST:    83 ON  1    GRTST 24HR  1.29 ON 14-14      TO 1/4 MILE OR LESS
LOWEST:     26 ON 15                               3 = THUNDER
                        SNOW, ICE PELLETS, HAIL    4 = ICE PELLETS
                        TOTAL MONTH:   0.1 INCH    5 = HAIL
                        GRTST 24HR   0.1 ON 19-19  6 = FREEZING RAIN OR DRIZZLE
                        GRTST DEPTH:   0           7 = DUSTSTORM OR SANDSTORM:
                                                       VSBY 1/2 MILE OR LESS
                                                   8 = SMOKE OR HAZE
[NO. OF DAYS WITH]      [WEATHER - DAYS WITH]      9 = BLOWING SNOW
                                                   X = TORNADO
MAX 32 OR BELOW:   0    0.01 INCH OR MORE:   7
MAX 90 OR ABOVE:   0    0.10 INCH OR MORE:   4
MIN 32 OR BELOW:   7    0.50 INCH OR MORE:   2
MIN  0 OR BELOW:   0    1.00 INCH OR MORE:   1

[HDD (BASE 65) ]
TOTAL THIS MO.   446    CLEAR  (SCALE 0-3)  16
DPTR FM NORMAL     1    PTCLDY (SCALE 4-7)   9
TOTAL FM JUL 1  2498    CLOUDY (SCALE 8-10)  2
DPTR FM NORMAL  -516

[CDD (BASE 65) ]
TOTAL THIS MO.    13
DPTR FM NORMAL    13    [PRESSURE DATA]
TOTAL FM JAN 1    16    HIGHEST SLP M ON M
DPTR FM NORMAL    15    LOWEST  SLP 29.31 ON 14

[REMARKS]
