000
CXUS51 KBOX 251945
CF6ORH
PRELIMINARY LOCAL CLIMATOLOGICAL DATA (WS FORM: F-6)

                                          STATION:   WORCESTER MA
                                          MONTH:     MARCH
                                          YEAR:      2017
                                          LATITUDE:   42 16 N
                                          LONGITUDE:  71 52 W

  TEMPERATURE IN F:       :PCPN:    SNOW:  WIND      :SUNSHINE: SKY     :PK WND
================================================================================
1   2   3   4   5  6A  6B    7    8   9   10  11  12  13   14  15   16   17  18
                                     12Z  AVG MX 2MIN
DY MAX MIN AVG DEP HDD CDD  WTR  SNW DPTH SPD SPD DIR MIN PSBL S-S WX    SPD DR
================================================================================

 1  59  46  53  23  12   0 0.05  0.0    M 16.4 29 230   M    M   8 12     40 220
 2  55  24  40  10  25   0    T    T    M 25.8 44 280   M    M   2        59 270
 3  31  16  24  -7  41   0    T    T    M 13.8 32 290   M    M   2        44 280
 4  18   6  12 -19  53   0    T    T    M 17.8 30 320   M    M   2        46 300
 5  27   4  16 -15  49   0 0.00  0.0    M 16.7 29 310   M    M   0        37 300
 6  42  11  27  -5  38   0 0.00  0.0    M  7.0 15 320   M    M   1        23 310
 7  45  29  37   5  28   0 0.03  0.0    M 10.7 18 170   M    M  10 12     24 180
 8  53  42  48  16  17   0 0.12  0.0    M 14.8 29 260   M    M   6 1      38 260
 9  45  33  39   7  26   0 0.00  0.0    M 16.7 37 280   M    M   1        50 290
10  33  16  25  -8  40   0 0.09  1.7    0 11.2 30 280   M    M   8 1      37 270
11  16   5  11 -22  54   0    T    T    0 21.5 35 290   M    M   4        44 290
12  22   4  13 -20  52   0 0.00  0.0    M 15.9 25 280   M    M   0        35 300
13  31   8  20 -14  45   0 0.00  0.0    M  6.7 18 300   M    M   0        24 290
14  31  20  26  -8  39   0 1.54 14.4    M 17.1 33 280   M    M  10 1239   55  50
15  24  11  18 -16  47   0    T    M    M 18.5 29 280   M    M   4 89     39 280
16  30  15  23 -12  42   0 0.00  0.0    M 16.6 25 280   M    M   1        35 290
17  38  19  29  -6  36   0 0.00  0.0    M 10.9 22 300   M    M   3        28 300
18  36  21  29  -6  36   0 0.00  0.0    M  8.2 14  70   M    M   3        20  70
19  37  26  32  -4  33   0 0.00  0.0    M 11.5 18 360   M    M   6        28  40
20  50  29  40   4  25   0 0.00  0.0    M 10.1 17  30   M    M   0        25 350
21  50  32  41   5  24   0 0.00  0.0    M  9.1 18 280   M    M   4 8      27 290
22  36  13  25 -12  40   0    T    T    M 21.7 35 290   M    M   1        45 300
23  34  13  24 -13  41   0 0.00  0.0    M 12.8 26 310   M    M   0        35 310
24  43  24  34  -3  31   0 0.06    T    M 13.3 24 220   M    M   8 1      34 190
================================================================================
SM  886  467       874   0  1.89    16.1 344.8          M       84
================================================================================
AV 36.9 19.5                              14.4 FASTST   M    M   4    MAX(MPH)
                                 MISC ---->  # 44 280               # 59  270
================================================================================
NOTES:
# LAST OF SEVERAL OCCURRENCES

COLUMN 17 PEAK WIND IN M.P.H.

PRELIMINARY LOCAL CLIMATOLOGICAL DATA (WS FORM: F-6) , PAGE 2

                                          STATION:  WORCESTER MA
                                          MONTH:    MARCH
                                          YEAR:     2017
                                          LATITUDE:   42 16 N
                                          LONGITUDE:  71 52 W

[TEMPERATURE DATA]      [PRECIPITATION DATA]       SYMBOLS USED IN COLUMN 16

AVERAGE MONTHLY: 28.2   TOTAL FOR MONTH:   1.89    1 = FOG OR MIST
DPTR FM NORMAL:  -5.3   DPTR FM NORMAL:   -1.31    2 = FOG REDUCING VISIBILITY
HIGHEST:    59 ON  1    GRTST 24HR  1.54 ON 14-14      TO 1/4 MILE OR LESS
LOWEST:      4 ON 12, 5                            3 = THUNDER
                        SNOW, ICE PELLETS, HAIL    4 = ICE PELLETS
                        TOTAL MONTH:  16.1 INCHES  5 = HAIL
                        GRTST 24HR  14.4 ON 14-14  6 = FREEZING RAIN OR DRIZZLE
                        GRTST DEPTH:   0           7 = DUSTSTORM OR SANDSTORM:
                                                       VSBY 1/2 MILE OR LESS
                                                   8 = SMOKE OR HAZE
[NO. OF DAYS WITH]      [WEATHER - DAYS WITH]      9 = BLOWING SNOW
                                                   X = TORNADO
MAX 32 OR BELOW:   9    0.01 INCH OR MORE:   6
MAX 90 OR ABOVE:   0    0.10 INCH OR MORE:   2
MIN 32 OR BELOW:  21    0.50 INCH OR MORE:   1
MIN  0 OR BELOW:   0    1.00 INCH OR MORE:   1

[HDD (BASE 65) ]
TOTAL THIS MO.   874    CLEAR  (SCALE 0-3)  13
DPTR FM NORMAL   119    PTCLDY (SCALE 4-7)   9
TOTAL FM JUL 1  5151    CLOUDY (SCALE 8-10)  2
DPTR FM NORMAL  -441

[CDD (BASE 65) ]
TOTAL THIS MO.     0
DPTR FM NORMAL     0    [PRESSURE DATA]
TOTAL FM JAN 1     0    HIGHEST SLP M ON M
DPTR FM NORMAL     0    LOWEST  SLP 28.85 ON 14

[REMARKS]
