000
CXUS56 KOTX 210900
CF6OTX
PRELIMINARY LOCAL CLIMATOLOGICAL DATA (WS FORM: F-6)

                                          STATION:   SPOKANE  WA WFO
                                          MONTH:     JANUARY
                                          YEAR:      2018
                                          LATITUDE:   47 40 N
                                          LONGITUDE: 117 38 W

  TEMPERATURE IN F:       :PCPN:    SNOW:  WIND      :SUNSHINE: SKY     :PK WND
================================================================================
1   2   3   4   5  6A  6B    7    8   9   10  11  12  13   14  15   16   17  18
                                     12Z  AVG MX 2MIN
DY MAX MIN AVG DEP HDD CDD  WTR  SNW DPTH SPD SPD DIR MIN PSBL S-S WX    SPD DR
================================================================================

 1  22  10  16 -10  49   0 0.00  0.0    0  4.0  8   M   M    M   M         0  M
 2  24  19  22  -4  43   0 0.00  0.0    4  6.0 12   M   M    M   M         0  M
 3  31  19  25  -1  40   0 0.00  0.0    4  4.0  8   M   M    M   M         0  M
 4  32  14  23  -3  42   0 0.00  0.0    4  4.0  9   M   M    M   M         0  M
 5  33  29  31   5  34   0 0.04  0.0    4  6.0  M  91   M    M   M         M  M
 6  33  30  32   6  33   0 0.00  0.0    0  5.0 12   M   M    M   M         0  M
 7  36  32  34   8  31   0 0.10  0.3    4  4.0  8   M   M    M   M         0  M
 8  34  32  33   7  32   0    T  0.0    3  4.0  8   M   M    M   M         0  M
 9  38  32  35   8  30   0 0.34  0.0    3   M   M   M   M    M   M 12      M  M
10  37  29  33   6  32   0 0.00  0.0    0   M   M   M   M    M   M 1       M  M
11  32  28  30   3  35   0 0.68  7.7    3   M   M   M   M    M   M 12      M  M
12  36  31  34   7  31   0 0.01    T    9   M   M   M   M    M   M         M  M
13  41  33  37  10  28   0 0.02  0.0    8   M   M   M   M    M   M         M  M
14  40  29  35   8  30   0 0.00  0.0    6   M   M   M   M    M   M 12      M  M
15  43  27  35   7  30   0 0.00  0.0    4   M   M   M   M    M   M         M  M
16  36  26  31   3  34   0 0.11  0.0    4   M   M   M   M    M   M 126     M  M
17  38  31  35   7  30   0 0.06  0.0    0   M   M   M   M    M   M 12      M  M
18  42  28  35   7  30   0 0.32  0.0    4   M   M   M   M    M   M 1       M  M
19  37  29  33   5  32   0 0.00  0.0    3   M   M   M   M    M   M         M  M
20  37  27  32   4  33   0    T  0.0    2   M   M   M   M    M   M         M  M
================================================================================
SM  702  535       679   0  1.68     8.0  37.0          M        M
================================================================================
AV 35.1 26.8                               4.6 FASTST   M    M -nan   MAX(MPH)
                                 MISC ---->    12   M                  0    M
================================================================================
NOTES:
# LAST OF SEVERAL OCCURRENCES

COLUMN 17 PEAK WIND IN M.P.H.

PRELIMINARY LOCAL CLIMATOLOGICAL DATA (WS FORM: F-6) , PAGE 2

                                          STATION:  SPOKANE  WA WFO
                                          MONTH:    JANUARY
                                          YEAR:     2018
                                          LATITUDE:   47 40 N
                                          LONGITUDE: 117 38 W

[TEMPERATURE DATA]      [PRECIPITATION DATA]       SYMBOLS USED IN COLUMN 16

AVERAGE MONTHLY: 30.9   TOTAL FOR MONTH:   1.68    1 = FOG OR MIST
DPTR FM NORMAL:   4.0   DPTR FM NORMAL:    0.36    2 = FOG REDUCING VISIBILITY
HIGHEST:    43 ON 15    GRTST 24HR  0.68 ON 11-11      TO 1/4 MILE OR LESS
LOWEST:     10 ON  1                               3 = THUNDER
                        SNOW, ICE PELLETS, HAIL    4 = ICE PELLETS
                        TOTAL MONTH:   8.0 INCHES  5 = HAIL
                        GRTST 24HR   7.7 ON 11-11  6 = FREEZING RAIN OR DRIZZLE
                        GRTST DEPTH:   9 ON 12     7 = DUSTSTORM OR SANDSTORM:
                                                       VSBY 1/2 MILE OR LESS
                                                   8 = SMOKE OR HAZE
[NO. OF DAYS WITH]      [WEATHER - DAYS WITH]      9 = BLOWING SNOW
                                                   X = TORNADO
MAX 32 OR BELOW:   5    0.01 INCH OR MORE:   9
MAX 90 OR ABOVE:   0    0.10 INCH OR MORE:   5
MIN 32 OR BELOW:  19    0.50 INCH OR MORE:   1
MIN  0 OR BELOW:   0    1.00 INCH OR MORE:   0

[HDD (BASE 65) ]
TOTAL THIS MO.   679    CLEAR  (SCALE 0-3)   0
DPTR FM NORMAL   -84    PTCLDY (SCALE 4-7)   0
TOTAL FM JUL 1  3662    CLOUDY (SCALE 8-10)  0
DPTR FM NORMAL  -199

[CDD (BASE 65) ]
TOTAL THIS MO.     0
DPTR FM NORMAL     0    [PRESSURE DATA]
TOTAL FM JAN 1     0    HIGHEST SLP M ON M
DPTR FM NORMAL     0    LOWEST  SLP M ON M

[REMARKS]
