000
CXUS53 KPAH 290635
CF6PAH
PRELIMINARY LOCAL CLIMATOLOGICAL DATA (WS FORM: F-6)

                                          STATION:   PADUCAH KY
                                          MONTH:     NOVEMBER
                                          YEAR:      2014
                                          LATITUDE:   37  4 N
                                          LONGITUDE:  88 46 W

  TEMPERATURE IN F:       :PCPN:    SNOW:  WIND      :SUNSHINE: SKY     :PK WND
================================================================================
1   2   3   4   5  6A  6B    7    8   9   10  11  12  13   14  15   16   17  18
                                     12Z  AVG MX 2MIN
DY MAX MIN AVG DEP HDD CDD  WTR  SNW DPTH SPD SPD DIR MIN PSBL S-S WX    SPD DR
================================================================================

 1  51  29  40 -14  25   0 0.00  0.0    0  8.3 20 360   M    M   0        28 340
 2  57  23  40 -14  25   0    T  0.0    0  3.7 12 120   M    M   2        14 160
 3  67  40  54   1  11   0 0.00  0.0    0  7.1 16 210   M    M   0        24 210
 4  60  53  57   4   8   0 0.68  0.0    0  6.1 12 240   M    M   8 18     19 220
 5  54  48  51  -1  14   0 0.08  0.0    0  4.5 10 260   M    M   9 18     15 240
 6  57  32  45  -7  20   0 0.00  0.0    0 10.8 24 330   M    M   3 1      36 320
 7  53  30  42 -10  23   0 0.00  0.0    0  3.9 10 240   M    M   0 8      13 240
 8  57  31  44  -7  21   0 0.00  0.0    0  6.8 18 340   M    M   3 1      24 340
 9  58  29  44  -7  21   0 0.00  0.0    0  4.5 14 230   M    M   1 12     20 210
10  70  43  57   6   8   0 0.00  0.0    0 10.1 18 160   M    M   0        29 170
11  62  34  48  -2  17   0 0.06  0.0    0 11.0 20 320   M    M   8 18     28 300
12  36  28  32 -18  33   0 0.00  0.0    0 10.1 17 360   M    M   9        22  10
13  36  26  31 -18  34   0 0.00  0.0    0 10.2 20 350   M    M   6        24 330
14  37  19  28 -21  37   0 0.00  0.0    0  3.7 14  40   M    M   1        16  40
15  39  19  29 -19  36   0 0.04    T    0  2.7 12 100   M    M   3 4      14  90
16  40  32  36 -12  29   0 0.31  1.6    2  3.6 12 350   M    M  10 148    14 350
17  32  20  26 -22  39   0 0.12  1.2    2  8.8 16 340   M    M   7 18     24 340
18  25  10  18 -29  47   0 0.00  0.0    1  7.9 16 250   M    M   0        19 290
19  51  25  38  -9  27   0 0.00  0.0    T 11.2 25 240   M    M   2        32 230
20  42  20  31 -15  34   0 0.00  0.0    0  3.6 10 270   M    M   0        13 290
21  48  25  37  -9  28   0 0.00  0.0    0  7.7 15 100   M    M   8        18 110
22  67  45  56  11   9   0    T  0.0    0  7.5 17 180   M    M   8        27 170
23  60  50  55  10  10   0 1.17  0.0    0  9.8 22 220   M    M   8 1      34 230
24  62  37  50   6  15   0 0.00  0.0    0 14.3 33 260   M    M   8        49 230
25  45  26  36  -8  29   0 0.00  0.0    0  3.9 13 270   M    M   0        17 310
26  44  22  33 -11  32   0 0.11  0.0    0  6.5 18 270   M    M   5 18     24 280
27  38  25  32 -11  33   0 0.00  0.0    0  7.0 20 350   M    M   8 1      26 310
28  48  26  37  -6  28   0 0.00  0.0    0  6.9 16 170   M    M   0 18     23 210
================================================================================
SM 1396  847       693   0  2.57     2.8 202.2          M      117
================================================================================
AV 49.9 30.2                               7.2 FASTST   M    M   4    MAX(MPH)
                                 MISC ---->  # 33 260               # 49  230
================================================================================
NOTES:
# LAST OF SEVERAL OCCURRENCES

COLUMN 17 PEAK WIND IN M.P.H.

PRELIMINARY LOCAL CLIMATOLOGICAL DATA (WS FORM: F-6) , PAGE 2

                                          STATION:  PADUCAH KY
                                          MONTH:    NOVEMBER
                                          YEAR:     2014
                                          LATITUDE:   37  4 N
                                          LONGITUDE:  88 46 W

[TEMPERATURE DATA]      [PRECIPITATION DATA]       SYMBOLS USED IN COLUMN 16

AVERAGE MONTHLY: 40.1   TOTAL FOR MONTH:   2.57    1 = FOG OR MIST
DPTR FM NORMAL:  -8.5   DPTR FM NORMAL:   -1.40    2 = FOG REDUCING VISIBILITY
HIGHEST:    70 ON 10    GRTST 24HR  1.17 ON 23-23      TO 1/4 MILE OR LESS
LOWEST:     10 ON 18                               3 = THUNDER
                        SNOW, ICE PELLETS, HAIL    4 = ICE PELLETS
                        TOTAL MONTH:   2.8 INCHES  5 = HAIL
                        GRTST 24HR   1.6 ON   M    6 = FREEZING RAIN OR DRIZZLE
                        GRTST DEPTH:   2 ON 17,16  7 = DUSTSTORM OR SANDSTORM:
                                                       VSBY 1/2 MILE OR LESS
                                                   8 = SMOKE OR HAZE
[NO. OF DAYS WITH]      [WEATHER - DAYS WITH]      9 = BLOWING SNOW
                                                   X = TORNADO
MAX 32 OR BELOW:   2    0.01 INCH OR MORE:   8
MAX 90 OR ABOVE:   0    0.10 INCH OR MORE:   5
MIN 32 OR BELOW:  20    0.50 INCH OR MORE:   2
MIN  0 OR BELOW:   0    1.00 INCH OR MORE:   1

[HDD (BASE 65) ]
TOTAL THIS MO.   693    CLEAR  (SCALE 0-3)  13
DPTR FM NORMAL   229    PTCLDY (SCALE 4-7)   9
TOTAL FM JUL 1   918    CLOUDY (SCALE 8-10)  6
DPTR FM NORMAL   187

[CDD (BASE 65) ]
TOTAL THIS MO.     0
DPTR FM NORMAL     0    [PRESSURE DATA]
TOTAL FM JAN 1  1722    HIGHEST SLP M ON M
DPTR FM NORMAL   184    LOWEST  SLP 29.24 ON 24

[REMARKS]
