000
CXUS51 KBTV 200700
CF6PBG
PRELIMINARY LOCAL CLIMATOLOGICAL DATA (WS FORM: F-6)

                                          STATION:   PLATTSBURGH NY
                                          MONTH:     AUGUST
                                          YEAR:      2017
                                          LATITUDE:   44 39 N
                                          LONGITUDE:  73 28 W

  TEMPERATURE IN F:       :PCPN:    SNOW:  WIND      :SUNSHINE: SKY     :PK WND
================================================================================
1   2   3   4   5  6A  6B    7    8   9   10  11  12  13   14  15   16   17  18
                                     12Z  AVG MX 2MIN
DY MAX MIN AVG DEP HDD CDD  WTR  SNW DPTH SPD SPD DIR MIN PSBL S-S WX    SPD DR
================================================================================

 1  80  57  69   0   0   4 0.00  0.0    0  2.8 10  90   M    M   0 1      19  60
 2  85  57  71   2   0   6 0.00  0.0    0  4.7 14 140   M    M   1 3      23 170
 3  79  60  70   1   0   5    T  0.0    0  3.0 13 130   M    M   1 13     16 300
 4  86  59  73   4   0   8 0.05  0.0    0  6.9 23 160   M    M   2 13     31 150
 5  80  58  69   0   0   4 0.04  0.0    0  4.3 14 250   M    M   5 1      24 230
 6  75  56  66  -3   0   1    T  0.0    0  5.6 17 310   M    M   5        27 270
 7  70  56  63  -6   2   0 0.48  0.0    0  2.3 13 340   M    M   8 13     16  90
 8  73  56  65  -4   0   0 0.03  0.0    0  2.9  9  90   M    M   5 12     17 170
 9  82  55  69   0   0   4 0.00  0.0    0  4.9 14 310   M    M   5        26 270
10  81  56  69   1   0   4 0.00  0.0    0  3.9 15 150   M    M   1 1      18 170
11  82  62  72   4   0   7 0.08  0.0    0  6.2 21 180   M    M   5 13     25 180
12  82  64  73   5   0   8 0.00  0.0    0  7.9 21 140   M    M   2 1      27 150
13  82  56  69   1   0   4    T  0.0    0  5.1 16 350   M    M   4        22 350
14  80  56  68   0   0   3 0.00  0.0    0  6.3 17 130   M    M   0        23 140
15  82  56  69   1   0   4 0.06  0.0    0  4.3 17 150   M    M   4 13     24 150
16  76  50  63  -5   2   0 0.00  0.0    0  6.3 17  10   M    M   3 1      22 330
17  76  49  63  -5   2   0    T    M    0  3.3 13 120   M    M   1        20 130
18  81  61  71   3   0   6 0.87  0.0    0  9.9 20 140   M    M   5 13     26 160
19  82  62  72   5   0   7    T  0.0    0  4.0 13 130   M    M   6 1      19 220
================================================================================
SM 1514 1086         6  75  1.61     0.0  94.6          M       63
================================================================================
AV 79.7 57.2                               5.0 FASTST   M    M   3    MAX(MPH)
                                 MISC ---->  # 23 160               # 31  150
================================================================================
NOTES:
# LAST OF SEVERAL OCCURRENCES

COLUMN 17 PEAK WIND IN M.P.H.

PRELIMINARY LOCAL CLIMATOLOGICAL DATA (WS FORM: F-6) , PAGE 2

                                          STATION:  PLATTSBURGH NY
                                          MONTH:    AUGUST
                                          YEAR:     2017
                                          LATITUDE:   44 39 N
                                          LONGITUDE:  73 28 W

[TEMPERATURE DATA]      [PRECIPITATION DATA]       SYMBOLS USED IN COLUMN 16

AVERAGE MONTHLY: 68.4   TOTAL FOR MONTH:   1.61    1 = FOG OR MIST
DPTR FM NORMAL:   0.0   DPTR FM NORMAL:       M    2 = FOG REDUCING VISIBILITY
HIGHEST:    86 ON  4    GRTST 24HR  0.87 ON 18-18      TO 1/4 MILE OR LESS
LOWEST:     49 ON 17                               3 = THUNDER
                        SNOW, ICE PELLETS, HAIL    4 = ICE PELLETS
                        TOTAL MONTH:   0.0 INCH    5 = HAIL
                        GRTST 24HR     0.0         6 = FREEZING RAIN OR DRIZZLE
                        GRTST DEPTH:   0           7 = DUSTSTORM OR SANDSTORM:
                                                       VSBY 1/2 MILE OR LESS
                                                   8 = SMOKE OR HAZE
[NO. OF DAYS WITH]      [WEATHER - DAYS WITH]      9 = BLOWING SNOW
                                                   X = TORNADO
MAX 32 OR BELOW:   0    0.01 INCH OR MORE:   7
MAX 90 OR ABOVE:   0    0.10 INCH OR MORE:   2
MIN 32 OR BELOW:   0    0.50 INCH OR MORE:   1
MIN  0 OR BELOW:   0    1.00 INCH OR MORE:   0

[HDD (BASE 65) ]
TOTAL THIS MO.     6    CLEAR  (SCALE 0-3)   9
DPTR FM NORMAL    -1    PTCLDY (SCALE 4-7)  10
TOTAL FM JUL 1    25    CLOUDY (SCALE 8-10)  0
DPTR FM NORMAL     7

[CDD (BASE 65) ]
TOTAL THIS MO.    75
DPTR FM NORMAL     1    [PRESSURE DATA]
TOTAL FM JAN 1   297    HIGHEST SLP M ON M
DPTR FM NORMAL    10    LOWEST  SLP 29.77 ON 19

[REMARKS]
