000
CXUS53 KARX 200930
CF6PDC
PRELIMINARY LOCAL CLIMATOLOGICAL DATA (WS FORM: F-6)

                                          STATION:   PRAIRIE_DU_CHIEN_MUN
                                          MONTH:     DECEMBER
                                          YEAR:      2014
                                          LATITUDE:   43  1 N
                                          LONGITUDE:  91  7 W

  TEMPERATURE IN F:       :PCPN:    SNOW:  WIND      :SUNSHINE: SKY     :PK WND
================================================================================
1   2   3   4   5  6A  6B    7    8   9   10  11  12  13   14  15   16   17  18
                                     12Z  AVG MX 2MIN
DY MAX MIN AVG DEP HDD CDD  WTR  SNW DPTH SPD SPD DIR MIN PSBL S-S WX    SPD DR
================================================================================

 1  15   8  12   M  53   0 0.00  0.0    M  7.3 16 310   M    M   0        24 310
 2  30  11  21   M  44   0 0.00  0.0    M  5.5 14 160   M    M   5        17 160
 3  32  18  25   M  40   0 0.00  0.0    M  6.2 16 280   M    M   0        18 280
 4  32  19  26   M  39   0 0.00  0.0    M  4.5 10 120   M    M   7         M  M
 5  36  32  34   M  31   0 0.00  0.0    M  1.8  6 330   M    M  10 18      M  M
 6  39  25  32   M  33   0 0.00  0.0    M  3.2  8 350   M    M   2 18      M  M
 7  36  25  31   M  34   0 0.04    M    M  5.9 13 120   M    M   3        16 120
 8  36  30  33   M  32   0 0.12  0.0    M  6.3 16 280   M    M  10 1      25 280
 9  34  29  32   M  33   0 0.00  0.0    M  6.0 12 330   M    M   9        17 310
10  31  28  30   M  35   0 0.00  0.0    M  0.2  5  50   M    M  10         M  M
11  30  27  29   M  36   0 0.00  0.0    M  4.3 12 290   M    M  10 18      M  M
12  37  28  33   M  32   0 0.00  0.0    M  0.8  5 230   M    M   9 18      M  M
13  46  29  38   M  27   0 0.00  0.0    M  0.6  6 100   M    M   9 12      M  M
14  48  40  44   M  21   0 0.00  0.0    0  3.5  6 110   M    M  10 12      M  M
15  48  43  46   M  19   0 0.47  0.0    M  5.1 10 110   M    M  10 1      16 110
16  43  23  33   M  32   0 0.09    M    M 12.9 18 290   M    M  10 1      27 290
17  25  18  22   M  43   0    M    M    M  7.6 13 270   M    M   6        16 300
18  28  15  22   M  43   0    M    M    M  0.4  4  50   M    M   5         M  M
19  30  26  28   M  37   0    M    M    M  1.8  5 130   M    M  10         M  M
================================================================================
SM  656  474       664   0  0.72     0.0  83.9          M      135
================================================================================
AV 34.5 24.9                               4.4 FASTST   M    M   7    MAX(MPH)
                                 MISC ---->    18   M               # 27  290
================================================================================
NOTES:
# LAST OF SEVERAL OCCURRENCES

COLUMN 17 PEAK WIND IN M.P.H.

PRELIMINARY LOCAL CLIMATOLOGICAL DATA (WS FORM: F-6) , PAGE 2

                                          STATION:  PRAIRIE_DU_CHIEN_MUN
                                          MONTH:    DECEMBER
                                          YEAR:     2014
                                          LATITUDE:   43  1 N
                                          LONGITUDE:  91  7 W

[TEMPERATURE DATA]      [PRECIPITATION DATA]       SYMBOLS USED IN COLUMN 16

AVERAGE MONTHLY: 29.7   TOTAL FOR MONTH:   0.72    1 = FOG OR MIST
DPTR FM NORMAL:     M   DPTR FM NORMAL:       M    2 = FOG REDUCING VISIBILITY
HIGHEST:    48 ON 15,14 GRTST 24HR  0.47 ON 15-15      TO 1/4 MILE OR LESS
LOWEST:      8 ON  1                               3 = THUNDER
                        SNOW, ICE PELLETS, HAIL    4 = ICE PELLETS
                        TOTAL MONTH:   0.0 INCH    5 = HAIL
                        GRTST 24HR     0.0         6 = FREEZING RAIN OR DRIZZLE
                        GRTST DEPTH:   0           7 = DUSTSTORM OR SANDSTORM:
                                                       VSBY 1/2 MILE OR LESS
                                                   8 = SMOKE OR HAZE
[NO. OF DAYS WITH]      [WEATHER - DAYS WITH]      9 = BLOWING SNOW
                                                   X = TORNADO
MAX 32 OR BELOW:   9    0.01 INCH OR MORE:   4
MAX 90 OR ABOVE:   0    0.10 INCH OR MORE:   2
MIN 32 OR BELOW:  17    0.50 INCH OR MORE:   0
MIN  0 OR BELOW:   0    1.00 INCH OR MORE:   0

[HDD (BASE 65) ]
TOTAL THIS MO.   664    CLEAR  (SCALE 0-3)   4
DPTR FM NORMAL     M    PTCLDY (SCALE 4-7)   4
TOTAL FM JUL 1  2339    CLOUDY (SCALE 8-10) 11
DPTR FM NORMAL     M

[CDD (BASE 65) ]
TOTAL THIS MO.     0
DPTR FM NORMAL     M    [PRESSURE DATA]
TOTAL FM JAN 1   657    HIGHEST SLP M ON M
DPTR FM NORMAL     M    LOWEST  SLP M ON M

[REMARKS]
