000
CXUS53 KARX 192206
CF6PDC
PRELIMINARY LOCAL CLIMATOLOGICAL DATA (WS FORM: F-6)

                                          STATION:   PRAIRIE_DU_CHIEN_MUN
                                          MONTH:     JANUARY
                                          YEAR:      2018
                                          LATITUDE:   43  1 N
                                          LONGITUDE:  91  7 W

  TEMPERATURE IN F:       :PCPN:    SNOW:  WIND      :SUNSHINE: SKY     :PK WND
================================================================================
1   2   3   4   5  6A  6B    7    8   9   10  11  12  13   14  15   16   17  18
                                     12Z  AVG MX 2MIN
DY MAX MIN AVG DEP HDD CDD  WTR  SNW DPTH SPD SPD DIR MIN PSBL S-S WX    SPD DR
================================================================================

 1   1 -18  -8   M  73   0 0.00  0.0    2  5.8 10 240   M    M   0         M  M
 2  14 -15   0   M  65   0    T    T    2  5.3 13 220   M    M   2        18 220
 3  16  -4   6   M  59   0    T    T    2  8.5 15 290   M    M   3        20 310
 4   7 -12  -2   M  67   0 0.00  0.0    2  1.9  8 320   M    M   2         M  M
 5   9 -13  -2   M  67   0 0.00  0.0    2  1.7  9 330   M    M   0         M  M
 6  12 -14  -1   M  66   0 0.00  0.0    2  3.4  9 120   M    M   2         M  M
 7  33  11  22   M  43   0 0.00  0.0    2  5.1  9 180   M    M   4        17 130
 8  39  23  31   M  34   0 0.00  0.0    M  4.6 12 290   M    M   2         M  M
 9  40  24  32   M  33   0 0.00  0.0    M  4.4 10 110   M    M   0         M  M
10  43  32  38   M  27   0 0.00  0.0    M  6.6 12 140   M    M   9 18     17 120
11  48  10  29   M  36   0    M    M    M 11.8 18 310   M    M   9 1      28 270
12  13   1   7   M  58   0 0.00  0.0    M 11.8 15 330   M    M   4        21 310
13  10  -5   3   M  62   0 0.00  0.0    M  3.7  9 320   M    M   0         M  M
14  21  -6   8   M  57   0    M    M    M  4.7 12 140   M    M   7        20 160
15  21   4  13   M  52   0    M    M    M 10.7 17 300   M    M  10 8      23 300
16  16  -3   7   M  58   0    M    M    M  6.5 10 330   M    M   3         M  M
17  23  -6   9   M  56   0 0.00  0.0    M  5.5 14 220   M    M   0        23 210
18  35  17  26   M  39   0 0.00  0.0    M  5.5 13 220   M    M   0         M  M
================================================================================
SM  401   26       952   0    T     T    107.5          M       57
================================================================================
AV 22.3  1.4                               6.0 FASTST   M    M   3    MAX(MPH)
                                 MISC ---->  # 18 310               # 28  270
================================================================================
NOTES:
# LAST OF SEVERAL OCCURRENCES

COLUMN 17 PEAK WIND IN M.P.H.

PRELIMINARY LOCAL CLIMATOLOGICAL DATA (WS FORM: F-6) , PAGE 2

                                          STATION:  PRAIRIE_DU_CHIEN_MUN
                                          MONTH:    JANUARY
                                          YEAR:     2018
                                          LATITUDE:   43  1 N
                                          LONGITUDE:  91  7 W

[TEMPERATURE DATA]      [PRECIPITATION DATA]       SYMBOLS USED IN COLUMN 16

AVERAGE MONTHLY: 11.9   TOTAL FOR MONTH:      T    1 = FOG OR MIST
DPTR FM NORMAL:     M   DPTR FM NORMAL:       M    2 = FOG REDUCING VISIBILITY
HIGHEST:    48 ON 11    GRTST 24HR    T  ON  3- 3      TO 1/4 MILE OR LESS
LOWEST:    -18 ON  1                               3 = THUNDER
                        SNOW, ICE PELLETS, HAIL    4 = ICE PELLETS
                        TOTAL MONTH:    T          5 = HAIL
                        GRTST 24HR    T  ON  3- 3  6 = FREEZING RAIN OR DRIZZLE
                        GRTST DEPTH:   2 ON  7, 6  7 = DUSTSTORM OR SANDSTORM:
                                                       VSBY 1/2 MILE OR LESS
                                                   8 = SMOKE OR HAZE
[NO. OF DAYS WITH]      [WEATHER - DAYS WITH]      9 = BLOWING SNOW
                                                   X = TORNADO
MAX 32 OR BELOW:  12    0.01 INCH OR MORE:   0
MAX 90 OR ABOVE:   0    0.10 INCH OR MORE:   0
MIN 32 OR BELOW:  18    0.50 INCH OR MORE:   0
MIN  0 OR BELOW:  10    1.00 INCH OR MORE:   0

[HDD (BASE 65) ]
TOTAL THIS MO.   952    CLEAR  (SCALE 0-3)  12
DPTR FM NORMAL     M    PTCLDY (SCALE 4-7)   3
TOTAL FM JUL 1  3522    CLOUDY (SCALE 8-10)  3
DPTR FM NORMAL     M

[CDD (BASE 65) ]
TOTAL THIS MO.     0
DPTR FM NORMAL     M    [PRESSURE DATA]
TOTAL FM JAN 1     0    HIGHEST SLP M ON M
DPTR FM NORMAL     M    LOWEST  SLP M ON M

[REMARKS]
