000
CXUS52 KFFC 011110
CF6PDK
PRELIMINARY LOCAL CLIMATOLOGICAL DATA (WS FORM: F-6)

                                          STATION:   DEKALB PEACHTREE AIRPORT
                                          MONTH:     JUNE
                                          YEAR:      2015
                                          LATITUDE:   33 52 N
                                          LONGITUDE:  84 18 W

  TEMPERATURE IN F:       :PCPN:    SNOW:  WIND      :SUNSHINE: SKY     :PK WND
================================================================================
1   2   3   4   5  6A  6B    7    8   9   10  11  12  13   14  15   16   17  18
                                     12Z  AVG MX 2MIN
DY MAX MIN AVG DEP HDD CDD  WTR  SNW DPTH SPD SPD DIR MIN PSBL S-S WX    SPD DR
================================================================================

 1  81  66  74   0   0   9 0.06  0.0    0  5.6 13 240   M    M   7 138    20 310
 2  84  65  75   1   0  10 0.03    M    M  4.6 13 340   M    M   5 138    17 350
 3  79  64  72  -2   0   7 0.08  0.0    0  4.1 15  20   M    M   6 13     19  20
 4  79  62  71  -3   0   6 0.00    M    M  3.6  9 100   M    M   6 1      16 110
 5  86  61  74  -1   0   9 0.00    M    M  3.3 13 310   M    M   2 18     17 270
 6  90  64  77   2   0  12 0.00    M    M  2.8 12  20   M    M   1 18     15 340
 7  90  70  80   5   0  15 0.00    M    M  3.7 12 170   M    M   2 18     16 180
 8  88  70  79   4   0  14 0.00    M    M  8.1 18 230   M    M   3 18     27 240
 9  88  69  79   3   0  14    T    M    M  6.2 16 180   M    M   4 138    26 210
10  87  66  77   1   0  12 0.17    M    M  2.9 12 140   M    M   2 138    16 120
11  87  69  78   2   0  13 0.03  0.0    M  3.6 10 230   M    M   5 18     15 360
12  86  69  78   2   0  13    T  0.0    M  7.7 20 270   M    M   7 1      24 270
13  92  68  80   3   0  15 0.00    M    M  4.1 10 190   M    M   1        14 170
14  93  68  81   4   0  16 0.00    M    M  3.4 12 220   M    M   1 18     20 250
15  95  70  83   6   0  18 0.24    M    M  1.8 15 130   M    M   1 138    24 130
16  96  71  84   7   0  19 0.00    M    M  4.2 13 280   M    M   1 1      16 280
17  96  72  84   7   0  19 0.00    M    M  4.4 14 240   M    M   1 138    19 260
18  95  71  83   6   0  18 0.04    M    M  3.1 20 310   M    M   2 138    25 320
19  94  71  83   5   0  18 0.00    M    M  6.9 17 220   M    M   1 138    24 220
20  91  73  82   4   0  17 0.30    M    M 10.0 28 310   M    M   3 138    40 290
21  94  72  83   5   0  18 0.00    M    M  7.2 15 290   M    M   2 18     22  20
22  95  75  85   7   0  20 0.00    M    M  5.8 13 310   M    M   1 8      19 310
23  95  73  84   6   0  19 0.00    M    M  6.7 17 330   M    M   1 18     22 320
24  97  72  85   7   0  20 0.01    M    M  6.0 22 330   M    M   1 138    29 320
25  95  68  82   3   0  17 0.00    M    M  4.0 12 240   M    M   1 18     19 290
26  95  73  84   5   0  19 0.02    M    M  6.4 29 230   M    M   1 138    41 230
27  85  72  79   0   0  14 0.21  0.0    M  8.0 16 220   M    M   6 138    22 220
28  84  63  74  -5   0   9 0.00  0.0    M  7.9 16 290   M    M   1        24 290
29  88  60  74  -5   0   9 0.00  0.0    M  4.9 15 240   M    M   1 1      22 260
30  88  71  80   1   0  15    T  0.0    M 10.0 18 280   M    M   2 138    26 250
================================================================================
SM 2693 2058         0 434  1.19     0.0 161.0          M       78
================================================================================
AV 89.8 68.6                               5.4 FASTST   M    M   3    MAX(MPH)
                                 MISC ---->  # 29 230               # 41  230
================================================================================
NOTES:
# LAST OF SEVERAL OCCURRENCES

COLUMN 17 PEAK WIND IN M.P.H.

PRELIMINARY LOCAL CLIMATOLOGICAL DATA (WS FORM: F-6) , PAGE 2

                                          STATION:  DEKALB PEACHTREE AIRPORT
                                          MONTH:    JUNE
                                          YEAR:     2015
                                          LATITUDE:   33 52 N
                                          LONGITUDE:  84 18 W

[TEMPERATURE DATA]      [PRECIPITATION DATA]       SYMBOLS USED IN COLUMN 16

AVERAGE MONTHLY: 79.2   TOTAL FOR MONTH:   1.19    1 = FOG OR MIST
DPTR FM NORMAL:   2.4   DPTR FM NORMAL:   -3.57    2 = FOG REDUCING VISIBILITY
HIGHEST:    97 ON 24    GRTST 24HR  0.30 ON 20-20      TO 1/4 MILE OR LESS
LOWEST:     60 ON 29                               3 = THUNDER
                        SNOW, ICE PELLETS, HAIL    4 = ICE PELLETS
                        TOTAL MONTH:   0.0 INCH    5 = HAIL
                        GRTST 24HR     0.0         6 = FREEZING RAIN OR DRIZZLE
                        GRTST DEPTH:   0           7 = DUSTSTORM OR SANDSTORM:
                                                       VSBY 1/2 MILE OR LESS
                                                   8 = SMOKE OR HAZE
[NO. OF DAYS WITH]      [WEATHER - DAYS WITH]      9 = BLOWING SNOW
                                                   X = TORNADO
MAX 32 OR BELOW:   0    0.01 INCH OR MORE:  11
MAX 90 OR ABOVE:  16    0.10 INCH OR MORE:   4
MIN 32 OR BELOW:   0    0.50 INCH OR MORE:   0
MIN  0 OR BELOW:   0    1.00 INCH OR MORE:   0

[HDD (BASE 65) ]
TOTAL THIS MO.     0    CLEAR  (SCALE 0-3)  22
DPTR FM NORMAL     0    PTCLDY (SCALE 4-7)   8
TOTAL FM JUL 1  3085    CLOUDY (SCALE 8-10)  0
DPTR FM NORMAL   143

[CDD (BASE 65) ]
TOTAL THIS MO.   434
DPTR FM NORMAL    81    [PRESSURE DATA]
TOTAL FM JAN 1   711    HIGHEST SLP 30.15 ON 13
DPTR FM NORMAL   147    LOWEST  SLP 29.78 ON  9

[REMARKS]
#FINAL-06-15#
