000
CXUS52 KFFC 011110
CF6PDK
PRELIMINARY LOCAL CLIMATOLOGICAL DATA (WS FORM: F-6)

                                          STATION:   DEKALB PEACHTREE AIRPORT
                                          MONTH:     SEPTEMBER
                                          YEAR:      2016
                                          LATITUDE:   33 52 N
                                          LONGITUDE:  84 18 W

  TEMPERATURE IN F:       :PCPN:    SNOW:  WIND      :SUNSHINE: SKY     :PK WND
================================================================================
1   2   3   4   5  6A  6B    7    8   9   10  11  12  13   14  15   16   17  18
                                     12Z  AVG MX 2MIN
DY MAX MIN AVG DEP HDD CDD  WTR  SNW DPTH SPD SPD DIR MIN PSBL S-S WX    SPD DR
================================================================================

 1  91  71  81   4   0  16 1.49  0.0    M  2.3 17  10   M    M   2 3      23  20
 2  82  71  77   0   0  12 0.12    M    M  5.8 16  30   M    M   8 3      25  40
 3  84  65  75  -2   0  10 0.00    M    M  3.0 10 200   M    M   6        15 180
 4  86  66  76  -1   0  11 0.00    M    M  3.7 10 150   M    M   4        17  50
 5  88  66  77   1   0  12 0.00    M    M  1.0  9  10   M    M   1        10 360
 6  91  64  78   2   0  13 0.00    M    M  1.5  9 250   M    M   0        14 290
 7  94  65  80   4   0  15 0.00  0.0    M  2.3  8 180   M    M   0        13 240
 8  93  67  80   5   0  15 0.00  0.0    M  3.4 12 250   M    M   3        16 230
 9  93  66  80   5   0  15 0.00  0.0    M  3.0 14 300   M    M   0        19 290
10  92  66  79   4   0  14 0.00  0.0    M  4.1 15 220   M    M   1        20 240
11  91  70  81   6   0  16 0.00  0.0    M  5.1 12 310   M    M   2        17 340
12  90  70  80   6   0  15    T  0.0    M  2.8 10 160   M    M   1 3      15  50
13  88  69  79   5   0  14 0.00    M    M  4.0 10  90   M    M   2        15 100
14  93  70  82   8   0  17 0.00  0.0    M  4.3 13  30   M    M   1        17  50
15  94  67  81   8   0  16 0.00  0.0    M  2.5 12 120   M    M   1        15 120
16  89  69  79   6   0  14 0.00  0.0    M  3.4 10 140   M    M   1        17  60
17  86  68  77   4   0  12 0.00  0.0    M  2.2 10 160   M    M   4        15 140
18  77  71  74   2   0   9 1.28  0.0    M  2.5  9 140   M    M   9 13     15 260
19  88  70  79   7   0  14 0.00  0.0    M  5.4 15 340   M    M   5        18 340
20  90  69  80   8   0  15 0.00  0.0    M  3.0 10  20   M    M   2        15  20
21  90  67  79   8   0  14 0.00  0.0    M  3.4 14  10   M    M   1        19  10
22  90  68  79   8   0  14 0.00  0.0    M  3.4 13  10   M    M   1        15 360
23  90  66  78   7   0  13 0.00    M    M  2.0 12 330   M    M   1        17 340
24  93  67  80  10   0  15 0.00    M    M  1.1  9 340   M    M   2        12 350
25  93  65  79   9   0  14 0.00    M    M  1.4  8  30   M    M   0        13 150
26  88  68  78   9   0  13 0.00  0.0    M  3.3 12 360   M    M   1        15 160
27  89  68  79  10   0  14 0.12    M    M  3.7 14 220   M    M   1 3      19 260
28  86  60  73   4   0   8 0.00    M    M  4.9 16 210   M    M   0        20 210
29  78  57  68   0   0   3 0.00    M    M  6.6 15 300   M    M   0        20 300
30  74  53  64  -4   1   0 0.00  0.0    0  5.0 15 310   M    M   1        22 340
================================================================================
SM 2651 1999         1 383  3.01     0.0 100.1          M       61
================================================================================
AV 88.4 66.6                               3.3 FASTST   M    M   2    MAX(MPH)
                                 MISC ---->  # 17  10               # 25   40
================================================================================
NOTES:
# LAST OF SEVERAL OCCURRENCES

COLUMN 17 PEAK WIND IN M.P.H.

PRELIMINARY LOCAL CLIMATOLOGICAL DATA (WS FORM: F-6) , PAGE 2

                                          STATION:  DEKALB PEACHTREE AIRPORT
                                          MONTH:    SEPTEMBER
                                          YEAR:     2016
                                          LATITUDE:   33 52 N
                                          LONGITUDE:  84 18 W

[TEMPERATURE DATA]      [PRECIPITATION DATA]       SYMBOLS USED IN COLUMN 16

AVERAGE MONTHLY: 77.5   TOTAL FOR MONTH:   3.01    1 = FOG OR MIST
DPTR FM NORMAL:   4.5   DPTR FM NORMAL:   -1.55    2 = FOG REDUCING VISIBILITY
HIGHEST:    94 ON 15, 7 GRTST 24HR  1.61 ON  1- 2      TO 1/4 MILE OR LESS
LOWEST:     53 ON 30                               3 = THUNDER
                        SNOW, ICE PELLETS, HAIL    4 = ICE PELLETS
                        TOTAL MONTH:   0.0 INCH    5 = HAIL
                        GRTST 24HR     0.0         6 = FREEZING RAIN OR DRIZZLE
                        GRTST DEPTH:   0           7 = DUSTSTORM OR SANDSTORM:
                                                       VSBY 1/2 MILE OR LESS
                                                   8 = SMOKE OR HAZE
[NO. OF DAYS WITH]      [WEATHER - DAYS WITH]      9 = BLOWING SNOW
                                                   X = TORNADO
MAX 32 OR BELOW:   0    0.01 INCH OR MORE:   4
MAX 90 OR ABOVE:  16    0.10 INCH OR MORE:   4
MIN 32 OR BELOW:   0    0.50 INCH OR MORE:   2
MIN  0 OR BELOW:   0    1.00 INCH OR MORE:   2

[HDD (BASE 65) ]
TOTAL THIS MO.     1    CLEAR  (SCALE 0-3)  23
DPTR FM NORMAL    -9    PTCLDY (SCALE 4-7)   5
TOTAL FM JUL 1     1    CLOUDY (SCALE 8-10)  2
DPTR FM NORMAL    -9

[CDD (BASE 65) ]
TOTAL THIS MO.   383
DPTR FM NORMAL   136    [PRESSURE DATA]
TOTAL FM JAN 1  2247    HIGHEST SLP 30.23 ON  6
DPTR FM NORMAL   543    LOWEST  SLP 29.78 ON  2

[REMARKS]
#FINAL-09-16#
