364
CXUS56 KPQR 281200
CF6PDX
PRELIMINARY LOCAL CLIMATOLOGICAL DATA (WS FORM: F-6)

                                          STATION:   PORTLAND OR
                                          MONTH:     MARCH
                                          YEAR:      2017
                                          LATITUDE:   45 35 N
                                          LONGITUDE: 122 36 W

  TEMPERATURE IN F:       :PCPN:    SNOW:  WIND      :SUNSHINE: SKY     :PK WND
================================================================================
1   2   3   4   5  6A  6B    7    8   9   10  11  12  13   14  15   16   17  18
                                     12Z  AVG MX 2MIN
DY MAX MIN AVG DEP HDD CDD  WTR  SNW DPTH SPD SPD DIR MIN PSBL S-S WX    SPD DR
================================================================================

 1  51  40  46   0  19   0    T  0.0    0  9.6 17 200   M    M  10        21 200
 2  51  36  44  -2  21   0 0.06  0.0    0  8.8 17 200   M    M   9        20 190
 3  53  43  48   2  17   0 0.11  0.0    0 12.7 24 200   M    M  10 1      32 170
 4  47  35  41  -5  24   0 0.14  0.0    0  7.6 23 200   M    M   9 1      27 210
 5  47  36  42  -4  23   0 0.09  0.0    0 14.2 26 200   M    M   8 1      35 220
 6  46  34  40  -6  25   0 0.11    T    0 11.1 21 230   M    M   8 13     26 210
 7  50  40  45  -2  20   0 0.49  0.0    0 11.3 20 200   M    M   9 1      26 200
 8  47  41  44  -3  21   0 0.43  0.0    0  2.9  8 280   M    M  10 1      11 290
 9  58  41  50   3  15   0 0.53  0.0    0  7.3 23 200   M    M  10 1      31 210
10  60  44  52   5  13   0    T  0.0    0  8.4 23 220   M    M   7 1      29 240
11  58  39  49   2  16   0 0.30  0.0    0  8.0 21 230   M    M   9 1      26 220
12  61  46  54   6  11   0 0.00  0.0    0  6.4 15 120   M    M   8        18 120
13  53  47  50   2  15   0 0.73  0.0    0  8.7 21 120   M    M  10 1      24 120
14  57  49  53   5  12   0 0.62  0.0    0 10.7 22 120   M    M   8 1      26 120
15  57  45  51   3  14   0 0.51  0.0    0 12.8 31 200   M    M  10 1      40 210
16  55  37  46  -2  19   0 0.00  0.0    0  3.9 10 300   M    M   5        13 300
17  48  37  43  -5  22   0 0.35    M    0  8.2 24 120   M    M   9 1      29 120
18  55  36  46  -3  19   0 0.36    M    0  8.2 21 120   M    M   8 1      27 120
19  57  32  45  -4  20   0 0.00  0.0    0  4.1 13 310   M    M   6        16 300
20  55  38  47  -2  18   0 0.11  0.0    0 11.5 25 100   M    M   8        32 100
21  57  44  51   2  14   0 0.23  0.0    0 12.8 30 110   M    M   9 13     35 100
22  55  42  49   0  16   0 0.08  0.0    0 10.2 22 230   M    M   7 58     28 190
23  58  41  50   1  15   0 0.32  0.0    0  9.0 16 120   M    M   9 1      21 120
24  53  46  50   1  15   0 0.77    M    0 10.8 20 210   M    M   9 1      25 200
25  55  41  48  -2  17   0    T    M    0  6.5 14 230   M    M   8        18 200
26  50  44  47  -3  18   0 0.66    M    0  9.1 18 110   M    M  10 1      23 120
27  55  45  50   0  15   0 0.01    M    0  9.8 22 220   M    M   9        27 220
================================================================================
SM 1449 1099       474   0  7.01    T    244.6          M      232
================================================================================
AV 53.7 40.7                               9.1 FASTST   M    M   9    MAX(MPH)
                                 MISC ---->  # 31 200               # 40  210
================================================================================
NOTES:
# LAST OF SEVERAL OCCURRENCES

COLUMN 17 PEAK WIND IN M.P.H.

PRELIMINARY LOCAL CLIMATOLOGICAL DATA (WS FORM: F-6) , PAGE 2

                                          STATION:  PORTLAND OR
                                          MONTH:    MARCH
                                          YEAR:     2017
                                          LATITUDE:   45 35 N
                                          LONGITUDE: 122 36 W

[TEMPERATURE DATA]      [PRECIPITATION DATA]       SYMBOLS USED IN COLUMN 16

AVERAGE MONTHLY: 47.2   TOTAL FOR MONTH:   7.01    1 = FOG OR MIST
DPTR FM NORMAL:  -0.7   DPTR FM NORMAL:    3.75    2 = FOG REDUCING VISIBILITY
HIGHEST:    61 ON 12    GRTST 24HR  0.77 ON 24-24      TO 1/4 MILE OR LESS
LOWEST:     32 ON 19                               3 = THUNDER
                        SNOW, ICE PELLETS, HAIL    4 = ICE PELLETS
                        TOTAL MONTH:    T          5 = HAIL
                        GRTST 24HR    T  ON  6- 6  6 = FREEZING RAIN OR DRIZZLE
                        GRTST DEPTH:   0           7 = DUSTSTORM OR SANDSTORM:
                                                       VSBY 1/2 MILE OR LESS
                                                   8 = SMOKE OR HAZE
[NO. OF DAYS WITH]      [WEATHER - DAYS WITH]      9 = BLOWING SNOW
                                                   X = TORNADO
MAX 32 OR BELOW:   0    0.01 INCH OR MORE:  21
MAX 90 OR ABOVE:   0    0.10 INCH OR MORE:  17
MIN 32 OR BELOW:   1    0.50 INCH OR MORE:   6
MIN  0 OR BELOW:   0    1.00 INCH OR MORE:   0

[HDD (BASE 65) ]
TOTAL THIS MO.   474    CLEAR  (SCALE 0-3)   0
DPTR FM NORMAL    12    PTCLDY (SCALE 4-7)   8
TOTAL FM JUL 1  3679    CLOUDY (SCALE 8-10) 19
DPTR FM NORMAL   159

[CDD (BASE 65) ]
TOTAL THIS MO.     0
DPTR FM NORMAL     0    [PRESSURE DATA]
TOTAL FM JAN 1     0    HIGHEST SLP M ON M
DPTR FM NORMAL     0    LOWEST  SLP 29.55 ON  4

[REMARKS]
