000
CXUS56 KPQR 221200
CF6PDX
PRELIMINARY LOCAL CLIMATOLOGICAL DATA (WS FORM: F-6)

                                          STATION:   PORTLAND OR
                                          MONTH:     MAY
                                          YEAR:      2015
                                          LATITUDE:   45 35 N
                                          LONGITUDE: 122 36 W

  TEMPERATURE IN F:       :PCPN:    SNOW:  WIND      :SUNSHINE: SKY     :PK WND
================================================================================
1   2   3   4   5  6A  6B    7    8   9   10  11  12  13   14  15   16   17  18
                                     12Z  AVG MX 2MIN
DY MAX MIN AVG DEP HDD CDD  WTR  SNW DPTH SPD SPD DIR MIN PSBL S-S WX    SPD DR
================================================================================

 1  73  50  62   7   3   0 0.00  0.0    0  6.6 17 320   M    M   6        23 330
 2  70  48  59   4   6   0 0.00  0.0    0  7.8 17 320   M    M   4        24 320
 3  76  46  61   5   4   0 0.00  0.0    0  5.8 12 320   M    M   1        16 320
 4  64  47  56   0   9   0 0.00  0.0    0  6.0 21 270   M    M   6        29 280
 5  65  48  57   1   8   0 0.02    M    0  5.8 16 270   M    M   7        21 200
 6  63  47  55  -1  10   0 0.05    M    0  8.4 20 310   M    M   6 1      27 310
 7  72  45  59   3   6   0 0.00  0.0    0  7.4 20 310   M    M   3        24 320
 8  80  48  64   7   1   0 0.00  0.0    0  5.5 16 310   M    M   1        20 310
 9  84  49  67  10   0   2 0.00  0.0    0  5.1 13 340   M    M   3        17 340
10  71  53  62   5   3   0    T  0.0    0  6.6 22 310   M    M   9        26 320
11  61  50  56  -1   9   0 0.39  0.0    0  7.0 16 310   M    M  10 1      20 300
12  58  49  54  -4  11   0 0.12    M    0  8.3 15 190   M    M  10 1      22 180
13  64  50  57  -1   8   0    T  0.0    0  7.5 13 200   M    M   7        15 190
14  71  47  59   1   6   0 0.00  0.0    0  6.9 17 310   M    M   5        21 310
15  62  52  57  -1   8   0    T  0.0    0  5.5 13 320   M    M   9        18 320
16  59  54  57  -1   8   0 0.00  0.0    0  3.2  9 310   M    M  10 1      12 310
17  71  53  62   3   3   0 0.00  0.0    0  5.5 10 310   M    M   7        13 280
18  78  52  65   6   0   0 0.00  0.0    0  6.2 15 300   M    M   6        18 360
19  64  53  59   0   6   0 0.01  0.0    0  3.5 13 320   M    M  10 1      16 320
20  75  55  65   6   0   0    T  0.0    0  6.2 13 280   M    M   9 8      15 270
21  73  58  66   7   0   1    T  0.0    0  4.3 12  80   M    M   9        13  80
================================================================================
SM 1454 1054       109   3  0.59     0.0 129.1          M      138
================================================================================
AV 69.2 50.2                               6.1 FASTST   M    M   7    MAX(MPH)
                                 MISC ---->  # 22 310               # 29  280
================================================================================
NOTES:
# LAST OF SEVERAL OCCURRENCES

COLUMN 17 PEAK WIND IN M.P.H.

PRELIMINARY LOCAL CLIMATOLOGICAL DATA (WS FORM: F-6) , PAGE 2

                                          STATION:  PORTLAND OR
                                          MONTH:    MAY
                                          YEAR:     2015
                                          LATITUDE:   45 35 N
                                          LONGITUDE: 122 36 W

[TEMPERATURE DATA]      [PRECIPITATION DATA]       SYMBOLS USED IN COLUMN 16

AVERAGE MONTHLY: 59.7   TOTAL FOR MONTH:   0.59    1 = FOG OR MIST
DPTR FM NORMAL:   2.4   DPTR FM NORMAL:   -1.04    2 = FOG REDUCING VISIBILITY
HIGHEST:    84 ON  9    GRTST 24HR  0.49 ON 11-12      TO 1/4 MILE OR LESS
LOWEST:     45 ON  7                               3 = THUNDER
                        SNOW, ICE PELLETS, HAIL    4 = ICE PELLETS
                        TOTAL MONTH:   0.0 INCH    5 = HAIL
                        GRTST 24HR     0.0         6 = FREEZING RAIN OR DRIZZLE
                        GRTST DEPTH:   0           7 = DUSTSTORM OR SANDSTORM:
                                                       VSBY 1/2 MILE OR LESS
                                                   8 = SMOKE OR HAZE
[NO. OF DAYS WITH]      [WEATHER - DAYS WITH]      9 = BLOWING SNOW
                                                   X = TORNADO
MAX 32 OR BELOW:   0    0.01 INCH OR MORE:   5
MAX 90 OR ABOVE:   0    0.10 INCH OR MORE:   2
MIN 32 OR BELOW:   0    0.50 INCH OR MORE:   0
MIN  0 OR BELOW:   0    1.00 INCH OR MORE:   0

[HDD (BASE 65) ]
TOTAL THIS MO.   109    CLEAR  (SCALE 0-3)   4
DPTR FM NORMAL   -60    PTCLDY (SCALE 4-7)   9
TOTAL FM JUL 1  3324    CLOUDY (SCALE 8-10)  8
DPTR FM NORMAL  -808

[CDD (BASE 65) ]
TOTAL THIS MO.     3
DPTR FM NORMAL     1    [PRESSURE DATA]
TOTAL FM JAN 1     5    HIGHEST SLP M ON M
DPTR FM NORMAL     2    LOWEST  SLP 29.77 ON 14

[REMARKS]
