000
CXUS54 KEWX 270910
CF6PEZ
PRELIMINARY LOCAL CLIMATOLOGICAL DATA (WS FORM: F-6)

                                          STATION:   PLEASANTON MUNICIPAL AIRPORT
                                          MONTH:     NOVEMBER
                                          YEAR:      2014
                                          LATITUDE:   28 57 N
                                          LONGITUDE:  98 31 W

  TEMPERATURE IN F:       :PCPN:    SNOW:  WIND      :SUNSHINE: SKY     :PK WND
================================================================================
1   2   3   4   5  6A  6B    7    8   9   10  11  12  13   14  15   16   17  18
                                     12Z  AVG MX 2MIN
DY MAX MIN AVG DEP HDD CDD  WTR  SNW DPTH SPD SPD DIR MIN PSBL S-S WX    SPD DR
================================================================================

 1  73  47  60   M   5   0    M    M    M  5.8 12 100   M    M   0        16 100
 2  79  52  66   M   0   1    M    M    M  7.6 17 120   M    M   4 8      23 120
 3  79  63  71   M   0   6    M    M    M  7.0 15 130   M    M  10        21 130
 4  80  59  70   M   0   5    M    M    M  7.1 20 350   M    M   9 3      28 350
 5  60  58  59   M   6   0    M    M    M 10.5 16  20   M    M  10        22  10
 6  60  55  58   M   7   0    M    M    M  6.8 14 360   M    M  10        20 360
 7  68  53  61   M   4   0    M    M    M  2.5  6  50   M    M   4         M  M
 8  77  51  64   M   1   0    M    M    M  3.6  8 360   M    M   3 8      17 360
 9  76  47  62   M   3   0    M    M    M  3.4  7 210   M    M   0 8       M  M
10  80  45  63   M   2   0    M    M    M  5.4 14 180   M    M   0        18 180
11  68  47  58   M   7   0    M    M    M  6.7 15  10   M    M   7 12     29 360
12  53  42  48   M  17   0    M    M    M  9.7 15  20   M    M   8        23  10
13  45  37  41   M  24   0    M    M    M  9.2 13 360   M    M  10        21 360
14  50  37  44   M  21   0    M    M    M  6.3 10  20   M    M   9         M  M
15  48  40  44   M  21   0    M    M    M  2.9  7  20   M    M  10 1       M  M
16  55  39  47   M  18   0    M    M    M  5.4 18 340   M    M  10 1      30 340
17  55  34  45   M  20   0    M    M    M  7.7 13 330   M    M   1        21 330
18  56  32  44   M  21   0    M    M    M  2.0  7 150   M    M   3         M  M
19  69  32  51   M  14   0    M    M    M  2.3 12 190   M    M   0        16 190
20  71  44  58   M   7   0    M    M    M  1.3  8 130   M    M   7 1       M  M
21  73  62  68   M   0   3    M    M    M  5.8 13 130   M    M   9 1      18 130
22  80  55  68   M   0   3    M    M    M  9.8 32 290   M    M   7 3      50 290
23  83  48  66   M   0   1    M    M    M  5.6 13 220   M    M   0 1      20 230
24  67  40  54   M  11   0    M    M    M  6.1 13 330   M    M   0        18 350
25  69  38  54   M  11   0    M    M    M  3.0 10 270   M    M   0         M  M
26  76  35  56   M   9   0 0.00    M    M  3.0 10 210   M    M   0        17 210
================================================================================
SM 1750 1192       229  19  0.00    M    146.5          M      131
================================================================================
AV 67.3 45.8                               5.6 FASTST   M    M   5    MAX(MPH)
                                 MISC ---->    32   M               # 50  290
================================================================================
NOTES:
# LAST OF SEVERAL OCCURRENCES

COLUMN 17 PEAK WIND IN M.P.H.

PRELIMINARY LOCAL CLIMATOLOGICAL DATA (WS FORM: F-6) , PAGE 2

                                          STATION:  PLEASANTON MUNICIPAL AIRPORT
                                          MONTH:    NOVEMBER
                                          YEAR:     2014
                                          LATITUDE:   28 57 N
                                          LONGITUDE:  98 31 W

[TEMPERATURE DATA]      [PRECIPITATION DATA]       SYMBOLS USED IN COLUMN 16

AVERAGE MONTHLY: 56.6   TOTAL FOR MONTH:   0.00    1 = FOG OR MIST
DPTR FM NORMAL:     M   DPTR FM NORMAL:       M    2 = FOG REDUCING VISIBILITY
HIGHEST:    83 ON 23    GRTST 24HR  0.00 ON 26-26      TO 1/4 MILE OR LESS
LOWEST:     32 ON 19,18                            3 = THUNDER
                        SNOW, ICE PELLETS, HAIL    4 = ICE PELLETS
                        TOTAL MONTH:    M          5 = HAIL
                        GRTST 24HR    M  ON   M    6 = FREEZING RAIN OR DRIZZLE
                        GRTST DEPTH:  M  ON   M    7 = DUSTSTORM OR SANDSTORM:
                                                       VSBY 1/2 MILE OR LESS
                                                   8 = SMOKE OR HAZE
[NO. OF DAYS WITH]      [WEATHER - DAYS WITH]      9 = BLOWING SNOW
                                                   X = TORNADO
MAX 32 OR BELOW:   0    0.01 INCH OR MORE:   0
MAX 90 OR ABOVE:   0    0.10 INCH OR MORE:   0
MIN 32 OR BELOW:   2    0.50 INCH OR MORE:   0
MIN  0 OR BELOW:   0    1.00 INCH OR MORE:   0

[HDD (BASE 65) ]
TOTAL THIS MO.   229    CLEAR  (SCALE 0-3)  11
DPTR FM NORMAL     M    PTCLDY (SCALE 4-7)   5
TOTAL FM JUL 1   229    CLOUDY (SCALE 8-10) 10
DPTR FM NORMAL     M

[CDD (BASE 65) ]
TOTAL THIS MO.    19
DPTR FM NORMAL     M    [PRESSURE DATA]
TOTAL FM JAN 1  3423    HIGHEST SLP M ON M
DPTR FM NORMAL     M    LOWEST  SLP M ON M

[REMARKS]
