000
CXUS56 KFGZ 010900
CF6PGA
PRELIMINARY LOCAL CLIMATOLOGICAL DATA (WS FORM: F-6)

                                          STATION:   PAGE AZ AIRPORT
                                          MONTH:     JUNE
                                          YEAR:      2015
                                          LATITUDE:   36 55 N
                                          LONGITUDE: 111 27 W

  TEMPERATURE IN F:       :PCPN:    SNOW:  WIND      :SUNSHINE: SKY     :PK WND
================================================================================
1   2   3   4   5  6A  6B    7    8   9   10  11  12  13   14  15   16   17  18
                                     12Z  AVG MX 2MIN
DY MAX MIN AVG DEP HDD CDD  WTR  SNW DPTH SPD SPD DIR MIN PSBL S-S WX    SPD DR
================================================================================

 1  95  68  82   8   0  17 0.00    M    M  8.1 17 200   M    M   0        31 200
 2  93  67  80   6   0  15 0.00    M    M  5.9 14  10   M    M   0        20  50
 3  90  61  76   2   0  11 0.00    M    M  7.0 16 200   M    M   0        24 200
 4  91  59  75   1   0  10 0.00    M    M  9.8 31 180   M    M   0        42 180
 5  76  58  67  -8   0   2 0.23    M    M  8.8 25 160   M    M   4 1      30 170
 6  70  59  65 -10   0   0 0.43    M    M  6.8 18  10   M    M   4 1      23  40
 7  81  55  68  -7   0   3 0.00    M    M  3.5 17 360   M    M   0        23  10
 8  90  60  75  -1   0  10 0.00    M    M  5.3 15  30   M    M   0        20  20
 9  84  64  74  -2   0   9 0.04    M    M  3.4 14 320   M    M   4        18 310
10  79  60  70  -6   0   5 0.58    M    M  3.7 15 300   M    M   6 1      21 310
11  80  61  71  -6   0   6 0.05    M    M  5.3 20 320   M    M   0        23 310
12  84  62  73  -4   0   8 0.00    M    M  2.8 14  20   M    M   M        10  80
13  89  64  77   0   0  12 0.00    M    M  3.8 20 350   M    M   M        26 340
14  94  66  80   2   0  15 0.00    M    M  5.0 10  10   M    M   M        15  30
15  97  69  83   5   0  18 0.00    M    M  5.0 13 350   M    M   0        18  50
16  99  72  86   8   0  21 0.00    M    M   M   M   M   M    M   0         M  M
17  99  69  84   6   0  19 0.00    M    M  4.0 10 280   M    M   M        19 270
18 101  71  86   7   0  21 0.00    M    M  4.5 30  13   M    M   M        16  30
19 101  69  85   6   0  20 0.00    M    M  4.2 12  10   M    M   M        14  20
20 104  70  87   8   0  22 0.00    M    M  4.3 12  40   M    M   M        15  30
21 104  72  88   8   0  23 0.00    M    M   M  14  30   M    M   M        21 210
22 102  70  86   6   0  21 0.00    M    M  5.3 12  40   M    M   M        15  40
23 101  71  86   6   0  21 0.00    M    M  4.8 21 160   M    M   0        29 160
24 101  74  88   8   0  23 0.00    M    M  7.7 30 150   M    M   0        37 150
25 103  73  88   7   0  23 0.00    M    M  4.5 13 200   M    M   0        22 190
26 106  76  91  10   0  26 0.00    M    M  3.1 12  40   M    M   0        15  40
27 105  75  90   9   0  25 0.00    M    M  4.5 21 140   M    M   0        28 190
28 103  74  89   8   0  24 0.00    M    M  4.6 15 180   M    M   0        20 170
29 104  77  91   9   0  26 0.00    M    M  3.8 13 310   M    M   0        20 210
30 106  77  92  10   0  27 0.00    M    M  5.1 13 330   M    M   0        22 280
================================================================================
SM 2832 2023         0 483  1.33    M    144.6          M       18
================================================================================
AV 94.4 67.4                               5.2 FASTST   M    M   1    MAX(MPH)
                                 MISC ---->  # 31 180               # 42  180
================================================================================
NOTES:
# LAST OF SEVERAL OCCURRENCES

COLUMN 17 PEAK WIND IN M.P.H.

PRELIMINARY LOCAL CLIMATOLOGICAL DATA (WS FORM: F-6) , PAGE 2

                                          STATION:  PAGE AZ AIRPORT
                                          MONTH:    JUNE
                                          YEAR:     2015
                                          LATITUDE:   36 55 N
                                          LONGITUDE: 111 27 W

[TEMPERATURE DATA]      [PRECIPITATION DATA]       SYMBOLS USED IN COLUMN 16

AVERAGE MONTHLY: 80.9   TOTAL FOR MONTH:   1.33    1 = FOG OR MIST
DPTR FM NORMAL:   3.0   DPTR FM NORMAL:    1.14    2 = FOG REDUCING VISIBILITY
HIGHEST:   106 ON 30,26 GRTST 24HR  0.58 ON 10-10      TO 1/4 MILE OR LESS
LOWEST:     55 ON  7                               3 = THUNDER
                        SNOW, ICE PELLETS, HAIL    4 = ICE PELLETS
                        TOTAL MONTH:    M          5 = HAIL
                        GRTST 24HR    M  ON   M    6 = FREEZING RAIN OR DRIZZLE
                        GRTST DEPTH:  M  ON   M    7 = DUSTSTORM OR SANDSTORM:
                                                       VSBY 1/2 MILE OR LESS
                                                   8 = SMOKE OR HAZE
[NO. OF DAYS WITH]      [WEATHER - DAYS WITH]      9 = BLOWING SNOW
                                                   X = TORNADO
MAX 32 OR BELOW:   0    0.01 INCH OR MORE:   5
MAX 90 OR ABOVE:  22    0.10 INCH OR MORE:   3
MIN 32 OR BELOW:   0    0.50 INCH OR MORE:   1
MIN  0 OR BELOW:   0    1.00 INCH OR MORE:   0

[HDD (BASE 65) ]
TOTAL THIS MO.     0    CLEAR  (SCALE 0-3)  17
DPTR FM NORMAL     0    PTCLDY (SCALE 4-7)   4
TOTAL FM JUL 1  3171    CLOUDY (SCALE 8-10)  0
DPTR FM NORMAL  -773

[CDD (BASE 65) ]
TOTAL THIS MO.   483
DPTR FM NORMAL    94    [PRESSURE DATA]
TOTAL FM JAN 1   592    HIGHEST SLP M ON M
DPTR FM NORMAL    38    LOWEST  SLP 29.78 ON M

[REMARKS]
#FINAL-06-15#
