000
CXUS56 KFGZ 210900
CF6PGA
PRELIMINARY LOCAL CLIMATOLOGICAL DATA (WS FORM: F-6)

                                          STATION:   PAGE AZ AIRPORT
                                          MONTH:     JULY
                                          YEAR:      2017
                                          LATITUDE:   36 55 N
                                          LONGITUDE: 111 27 W

  TEMPERATURE IN F:       :PCPN:    SNOW:  WIND      :SUNSHINE: SKY     :PK WND
================================================================================
1   2   3   4   5  6A  6B    7    8   9   10  11  12  13   14  15   16   17  18
                                     12Z  AVG MX 2MIN
DY MAX MIN AVG DEP HDD CDD  WTR  SNW DPTH SPD SPD DIR MIN PSBL S-S WX    SPD DR
================================================================================

 1 106  70  88   6   0  23 0.00    M    M  5.4 14  40   M    M   0        18  10
 2  99  75  87   5   0  22 0.00    M    M  5.4 17 190   M    M   0        25 220
 3 100  71  86   3   0  21 0.00    M    M  5.5 14 280   M    M   0        22 290
 4 103  73  88   5   0  23 0.00    M    M  4.1 13  20   M    M   0 8      16  10
 5 107  75  91   8   0  26 0.00    M    M  4.2 14 350   M    M   0        22 360
 6 107  78  93  10   0  28 0.00  0.0    0  6.6 18 160   M    M   0        24 150
 7 108  84  96  13   0  31 0.00  0.0    0  8.1 26 360   M    M   0        32  10
 8 105  78  92   9   0  27 0.00  0.0    0  6.2 31 140   M    M   0        37 140
 9 104  80  92   9   0  27 0.00  0.0    0  5.3 16 340   M    M   0        23 300
10  99  78  89   5   0  24    T  0.0    0  5.8 17 270   M    M   1        31 250
11  98  76  87   3   0  22 0.01    M    M  5.6 20 220   M    M   2        32 250
12  97  74  86   2   0  21 0.20  0.0    0  4.3 30  10   M    M   1        37  10
13  99  68  84   0   0  19 0.00    M    M  4.0 23 360   M    M   0        32  10
14 100  72  86   2   0  21 0.00    M    M  5.2 21 340   M    M   0        28 320
15 103  74  89   5   0  24 0.00    M    M  5.7 28 360   M    M   0        35 360
16 103  75  89   5   0  24 0.00    M    M  5.7 16  50   M    M   0        22  50
17 102  77  90   6   0  25 0.00    M    M  7.5 20 300   M    M   0        33 310
18 102  75  89   5   0  24    T    M    M  7.4 30 170   M    M   0        42 180
19  94  72  83  -1   0  18 0.02    M    M  7.3 22 160   M    M   1        28 160
20  97  72  85   1   0  20 0.00    M    M  6.6 31 140   M    M   1        38 140
================================================================================
SM 2033 1497         0 470  0.23     0.0 115.9          M        6
================================================================================
AV101.7 74.9                               5.8 FASTST   M    M   0    MAX(MPH)
                                 MISC ---->  # 31 140               # 42  180
================================================================================
NOTES:
# LAST OF SEVERAL OCCURRENCES

COLUMN 17 PEAK WIND IN M.P.H.

PRELIMINARY LOCAL CLIMATOLOGICAL DATA (WS FORM: F-6) , PAGE 2

                                          STATION:  PAGE AZ AIRPORT
                                          MONTH:    JULY
                                          YEAR:     2017
                                          LATITUDE:   36 55 N
                                          LONGITUDE: 111 27 W

[TEMPERATURE DATA]      [PRECIPITATION DATA]       SYMBOLS USED IN COLUMN 16

AVERAGE MONTHLY: 88.3   TOTAL FOR MONTH:   0.23    1 = FOG OR MIST
DPTR FM NORMAL:   4.8   DPTR FM NORMAL:   -0.06    2 = FOG REDUCING VISIBILITY
HIGHEST:   108 ON  7    GRTST 24HR  0.20 ON 12-12      TO 1/4 MILE OR LESS
LOWEST:     68 ON 13                               3 = THUNDER
                        SNOW, ICE PELLETS, HAIL    4 = ICE PELLETS
                        TOTAL MONTH:   0.0 INCH    5 = HAIL
                        GRTST 24HR     0.0         6 = FREEZING RAIN OR DRIZZLE
                        GRTST DEPTH:   0           7 = DUSTSTORM OR SANDSTORM:
                                                       VSBY 1/2 MILE OR LESS
                                                   8 = SMOKE OR HAZE
[NO. OF DAYS WITH]      [WEATHER - DAYS WITH]      9 = BLOWING SNOW
                                                   X = TORNADO
MAX 32 OR BELOW:   0    0.01 INCH OR MORE:   3
MAX 90 OR ABOVE:  20    0.10 INCH OR MORE:   1
MIN 32 OR BELOW:   0    0.50 INCH OR MORE:   0
MIN  0 OR BELOW:   0    1.00 INCH OR MORE:   0

[HDD (BASE 65) ]
TOTAL THIS MO.     0    CLEAR  (SCALE 0-3)  20
DPTR FM NORMAL     0    PTCLDY (SCALE 4-7)   0
TOTAL FM JUL 1     0    CLOUDY (SCALE 8-10)  0
DPTR FM NORMAL     0

[CDD (BASE 65) ]
TOTAL THIS MO.   470
DPTR FM NORMAL   102    [PRESSURE DATA]
TOTAL FM JAN 1  1233    HIGHEST SLP M ON M
DPTR FM NORMAL   311    LOWEST  SLP 29.85 ON 10

[REMARKS]
