000
CXUS56 KFGZ 281219
CF6PGA
PRELIMINARY LOCAL CLIMATOLOGICAL DATA (WS FORM: F-6)

                                          STATION:   PAGE AZ AIRPORT
                                          MONTH:     MAY
                                          YEAR:      2015
                                          LATITUDE:   36 55 N
                                          LONGITUDE: 111 27 W

  TEMPERATURE IN F:       :PCPN:    SNOW:  WIND      :SUNSHINE: SKY     :PK WND
================================================================================
1   2   3   4   5  6A  6B    7    8   9   10  11  12  13   14  15   16   17  18
                                     12Z  AVG MX 2MIN
DY MAX MIN AVG DEP HDD CDD  WTR  SNW DPTH SPD SPD DIR MIN PSBL S-S WX    SPD DR
================================================================================

 1  88  60  74  11   0   9 0.00    M    M  4.9 15 350   M    M   M        19 360
 2  86  59  73  10   0   8 0.00    M    M  6.6 20 280   M    M   2        27 260
 3  78  62  70   7   0   5    T    M    M  6.2 22 140   M    M   4        27 120
 4  73  57  65   1   0   0    T    M    M  5.6 26 130   M    M   5        35 130
 5  73  55  64   0   1   0 0.11    M    M  5.0 23 320   M    M   8        39 330
 6  76  54  65   0   0   0    T    M    M  5.4 15 210   M    M   1        22 240
 7  76  53  65   0   0   0    T    M    M  9.1 36 150   M    M   0        53 130
 8  66  43  55 -10  10   0 0.04    M    M  8.6 22 180   M    M   4        33 170
 9  58  42  50 -16  15   0 0.14    M    M  4.3 10 320   M    M   6 1      15 250
10  72  46  59  -7   6   0 0.00    M    M  4.0 10 320   M    M   1        15  60
11  76  50  63  -3   2   0 0.00    M    M  6.0 16  30   M    M   0        21  20
12  81  52  67   0   0   2 0.00    M    M  7.9 23 170   M    M   1        29 170
13  79  57  68   1   0   3 0.00    M    M  7.3 14 230   M    M   0 8      21 220
14  71  54  63  -5   2   0 0.09    M    M  7.9 30 180   M    M   5 1      40 180
15  60  48  54 -14  11   0 0.13    M    M  7.4 18 320   M    M   9 1      31 220
16  68  46  57 -11   8   0 0.00    M    M  6.5 20 270   M    M   3        33 270
17  76  49  63  -6   2   0 0.00    M    M  3.7 12 120   M    M   1        15 100
18  70  51  61  -8   4   0 0.01    M    M  6.5 17  40   M    M   4        24 200
19  74  48  61  -8   4   0 0.00    M    M  3.9 15 320   M    M   3        21 310
20  62  53  58 -12   7   0 0.00    M    M  1.9  5 230   M    M   1         M  M
21  76  58  67  -3   0   2 0.00    M    M  5.8 20 170   M    M   M        26 150
22  74  51  63  -7   2   0 0.00    M    M  7.2 20 130   M    M   6        28 260
23  61  49  55 -16  10   0 0.28    M    M  3.8 10 200   M    M   8 1      16 210
24  68  51  60 -11   5   0 0.55    M    M  3.5 13 310   M    M   7 1      17 300
25  75  54  65  -6   0   0 0.00    M    M  3.2 13  10   M    M   2        16  10
26  81  57  69  -3   0   4    T    M    M  4.1 13 350   M    M   2        24 350
27  84  58  71  -1   0   6 0.00    M    M  4.6 14  60   M    M   0        18  60
================================================================================
SM 1982 1417        89  39  1.35    M    150.9          M       83
================================================================================
AV 73.4 52.5                               5.6 FASTST   M    M   3    MAX(MPH)
                                 MISC ---->  # 36 150               # 53  130
================================================================================
NOTES:
# LAST OF SEVERAL OCCURRENCES

COLUMN 17 PEAK WIND IN M.P.H.

PRELIMINARY LOCAL CLIMATOLOGICAL DATA (WS FORM: F-6) , PAGE 2

                                          STATION:  PAGE AZ AIRPORT
                                          MONTH:    MAY
                                          YEAR:     2015
                                          LATITUDE:   36 55 N
                                          LONGITUDE: 111 27 W

[TEMPERATURE DATA]      [PRECIPITATION DATA]       SYMBOLS USED IN COLUMN 16

AVERAGE MONTHLY: 62.9   TOTAL FOR MONTH:   1.35    1 = FOG OR MIST
DPTR FM NORMAL:  -4.5   DPTR FM NORMAL:    0.95    2 = FOG REDUCING VISIBILITY
HIGHEST:    88 ON  1    GRTST 24HR  0.82 ON 23-24      TO 1/4 MILE OR LESS
LOWEST:     42 ON  9                               3 = THUNDER
                        SNOW, ICE PELLETS, HAIL    4 = ICE PELLETS
                        TOTAL MONTH:    M          5 = HAIL
                        GRTST 24HR    M  ON   M    6 = FREEZING RAIN OR DRIZZLE
                        GRTST DEPTH:  M  ON   M    7 = DUSTSTORM OR SANDSTORM:
                                                       VSBY 1/2 MILE OR LESS
                                                   8 = SMOKE OR HAZE
[NO. OF DAYS WITH]      [WEATHER - DAYS WITH]      9 = BLOWING SNOW
                                                   X = TORNADO
MAX 32 OR BELOW:   0    0.01 INCH OR MORE:   8
MAX 90 OR ABOVE:   0    0.10 INCH OR MORE:   5
MIN 32 OR BELOW:   0    0.50 INCH OR MORE:   1
MIN  0 OR BELOW:   0    1.00 INCH OR MORE:   0

[HDD (BASE 65) ]
TOTAL THIS MO.    89    CLEAR  (SCALE 0-3)  13
DPTR FM NORMAL    32    PTCLDY (SCALE 4-7)  10
TOTAL FM JUL 1  3171    CLOUDY (SCALE 8-10)  2
DPTR FM NORMAL  -771

[CDD (BASE 65) ]
TOTAL THIS MO.    39
DPTR FM NORMAL   -80    [PRESSURE DATA]
TOTAL FM JAN 1    62    HIGHEST SLP M ON M
DPTR FM NORMAL   -70    LOWEST  SLP 29.66 ON  8

[REMARKS]
