000
CXUS55 KTBW 251000
CF6PGD
PRELIMINARY LOCAL CLIMATOLOGICAL DATA (WS FORM: F-6)

                                          STATION:   Punta Gorda
                                          MONTH:     JUNE
                                          YEAR:      2017
                                          LATITUDE:   26 55 N
                                          LONGITUDE:  82  0 W

  TEMPERATURE IN F:       :PCPN:    SNOW:  WIND      :SUNSHINE: SKY     :PK WND
================================================================================
1   2   3   4   5  6A  6B    7    8   9   10  11  12  13   14  15   16   17  18
                                     12Z  AVG MX 2MIN
DY MAX MIN AVG DEP HDD CDD  WTR  SNW DPTH SPD SPD DIR MIN PSBL S-S WX    SPD DR
================================================================================

 1  94  70  82   2   0  17 0.05  0.0    0  7.1 18 130   M    M   2 13     23 130
 2  89  73  81   1   0  16    T  0.0    0  6.5 21 290   M    M   3 3      26 300
 3  91  72  82   1   0  17 0.17  0.0    0  4.7 21  30   M    M   5 13     24  30
 4  88  73  81   0   0  16 0.48  0.0    0  4.4 21 200   M    M   3 18     26 200
 5  80  73  77  -4   0  12 0.59  0.0    0  5.2 13 240   M    M   5 1      16 250
 6  86  73  80  -1   0  15 1.11  0.0    0 11.4 37 280   M    M   6 138    49 280
 7  86  72  79  -2   0  14 0.90  0.0    0 11.3 36 260   M    M   7 13     53 270
 8  87  75  81   0   0  16 0.40  0.0    0 10.5 22 270   M    M   5 13     33 200
 9  91  72  82   1   0  17 0.00  0.0    0  5.8 13 240   M    M   4        16 240
10  81  74  78  -3   0  13 1.02  0.0    0  4.7 21 210   M    M   6 13     29 210
11  92  73  83   2   0  18 0.52  0.0    0  7.6 22  40   M    M   3 138    27  40
12  93  75  84   2   0  19 0.78  0.0    0  6.9 24 200   M    M   5 13     30 210
13  92  72  82   0   0  17 2.99  0.0    0  5.0 26  90   M    M   2 138    36 100
14  89  72  81  -1   0  16 0.16  0.0    0  6.4 24 150   M    M   3 13     32 140
15  91  72  82   0   0  17 0.08  0.0    0  5.9 18 320   M    M   2 13     23  90
16  89  70  80  -2   0  15 0.02  0.0    0  6.3 16 110   M    M   3 3      20 240
17  91  72  82   0   0  17 0.27  0.0    0  3.8 17  80   M    M   2 13     22  80
18  92  72  82   0   0  17 2.38  0.0    0  7.5 23 150   M    M   4 13     31 150
19  87  75  81  -1   0  16 0.39  0.0    0  7.9 32 130   M    M   6 13     50 120
20  92  76  84   2   0  19 1.05  0.0    0 10.7 28 210   M    M   3 13     41 210
21  93  76  85   3   0  20 0.02  0.0    0 10.2 20 140   M    M   2 3      26 140
22  95  76  86   4   0  21 0.06  0.0    0  6.5 20  80   M    M   3 13     25 120
23  92  73  83   1   0  18 0.11  0.0    0  6.9 14 190   M    M   3 1      18 240
24  93  76  85   3   0  20 0.10  0.0    0  6.2 20 170   M    M   5 13     22 180
================================================================================
SM 2154 1757         0 403 13.65     0.0 169.4          M       92
================================================================================
AV 89.8 73.2                               7.1 FASTST   M    M   4    MAX(MPH)
                                 MISC ---->  # 37 280               # 53  270
================================================================================
NOTES:
# LAST OF SEVERAL OCCURRENCES

COLUMN 17 PEAK WIND IN M.P.H.

PRELIMINARY LOCAL CLIMATOLOGICAL DATA (WS FORM: F-6) , PAGE 2

                                          STATION:  Punta Gorda
                                          MONTH:    JUNE
                                          YEAR:     2017
                                          LATITUDE:   26 55 N
                                          LONGITUDE:  82  0 W

[TEMPERATURE DATA]      [PRECIPITATION DATA]       SYMBOLS USED IN COLUMN 16

AVERAGE MONTHLY: 81.5   TOTAL FOR MONTH:  13.65    1 = FOG OR MIST
DPTR FM NORMAL:   0.0   DPTR FM NORMAL:    7.03    2 = FOG REDUCING VISIBILITY
HIGHEST:    95 ON 22    GRTST 24HR  2.99 ON 13-13      TO 1/4 MILE OR LESS
LOWEST:     70 ON 16, 1                            3 = THUNDER
                        SNOW, ICE PELLETS, HAIL    4 = ICE PELLETS
                        TOTAL MONTH:   0.0 INCH    5 = HAIL
                        GRTST 24HR     0.0         6 = FREEZING RAIN OR DRIZZLE
                        GRTST DEPTH:   0           7 = DUSTSTORM OR SANDSTORM:
                                                       VSBY 1/2 MILE OR LESS
                                                   8 = SMOKE OR HAZE
[NO. OF DAYS WITH]      [WEATHER - DAYS WITH]      9 = BLOWING SNOW
                                                   X = TORNADO
MAX 32 OR BELOW:   0    0.01 INCH OR MORE:  22
MAX 90 OR ABOVE:  14    0.10 INCH OR MORE:  17
MIN 32 OR BELOW:   0    0.50 INCH OR MORE:   9
MIN  0 OR BELOW:   0    1.00 INCH OR MORE:   5

[HDD (BASE 65) ]
TOTAL THIS MO.     0    CLEAR  (SCALE 0-3)  11
DPTR FM NORMAL     0    PTCLDY (SCALE 4-7)  13
TOTAL FM JUL 1   173    CLOUDY (SCALE 8-10)  0
DPTR FM NORMAL  -223

[CDD (BASE 65) ]
TOTAL THIS MO.   403
DPTR FM NORMAL     9    [PRESSURE DATA]
TOTAL FM JAN 1  1417    HIGHEST SLP M ON M
DPTR FM NORMAL   147    LOWEST  SLP 29.73 ON  8

[REMARKS]
