517
CXUS51 KPBZ 220804
CF6PHD
PRELIMINARY LOCAL CLIMATOLOGICAL DATA (WS FORM: F-6)

                                          STATION:   NEW PHILADELPHIA OH
                                          MONTH:     MAY
                                          YEAR:      2015
                                          LATITUDE:   40 28 N
                                          LONGITUDE:  81 25 W

  TEMPERATURE IN F:       :PCPN:    SNOW:  WIND      :SUNSHINE: SKY     :PK WND
================================================================================
1   2   3   4   5  6A  6B    7    8   9   10  11  12  13   14  15   16   17  18
                                     12Z  AVG MX 2MIN
DY MAX MIN AVG DEP HDD CDD  WTR  SNW DPTH SPD SPD DIR MIN PSBL S-S WX    SPD DR
================================================================================

 1  73  45  59   3   6   0 0.01    M    M  6.0 17 320   M    M   4 18     24 330
 2  78  41  60   4   5   0 0.00    M    M  2.8 13 270   M    M   2 18     17 310
 3  80  45  63   7   2   0 0.00    M    M  3.7 15 220   M    M   2 18     21 210
 4  85  48  67  11   0   2 0.15    M    M  5.8 20 270   M    M   3 18     28 220
 5  79  60  70  13   0   5 0.33    M    M  1.3 17 360   M    M   6 1238   22 350
 6  86  59  73  16   0   8 0.00    M    M  2.4 13 300   M    M   5 1238   17 320
 7  89  56  73  16   0   8 0.00    M    M  0.8  8 260   M    M   0 18     11 330
 8  91  58  75  17   0  10 0.00    M    M  2.2 12 180   M    M   1 18     17 160
 9  91  61  76  18   0  11 0.00    M    M  3.4 12 210   M    M   1 18     15 200
10  88  64  76  18   0  11 0.31    M    M  4.1 20 270   M    M   2 138    27 250
11  89  65  77  19   0  12 0.44    M    M  6.2 24 250   M    M   5 1238   36 250
12  70  52  61   2   4   0    T    M    M 11.2 20 300   M    M   7        29 240
13  56  42  49 -10  16   0 0.00    M    M  6.4 15 340   M    M   9        20 350
14  70  37  54  -5  11   0 0.00    M    M  2.5 13 130   M    M   1 128    17 110
15  82  53  68   8   0   3    T    M    M  4.7 15 210   M    M   2        23 210
16  79  66  73  13   0   8 1.19    M    M  3.8 17 310   M    M   6 138    24 300
17  81  67  74  14   0   9 0.11    M    M  3.8 12 170   M    M   4 1      16 180
18  83  68  76  16   0  11 0.05    M    M  4.2 13 270   M    M   4 1      18 200
19  73  55  64   3   1   0 0.00    M    M  8.1 18 320   M    M   6 18     25 310
20  58  48  53  -8  12   0 0.00    M    M  7.0 14 340   M    M   7        19 330
21  58  44  51 -10  14   0 0.09    M    M  4.1 12 320   M    M   9 18     19 310
================================================================================
SM 1639 1134        71  98  2.68    M     94.5          M       86
================================================================================
AV 78.0 54.0                               4.5 FASTST   M    M   4    MAX(MPH)
                                 MISC ---->  # 24 250               # 36  250
================================================================================
NOTES:
# LAST OF SEVERAL OCCURRENCES

COLUMN 17 PEAK WIND IN M.P.H.

PRELIMINARY LOCAL CLIMATOLOGICAL DATA (WS FORM: F-6) , PAGE 2

                                          STATION:  NEW PHILADELPHIA OH
                                          MONTH:    MAY
                                          YEAR:     2015
                                          LATITUDE:   40 28 N
                                          LONGITUDE:  81 25 W

[TEMPERATURE DATA]      [PRECIPITATION DATA]       SYMBOLS USED IN COLUMN 16

AVERAGE MONTHLY: 66.0   TOTAL FOR MONTH:   2.68    1 = FOG OR MIST
DPTR FM NORMAL:   7.6   DPTR FM NORMAL:    0.00    2 = FOG REDUCING VISIBILITY
HIGHEST:    91 ON  9, 8 GRTST 24HR  1.30 ON 16-17      TO 1/4 MILE OR LESS
LOWEST:     37 ON 14                               3 = THUNDER
                        SNOW, ICE PELLETS, HAIL    4 = ICE PELLETS
                        TOTAL MONTH:    M          5 = HAIL
                        GRTST 24HR    M  ON   M    6 = FREEZING RAIN OR DRIZZLE
                        GRTST DEPTH:  M  ON   M    7 = DUSTSTORM OR SANDSTORM:
                                                       VSBY 1/2 MILE OR LESS
                                                   8 = SMOKE OR HAZE
[NO. OF DAYS WITH]      [WEATHER - DAYS WITH]      9 = BLOWING SNOW
                                                   X = TORNADO
MAX 32 OR BELOW:   0    0.01 INCH OR MORE:   9
MAX 90 OR ABOVE:   2    0.10 INCH OR MORE:   6
MIN 32 OR BELOW:   0    0.50 INCH OR MORE:   1
MIN  0 OR BELOW:   0    1.00 INCH OR MORE:   1

[HDD (BASE 65) ]
TOTAL THIS MO.    71    CLEAR  (SCALE 0-3)   8
DPTR FM NORMAL   -82    PTCLDY (SCALE 4-7)  11
TOTAL FM JUL 1  5881    CLOUDY (SCALE 8-10)  2
DPTR FM NORMAL   313

[CDD (BASE 65) ]
TOTAL THIS MO.    98
DPTR FM NORMAL    85    [PRESSURE DATA]
TOTAL FM JAN 1   101    HIGHEST SLP M ON M
DPTR FM NORMAL    81    LOWEST  SLP 29.87 ON 11

[REMARKS]
