000
CXUS51 KPHI 290800
CF6PHL
PRELIMINARY LOCAL CLIMATOLOGICAL DATA (WS FORM: F-6)

                                          STATION:   PHILADELPHIA PA
                                          MONTH:     MARCH
                                          YEAR:      2017
                                          LATITUDE:   39 52 N
                                          LONGITUDE:  75 15 W

  TEMPERATURE IN F:       :PCPN:    SNOW:  WIND      :SUNSHINE: SKY     :PK WND
================================================================================
1   2   3   4   5  6A  6B    7    8   9   10  11  12  13   14  15   16   17  18
                                     12Z  AVG MX 2MIN
DY MAX MIN AVG DEP HDD CDD  WTR  SNW DPTH SPD SPD DIR MIN PSBL S-S WX    SPD DR
================================================================================

 1  74  56  65  26   0   0 0.03  0.0    0 15.1 29 230   M    M   8 1      38 230
 2  62  38  50  11  15   0    T  0.0    0 22.8 40 270   M    M   3        51 270
 3  40  29  35  -5  30   0    T    T    0 13.9 35 280   M    M   4        48 270
 4  36  21  29 -11  36   0 0.00  0.0    0 14.9 28 320   M    M   2        36 340
 5  38  15  27 -13  38   0 0.00  0.0    0 10.4 21 340   M    M   1        24 340
 6  51  26  39  -1  26   0 0.00  0.0    0  5.1 14 210   M    M   7        22 200
 7  67  42  55  14  10   0 0.02  0.0    0  8.7 24 230   M    M  10        31 220
 8  64  49  57  16   8   0 0.01  0.0    0 17.1 32 270   M    M   5        42 300
 9  68  48  58  17   7   0 0.00  0.0    0 16.3 32 250   M    M   2        41 250
10  50  28  39  -3  26   0 0.30  1.0    0 15.0 31 290   M    M   8 12     40 290
11  32  20  26 -16  39   0 0.00  0.0    0 17.0 31 290   M    M   3        39 280
12  33  23  28 -14  37   0 0.00  0.0    0 11.6 23 330   M    M   5        29 330
13  42  22  32 -10  33   0 0.13  1.2    0  7.2 16  30   M    M   7 1      21  80
14  35  24  30 -13  35   0 1.54  4.8    3 22.5 33  20   M    M  10 146    43  40
15  31  21  26 -17  39   0    T    T    2 17.9 25 280   M    M   8        39 280
16  39  24  32 -11  33   0 0.00  0.0    2 15.6 28 290   M    M   2        40 290
17  45  27  36  -8  29   0 0.00  0.0    2  8.2 18 270   M    M   4        23 290
18  42  36  39  -5  26   0 0.01  0.0    0  9.7 22  40   M    M  10 1      30  30
19  50  35  43  -1  22   0 0.00  0.0    0 12.9 22  40   M    M   4        27  40
20  54  34  44  -1  21   0 0.00  0.0    0  8.2 15 310   M    M   5        20 330
21  59  42  51   6  14   0 0.02  0.0    0  7.7 17 280   M    M   8        22 310
22  53  27  40  -5  25   0 0.00  0.0    0 18.2 32 350   M    M   3        42 340
23  45  24  35 -11  30   0 0.00  0.0    0  9.1 16 350   M    M   1        24 350
24  58  32  45  -1  20   0 0.00  0.0    0 11.0 25 230   M    M   7        33 200
25  77  44  61  15   4   0 0.02  0.0    0 10.2 22  50   M    M   9 8      30  50
26  45  41  43  -4  22   0 0.00  0.0    0 12.4 18  80   M    M  10 1      24  80
27  62  42  52   5  13   0 0.09  0.0    0  5.1 12 240   M    M   9 18     14  80
28  54  48  51   3  14   0 0.45    M    0  7.2 16  70   M    M  10 13     23 360
================================================================================
SM 1406  918       652   0  2.62     7.0 351.0          M      165
================================================================================
AV 50.2 32.8                              12.5 FASTST   M    M   6    MAX(MPH)
                                 MISC ---->  # 40 270               # 51  270
================================================================================
NOTES:
# LAST OF SEVERAL OCCURRENCES

COLUMN 17 PEAK WIND IN M.P.H.

PRELIMINARY LOCAL CLIMATOLOGICAL DATA (WS FORM: F-6) , PAGE 2

                                          STATION:  PHILADELPHIA PA
                                          MONTH:    MARCH
                                          YEAR:     2017
                                          LATITUDE:   39 52 N
                                          LONGITUDE:  75 15 W

[TEMPERATURE DATA]      [PRECIPITATION DATA]       SYMBOLS USED IN COLUMN 16

AVERAGE MONTHLY: 41.5   TOTAL FOR MONTH:   2.62    1 = FOG OR MIST
DPTR FM NORMAL:  -1.5   DPTR FM NORMAL:   -0.78    2 = FOG REDUCING VISIBILITY
HIGHEST:    77 ON 25    GRTST 24HR  1.54 ON 14-14      TO 1/4 MILE OR LESS
LOWEST:     15 ON  5                               3 = THUNDER
                        SNOW, ICE PELLETS, HAIL    4 = ICE PELLETS
                        TOTAL MONTH:   7.0 INCHES  5 = HAIL
                        GRTST 24HR   4.8 ON 14-14  6 = FREEZING RAIN OR DRIZZLE
                        GRTST DEPTH:   3 ON 14     7 = DUSTSTORM OR SANDSTORM:
                                                       VSBY 1/2 MILE OR LESS
                                                   8 = SMOKE OR HAZE
[NO. OF DAYS WITH]      [WEATHER - DAYS WITH]      9 = BLOWING SNOW
                                                   X = TORNADO
MAX 32 OR BELOW:   2    0.01 INCH OR MORE:  11
MAX 90 OR ABOVE:   0    0.10 INCH OR MORE:   4
MIN 32 OR BELOW:  15    0.50 INCH OR MORE:   1
MIN  0 OR BELOW:   0    1.00 INCH OR MORE:   1

[HDD (BASE 65) ]
TOTAL THIS MO.   652    CLEAR  (SCALE 0-3)   7
DPTR FM NORMAL    36    PTCLDY (SCALE 4-7)  10
TOTAL FM JUL 1  3478    CLOUDY (SCALE 8-10) 11
DPTR FM NORMAL  -620

[CDD (BASE 65) ]
TOTAL THIS MO.     0
DPTR FM NORMAL     0    [PRESSURE DATA]
TOTAL FM JAN 1     0    HIGHEST SLP M ON M
DPTR FM NORMAL     0    LOWEST  SLP 29.09 ON 14

[REMARKS]
