000
CXUS53 KUNR 170945
CF6PHP
PRELIMINARY LOCAL CLIMATOLOGICAL DATA (WS FORM: F-6)

                                          STATION:   PHILIP SD
                                          MONTH:     DECEMBER
                                          YEAR:      2014
                                          LATITUDE:   44  3 N
                                          LONGITUDE: 101 36 W

  TEMPERATURE IN F:       :PCPN:    SNOW:  WIND      :SUNSHINE: SKY     :PK WND
================================================================================
1   2   3   4   5  6A  6B    7    8   9   10  11  12  13   14  15   16   17  18
                                     12Z  AVG MX 2MIN
DY MAX MIN AVG DEP HDD CDD  WTR  SNW DPTH SPD SPD DIR MIN PSBL S-S WX    SPD DR
================================================================================

 1  38  -7  16 -11  49   0 0.00    M    M  9.1 29 180   M    M   0        37 170
 2  43  13  28   2  37   0 0.00    M    M  8.6 20 310   M    M   5        24 320
 3  41   8  25  -1  40   0 0.00    M    M  7.3 20 160   M    M   0        23 160
 4  51  17  34   8  31   0 0.00    M    M  6.3 13 260   M    M   0        14 260
 5  46  16  31   6  34   0 0.00    M    M  5.6 15 350   M    M   0        21 360
 6  51  16  34   9  31   0 0.00    M    M  7.3 15 200   M    M   0        22 200
 7  59  28  44  19  21   0 0.00    M    M 15.2 38 310   M    M   2        49 310
 8  51  14  33   9  32   0 0.00    M    M  9.7 23 340   M    M   0        27 340
 9  45  13  29   5  36   0 0.00    M    M  6.1 12  80   M    M   0        14 110
10  60  14  37  13  28   0 0.00    M    M  3.3 10 270   M    M   0 8      12 270
11  67  20  44  20  21   0 0.00    M    M  4.3 13 150   M    M   0        17 150
12  72  26  49  26  16   0 0.00    M    M  6.0 16 210   M    M   0        19 210
13  59  26  43  20  22   0 0.00    M    M  5.5 15 210   M    M   0        18 220
14  43  27  35  12  30   0    T    M    M 17.7 26 330   M    M   7 6      33 340
15  30  23  27   4  38   0    T    M    M 21.6 33 340   M    M  10 16     42 340
16  23  19  21  -1  44   0 0.00    M    M  6.9 16 330   M    M  10        21 350
================================================================================
SM  779  273       510   0    T     M    140.5          M       34
================================================================================
AV 48.7 17.1                               8.8 FASTST   M    M   2    MAX(MPH)
                                 MISC ---->  # 38 310               # 49  310
================================================================================
NOTES:
# LAST OF SEVERAL OCCURRENCES

COLUMN 17 PEAK WIND IN M.P.H.

PRELIMINARY LOCAL CLIMATOLOGICAL DATA (WS FORM: F-6) , PAGE 2

                                          STATION:  PHILIP SD
                                          MONTH:    DECEMBER
                                          YEAR:     2014
                                          LATITUDE:   44  3 N
                                          LONGITUDE: 101 36 W

[TEMPERATURE DATA]      [PRECIPITATION DATA]       SYMBOLS USED IN COLUMN 16

AVERAGE MONTHLY: 32.9   TOTAL FOR MONTH:      T    1 = FOG OR MIST
DPTR FM NORMAL:   8.5   DPTR FM NORMAL:   -0.23    2 = FOG REDUCING VISIBILITY
HIGHEST:    72 ON 12    GRTST 24HR  0.01 ON 30- 1      TO 1/4 MILE OR LESS
LOWEST:     -7 ON  1                               3 = THUNDER
                        SNOW, ICE PELLETS, HAIL    4 = ICE PELLETS
                        TOTAL MONTH:    M          5 = HAIL
                        GRTST 24HR    M  ON   M    6 = FREEZING RAIN OR DRIZZLE
                        GRTST DEPTH:  M  ON   M    7 = DUSTSTORM OR SANDSTORM:
                                                       VSBY 1/2 MILE OR LESS
                                                   8 = SMOKE OR HAZE
[NO. OF DAYS WITH]      [WEATHER - DAYS WITH]      9 = BLOWING SNOW
                                                   X = TORNADO
MAX 32 OR BELOW:   2    0.01 INCH OR MORE:   0
MAX 90 OR ABOVE:   0    0.10 INCH OR MORE:   0
MIN 32 OR BELOW:  16    0.50 INCH OR MORE:   0
MIN  0 OR BELOW:   1    1.00 INCH OR MORE:   0

[HDD (BASE 65) ]
TOTAL THIS MO.   510    CLEAR  (SCALE 0-3)  12
DPTR FM NORMAL  -140    PTCLDY (SCALE 4-7)   2
TOTAL FM JUL 1  2165    CLOUDY (SCALE 8-10)  2
DPTR FM NORMAL  -120

[CDD (BASE 65) ]
TOTAL THIS MO.     0
DPTR FM NORMAL     0    [PRESSURE DATA]
TOTAL FM JAN 1   649    HIGHEST SLP M ON M
DPTR FM NORMAL  -169    LOWEST  SLP 29.65 ON 13

[REMARKS]
