000
CXUS55 KABR 291400
CF6PIR
PRELIMINARY LOCAL CLIMATOLOGICAL DATA (WS FORM: F-6)

                                          STATION:   PIERRE SD
                                          MONTH:     MAY
                                          YEAR:      2015
                                          LATITUDE:   44 22 N
                                          LONGITUDE: 100 17 W

  TEMPERATURE IN F:       :PCPN:    SNOW:  WIND      :SUNSHINE: SKY     :PK WND
================================================================================
1   2   3   4   5  6A  6B    7    8   9   10  11  12  13   14  15   16   17  18
                                     12Z  AVG MX 2MIN
DY MAX MIN AVG DEP HDD CDD  WTR  SNW DPTH SPD SPD DIR MIN PSBL S-S WX    SPD DR
================================================================================

 1  76  42  59   6   6   0 0.00  0.0    0  7.0 14 180   M    M   1        18 210
 2  89  46  68  14   0   3 0.00  0.0    0  9.7 23 180   M    M   1 3      29 200
 3  75  44  60   6   5   0 0.00  0.0    0 15.9 35  20   M    M   0        43  20
 4  68  41  55   1  10   0 0.00  0.0    0  7.1 17  50   M    M   5        20  50
 5  72  49  61   6   4   0    T  0.0    0 12.6 25 140   M    M   7 1      31 140
 6  72  53  63   8   2   0 0.02  0.0    0 11.2 24 140   M    M   9 1      30 140
 7  58  45  52  -3  13   0 0.11    M    0 14.0 28 330   M    M   9 18     36 330
 8  66  42  54  -2  11   0 0.00  0.0    0 10.3 21  70   M    M   4        26  80
 9  44  33  39 -17  26   0 0.70    T    0 15.9 26  30   M    M  10 1      33  40
10  42  33  38 -18  27   0 1.52    T    0 25.5 33 320   M    M  10 13     43  30
11  58  33  46 -10  19   0 0.18    T    0 20.8 33 340   M    M   7 1      43 330
12  73  30  52  -5  13   0 0.00  0.0    0 15.8 33 160   M    M   1        42 160
13  79  52  66   9   0   1 0.05  0.0    0 16.9 38 150   M    M   4 3      42 140
14  61  53  57   0   8   0 0.07  0.0    0 11.2 18 360   M    M   9 1      22  10
15  67  49  58   0   7   0 0.05  0.0    0 13.5 24  70   M    M  10 13     29  80
16  76  55  66   8   0   1 0.40  0.0    0 13.1 26 130   M    M   7 13     32 130
17  58  39  49  -9  16   0 0.42  0.0    0 21.9 40 310   M    M   9 1      49 300
18  57  35  46 -13  19   0 0.00  0.0    0 16.5 32 330   M    M   5        40 320
19  55  29  42 -17  23   0 0.00  0.0    0  6.8 16  80   M    M   1        20  70
20  62  43  53  -6  12   0 0.00  0.0    0  6.2 13 300   M    M   3        18 330
21  72  40  56  -4   9   0 0.00  0.0    0  7.2 15 250   M    M   0        18 270
22  72  38  55  -5  10   0 0.00  0.0    0 11.6 29 150   M    M   1 8      39 160
23  62  47  55  -5  10   0 0.01  0.0    0  9.9 17 130   M    M   9 1      20 130
24  65  54  60   0   5   0 0.03  0.0    0  9.8 20  70   M    M   9 18     23  70
25  63  56  60  -1   5   0 0.06  0.0    0  8.6 20  70   M    M  10 1      23  60
26  78  50  64   3   1   0 0.00  0.0    0  9.7 18 290   M    M   2 1      28 310
27  80  48  64   3   1   0 0.16  0.0    0  9.4 31 290   M    M   1 13     39 290
28  81  56  69   7   0   4 0.32  0.0    0  9.5 29 220   M    M   1 3      38 220
================================================================================
SM 1881 1235       262   9  4.10    T    347.6          M      145
================================================================================
AV 67.2 44.1                              12.4 FASTST   M    M   5    MAX(MPH)
                                 MISC ---->  # 40 310               # 49  300
================================================================================
NOTES:
# LAST OF SEVERAL OCCURRENCES

COLUMN 17 PEAK WIND IN M.P.H.

PRELIMINARY LOCAL CLIMATOLOGICAL DATA (WS FORM: F-6) , PAGE 2

                                          STATION:  PIERRE SD
                                          MONTH:    MAY
                                          YEAR:     2015
                                          LATITUDE:   44 22 N
                                          LONGITUDE: 100 17 W

[TEMPERATURE DATA]      [PRECIPITATION DATA]       SYMBOLS USED IN COLUMN 16

AVERAGE MONTHLY: 55.6   TOTAL FOR MONTH:   4.10    1 = FOG OR MIST
DPTR FM NORMAL:  -1.9   DPTR FM NORMAL:    1.30    2 = FOG REDUCING VISIBILITY
HIGHEST:    89 ON  2    GRTST 24HR  1.72 ON  9-10      TO 1/4 MILE OR LESS
LOWEST:     29 ON 19                               3 = THUNDER
                        SNOW, ICE PELLETS, HAIL    4 = ICE PELLETS
                        TOTAL MONTH:    T          5 = HAIL
                        GRTST 24HR    T  ON 11-11  6 = FREEZING RAIN OR DRIZZLE
                        GRTST DEPTH:   0           7 = DUSTSTORM OR SANDSTORM:
                                                       VSBY 1/2 MILE OR LESS
                                                   8 = SMOKE OR HAZE
[NO. OF DAYS WITH]      [WEATHER - DAYS WITH]      9 = BLOWING SNOW
                                                   X = TORNADO
MAX 32 OR BELOW:   0    0.01 INCH OR MORE:  15
MAX 90 OR ABOVE:   0    0.10 INCH OR MORE:   8
MIN 32 OR BELOW:   2    0.50 INCH OR MORE:   2
MIN  0 OR BELOW:   0    1.00 INCH OR MORE:   1

[HDD (BASE 65) ]
TOTAL THIS MO.   262    CLEAR  (SCALE 0-3)  11
DPTR FM NORMAL    28    PTCLDY (SCALE 4-7)   7
TOTAL FM JUL 1  6974    CLOUDY (SCALE 8-10) 10
DPTR FM NORMAL  -250

[CDD (BASE 65) ]
TOTAL THIS MO.     9
DPTR FM NORMAL   -17    [PRESSURE DATA]
TOTAL FM JAN 1    14    HIGHEST SLP M ON M
DPTR FM NORMAL   -16    LOWEST  SLP 29.36 ON 17

[REMARKS]
