000
CXUS51 KRLX 181136
CF6PKB
PRELIMINARY LOCAL CLIMATOLOGICAL DATA (WS FORM: F-6)

                                          STATION:   PARKERSBURG WV
                                          MONTH:     OCTOBER
                                          YEAR:      2017
                                          LATITUDE:   39 20 N
                                          LONGITUDE:  81 26 W

  TEMPERATURE IN F:       :PCPN:    SNOW:  WIND      :SUNSHINE: SKY     :PK WND
================================================================================
1   2   3   4   5  6A  6B    7    8   9   10  11  12  13   14  15   16   17  18
                                     12Z  AVG MX 2MIN
DY MAX MIN AVG DEP HDD CDD  WTR  SNW DPTH SPD SPD DIR MIN PSBL S-S WX    SPD DR
================================================================================

 1  72  42  57  -3   8   0 0.00    M    M  2.5 10  70   M    M   2 12     13  80
 2  78  40  59  -1   6   0 0.00    M    M  1.4  8 110   M    M   1 12     11 140
 3  82  44  63   3   2   0 0.00    M    M  1.6 10 180   M    M   1 12     14 170
 4  83  47  65   6   0   0 0.00    M    M  2.4 10 290   M    M   0 18     16 240
 5  74  58  66   7   0   1    T    M    M  1.9 12 280   M    M   5 1      15 270
 6  81  58  70  12   0   5 0.00    M    M  1.9  8 240   M    M   4 12     13 240
 7  88  60  74  16   0   9 0.00    M    M  6.9 17 210   M    M   2 1      23 180
 8  78  66  72  14   0   7 0.99    M    M  4.8 17 210   M    M   9 1      30 200
 9  80  66  73  16   0   8 0.21    M    M  5.9 14 200   M    M   9 12     23 150
10  81  63  72  15   0   7 0.05    M    M  2.3  9 290   M    M   7 12     13 310
11  79  60  70  13   0   5 0.51    M    M  3.5 21 280   M    M   5 1      29 290
12  72  58  65   9   0   0 0.00    M    M  2.5  8 180   M    M   8 1      13 160
13  79  56  68  12   0   3 0.00    M    M  2.3 10 280   M    M   4 1      13 270
14  81  51  66  10   0   1 0.00    M    M  1.1 10 170   M    M   3 12     14 190
15  76  51  64   8   1   0 0.26    M    M 10.5 28 310   M    M   3 18     34 310
16  62  40  51  -4  14   0 0.00    M    M  5.1 14 290   M    M   5        20 290
17  65  35  50  -5  15   0 0.00    M    M  1.2  9 230   M    M   2 12     12 280
================================================================================
SM 1311  895        46  46  2.02    M     57.8          M       70
================================================================================
AV 77.1 52.7                               3.4 FASTST   M    M   4    MAX(MPH)
                                 MISC ---->  # 28 310               # 34  310
================================================================================
NOTES:
# LAST OF SEVERAL OCCURRENCES

COLUMN 17 PEAK WIND IN M.P.H.

PRELIMINARY LOCAL CLIMATOLOGICAL DATA (WS FORM: F-6) , PAGE 2

                                          STATION:  PARKERSBURG WV
                                          MONTH:    OCTOBER
                                          YEAR:     2017
                                          LATITUDE:   39 20 N
                                          LONGITUDE:  81 26 W

[TEMPERATURE DATA]      [PRECIPITATION DATA]       SYMBOLS USED IN COLUMN 16

AVERAGE MONTHLY: 64.9   TOTAL FOR MONTH:   2.02    1 = FOG OR MIST
DPTR FM NORMAL:   7.4   DPTR FM NORMAL:    0.47    2 = FOG REDUCING VISIBILITY
HIGHEST:    88 ON  7    GRTST 24HR  0.99 ON  8- 8      TO 1/4 MILE OR LESS
LOWEST:     35 ON 17                               3 = THUNDER
                        SNOW, ICE PELLETS, HAIL    4 = ICE PELLETS
                        TOTAL MONTH:    M          5 = HAIL
                        GRTST 24HR    M  ON   M    6 = FREEZING RAIN OR DRIZZLE
                        GRTST DEPTH:  M  ON   M    7 = DUSTSTORM OR SANDSTORM:
                                                       VSBY 1/2 MILE OR LESS
                                                   8 = SMOKE OR HAZE
[NO. OF DAYS WITH]      [WEATHER - DAYS WITH]      9 = BLOWING SNOW
                                                   X = TORNADO
MAX 32 OR BELOW:   0    0.01 INCH OR MORE:   5
MAX 90 OR ABOVE:   0    0.10 INCH OR MORE:   4
MIN 32 OR BELOW:   0    0.50 INCH OR MORE:   2
MIN  0 OR BELOW:   0    1.00 INCH OR MORE:   0

[HDD (BASE 65) ]
TOTAL THIS MO.    46    CLEAR  (SCALE 0-3)   8
DPTR FM NORMAL   -95    PTCLDY (SCALE 4-7)   7
TOTAL FM JUL 1   106    CLOUDY (SCALE 8-10)  2
DPTR FM NORMAL  -111

[CDD (BASE 65) ]
TOTAL THIS MO.    46
DPTR FM NORMAL    33    [PRESSURE DATA]
TOTAL FM JAN 1   973    HIGHEST SLP M ON M
DPTR FM NORMAL    24    LOWEST  SLP 29.64 ON  9

[REMARKS]
