000
CXUS51 KRLX 171400
CF6PKB
PRELIMINARY LOCAL CLIMATOLOGICAL DATA (WS FORM: F-6)

                                          STATION:   PARKERSBURG WV
                                          MONTH:     DECEMBER
                                          YEAR:      2014
                                          LATITUDE:   39 20 N
                                          LONGITUDE:  81 26 W

  TEMPERATURE IN F:       :PCPN:    SNOW:  WIND      :SUNSHINE: SKY     :PK WND
================================================================================
1   2   3   4   5  6A  6B    7    8   9   10  11  12  13   14  15   16   17  18
                                     12Z  AVG MX 2MIN
DY MAX MIN AVG DEP HDD CDD  WTR  SNW DPTH SPD SPD DIR MIN PSBL S-S WX    SPD DR
================================================================================

 1  63  33  48   8  17   0 0.35    M    M  8.0 15 320   M    M  10 1      25 220
 2  41  32  37  -2  28   0 0.32    M    M  3.7 13  50   M    M   9 138    17  50
 3  41  30  36  -3  29   0    T    M    M  6.5 21 280   M    M   7 1      26 250
 4  37  26  32  -6  33   0 0.01    M    M  1.7  8  40   M    M   5 18      9  40
 5  55  37  46   8  19   0 0.86    M    M  1.7  9 180   M    M  10 1      12 180
 6  56  37  47   9  18   0 0.93    M    M  8.2 20 360   M    M   9 1      33  10
 7  43  30  37   0  28   0 0.00    M    M  7.2 14  30   M    M   2        20  20
 8  45  30  38   1  27   0 0.00    M    M  5.1 13 180   M    M   0        18 170
 9  44  36  40   3  25   0    T    M    M  3.2 14 320   M    M  10 1      20 330
10  38  29  34  -2  31   0    T    M    M 10.3 18 290   M    M  10        25 270
11  40  27  34  -2  31   0 0.00    M    M  9.7 18 270   M    M   4        26 280
12  42  26  34  -2  31   0 0.00    M    M  5.9 12 270   M    M   0 18     16 230
13  38  30  34  -2  31   0 0.00    M    M  5.8 13 270   M    M  10 18     17 310
14  44  38  41   6  24   0 0.00    M    M  6.5 12 240   M    M  10        17 260
15  55  36  46  11  19   0 0.00    M    M  2.8 13  80   M    M   4 18     16 100
16  55  38  47  12  18   0 0.28    M    M  8.3 24 270   M    M  10 1      30 260
================================================================================
SM  737  515       409   0  2.75    M     94.6          M      110
================================================================================
AV 46.1 32.2                               5.9 FASTST   M    M   7    MAX(MPH)
                                 MISC ---->  # 24 270               # 33   10
================================================================================
NOTES:
# LAST OF SEVERAL OCCURRENCES

COLUMN 17 PEAK WIND IN M.P.H.

PRELIMINARY LOCAL CLIMATOLOGICAL DATA (WS FORM: F-6) , PAGE 2

                                          STATION:  PARKERSBURG WV
                                          MONTH:    DECEMBER
                                          YEAR:     2014
                                          LATITUDE:   39 20 N
                                          LONGITUDE:  81 26 W

[TEMPERATURE DATA]      [PRECIPITATION DATA]       SYMBOLS USED IN COLUMN 16

AVERAGE MONTHLY: 39.1   TOTAL FOR MONTH:   2.75    1 = FOG OR MIST
DPTR FM NORMAL:   2.1   DPTR FM NORMAL:    1.07    2 = FOG REDUCING VISIBILITY
HIGHEST:    63 ON  1    GRTST 24HR  1.48 ON  5- 6      TO 1/4 MILE OR LESS
LOWEST:     26 ON 12, 4                            3 = THUNDER
                        SNOW, ICE PELLETS, HAIL    4 = ICE PELLETS
                        TOTAL MONTH:    M          5 = HAIL
                        GRTST 24HR    M  ON   M    6 = FREEZING RAIN OR DRIZZLE
                        GRTST DEPTH:  M  ON   M    7 = DUSTSTORM OR SANDSTORM:
                                                       VSBY 1/2 MILE OR LESS
                                                   8 = SMOKE OR HAZE
[NO. OF DAYS WITH]      [WEATHER - DAYS WITH]      9 = BLOWING SNOW
                                                   X = TORNADO
MAX 32 OR BELOW:   0    0.01 INCH OR MORE:   6
MAX 90 OR ABOVE:   0    0.10 INCH OR MORE:   5
MIN 32 OR BELOW:   9    0.50 INCH OR MORE:   2
MIN  0 OR BELOW:   0    1.00 INCH OR MORE:   0

[HDD (BASE 65) ]
TOTAL THIS MO.   409    CLEAR  (SCALE 0-3)   3
DPTR FM NORMAL   -40    PTCLDY (SCALE 4-7)   4
TOTAL FM JUL 1  1520    CLOUDY (SCALE 8-10)  9
DPTR FM NORMAL    86

[CDD (BASE 65) ]
TOTAL THIS MO.     0
DPTR FM NORMAL     0    [PRESSURE DATA]
TOTAL FM JAN 1   597    HIGHEST SLP M ON M
DPTR FM NORMAL  -358    LOWEST  SLP 29.81 ON 16

[REMARKS]
