000
CXUS55 KLOX 221155
CF6PMD
PRELIMINARY LOCAL CLIMATOLOGICAL DATA (WS FORM: F-6)

                                          STATION:   PALMDALE AIRPORT CA
                                          MONTH:     AUGUST
                                          YEAR:      2014
                                          LATITUDE:   34 37 N
                                          LONGITUDE: 118  5 W

  TEMPERATURE IN F:       :PCPN:    SNOW:  WIND      :SUNSHINE: SKY     :PK WND
================================================================================
1   2   3   4   5  6A  6B    7    8   9   10  11  12  13   14  15   16   17  18
                                     12Z  AVG MX 2MIN
DY MAX MIN AVG DEP HDD CDD  WTR  SNW DPTH SPD SPD DIR MIN PSBL S-S WX    SPD DR
================================================================================

 1 104  74  89   6   0  24 0.00  0.0    0 10.1 25 250   M    M   0        30 260
 2  96  72  84   1   0  19    T  0.0    0  9.6 24 220   M    M   0        30 200
 3  81  70  76  -7   0  11 0.04  0.0    0  9.6 21 290   M    M   9        26 310
 4  90  70  80  -3   0  15 0.00  0.0    0 14.3 31 230   M    M   2        36 220
 5  94  63  79  -4   0  14 0.00  0.0    0 11.8 25 240   M    M   0        30 230
 6  93  64  79  -3   0  14 0.00  0.0    0 11.3 22 240   M    M   0        27 250
 7  96  65  81  -1   0  16 0.00  0.0    0  8.5 22 250   M    M   0        26 250
 8  98  67  83   1   0  18 0.00  0.0    0 10.0 23 250   M    M   0        26 230
 9  98  70  84   2   0  19 0.00  0.0    0 11.0 26 230   M    M   0        33 250
10  98  67  83   1   0  18 0.00  0.0    0  8.9 26 260   M    M   1        31 230
11  96  70  83   1   0  18 0.00  0.0    0  8.4 23 250   M    M   2        27 250
12  98  72  85   3   0  20 0.00  0.0    0 11.5 31 240   M    M   2        37 240
13  94  69  82   0   0  17 0.00  0.0    0 12.7 26 270   M    M   0        33 260
14  97  61  79  -3   0  14 0.00  0.0    0 10.3 26 220   M    M   0        33 240
15  95  59  77  -5   0  12 0.00  0.0    0 10.3 28 230   M    M   0        35 260
16  99  69  84   2   0  19 0.00  0.0    0 10.3 23 250   M    M   0        27 250
17 102  69  86   5   0  21 0.00  0.0    0 10.8 23 250   M    M   0        27 250
18  98  69  84   3   0  19 0.00  0.0    0 13.4 30 230   M    M   0        38 220
19  87  66  77  -4   0  12 0.00  0.0    0 15.2 33 220   M    M   0        39 220
20  89  59  74  -7   0   9 0.00  0.0    0  8.3 24 240   M    M   1        28 240
21  93  63  78  -3   0  13 0.00  0.0    0  8.5 23 250   M    M   1        28 330
================================================================================
SM 1996 1408         0 342  0.04     0.0 224.8          M       18
================================================================================
AV 95.0 67.0                              10.7 FASTST   M    M   1    MAX(MPH)
                                 MISC ---->  # 33 220               # 39  220
================================================================================
NOTES:
# LAST OF SEVERAL OCCURRENCES

COLUMN 17 PEAK WIND IN M.P.H.

PRELIMINARY LOCAL CLIMATOLOGICAL DATA (WS FORM: F-6) , PAGE 2

                                          STATION:  PALMDALE AIRPORT CA
                                          MONTH:    AUGUST
                                          YEAR:     2014
                                          LATITUDE:   34 37 N
                                          LONGITUDE: 118  5 W

[TEMPERATURE DATA]      [PRECIPITATION DATA]       SYMBOLS USED IN COLUMN 16

AVERAGE MONTHLY: 81.0   TOTAL FOR MONTH:   0.04    1 = FOG OR MIST
DPTR FM NORMAL:  -1.0   DPTR FM NORMAL:   -0.04    2 = FOG REDUCING VISIBILITY
HIGHEST:   104 ON  1    GRTST 24HR  0.04 ON  3- 3      TO 1/4 MILE OR LESS
LOWEST:     59 ON 20,15                            3 = THUNDER
                        SNOW, ICE PELLETS, HAIL    4 = ICE PELLETS
                        TOTAL MONTH:   0.0 INCH    5 = HAIL
                        GRTST 24HR     0.0         6 = FREEZING RAIN OR DRIZZLE
                        GRTST DEPTH:   0           7 = DUSTSTORM OR SANDSTORM:
                                                       VSBY 1/2 MILE OR LESS
                                                   8 = SMOKE OR HAZE
[NO. OF DAYS WITH]      [WEATHER - DAYS WITH]      9 = BLOWING SNOW
                                                   X = TORNADO
MAX 32 OR BELOW:   0    0.01 INCH OR MORE:   1
MAX 90 OR ABOVE:  18    0.10 INCH OR MORE:   0
MIN 32 OR BELOW:   0    0.50 INCH OR MORE:   0
MIN  0 OR BELOW:   0    1.00 INCH OR MORE:   0

[HDD (BASE 65) ]
TOTAL THIS MO.     0    CLEAR  (SCALE 0-3)  20
DPTR FM NORMAL     0    PTCLDY (SCALE 4-7)   0
TOTAL FM JUL 1     0    CLOUDY (SCALE 8-10)  1
DPTR FM NORMAL     0

[CDD (BASE 65) ]
TOTAL THIS MO.   342
DPTR FM NORMAL   -16    [PRESSURE DATA]
TOTAL FM JAN 1  1567    HIGHEST SLP M ON M
DPTR FM NORMAL   231    LOWEST  SLP 29.74 ON 18

[REMARKS]
