000
CXUS52 KMFL 271000
CF6PMP
PRELIMINARY LOCAL CLIMATOLOGICAL DATA (WS FORM: F-6)

                                          STATION:   POMPANO BEACH ARPK
                                          MONTH:     NOVEMBER
                                          YEAR:      2014
                                          LATITUDE:   26 14 N
                                          LONGITUDE:  80  7 W

  TEMPERATURE IN F:       :PCPN:    SNOW:  WIND      :SUNSHINE: SKY     :PK WND
================================================================================
1   2   3   4   5  6A  6B    7    8   9   10  11  12  13   14  15   16   17  18
                                     12Z  AVG MX 2MIN
DY MAX MIN AVG DEP HDD CDD  WTR  SNW DPTH SPD SPD DIR MIN PSBL S-S WX    SPD DR
================================================================================

 1  79  54  67  -9   0   2 0.00  0.0    0 13.1 29 290   M    M   0        35 270
 2  72  51  62 -14   3   0 0.00  0.0    0 12.5 18  40   M    M   1        23  30
 3  79  59  69  -7   0   4 0.00  0.0    0 13.8 21  70   M    M   7        27  60
 4  82  73  78   3   0  13    T  0.0    0 16.5 24  70   M    M   4        35  80
 5  83  76  80   5   0  15    T  0.0    0 16.1 24  80   M    M   4        31  70
 6  84  71  78   3   0  13 0.00  0.0    0  7.6 15  40   M    M   1        20  70
 7  84  68  76   1   0  11 0.00  0.0    0  5.9 15 320   M    M   1        20 350
 8  83  66  75   0   0  10 0.00  0.0    0  5.8 16 140   M    M   3 1      20 160
 9  74  67  71  -3   0   6 0.64  0.0    0  4.4 14 340   M    M   7 13     17 340
10  77  65  71  -3   0   6 0.61  0.0    0  7.4 15 330   M    M   5 13     21 320
11  82  61  72  -2   0   7 0.00  0.0    0  9.9 20 310   M    M   0 1      26 300
12  85  62  74   0   0   9 0.00  0.0    0  8.9 17  30   M    M   0        22 300
13  83  66  75   1   0  10 0.00  0.0    0  6.8 15  30   M    M   0        18  40
14  82  62  72  -2   0   7 0.00  0.0    0  5.2 12 320   M    M   0 18     16  80
15  82  63  73  -1   0   8 0.00  0.0    0  8.9 14  80   M    M   2 18     18  50
16  83  75  79   5   0  14 0.00  0.0    0 11.9 18 130   M    M   3        24 120
17  86  74  80   7   0  15 0.32  0.0    0 10.6 20 150   M    M   5 18     25 160
18  77  56  67  -6   0   2 0.04  0.0    0 11.4 21 330   M    M   7 18     25 330
19  72  54  63 -10   2   0 0.25  0.0    0 10.1 20 320   M    M  10 1      24 320
20  78  63  71  -2   0   6 0.09  0.0    0 12.6 21  50   M    M   8 1      27  40
21  76  70  73   0   0   8 0.09  0.0    0 17.7 25  70   M    M  10 18     32  80
22  80  74  77   4   0  12 0.05  0.0    0 19.0 29  90   M    M   8 8      37 120
23  85  78  82   9   0  17    T  0.0    0 14.9 26 130   M    M   4        32 130
24  86  78  82  10   0  17    T  0.0    0 10.1 18 160   M    M   2 1      24 140
25  85  79  82  10   0  17 0.00  0.0    0 12.7 23 150   M    M   2        31 160
26  82  58  70  -2   0   5 0.58  0.0    0 12.8 26 270   M    M   5 138    36 280
================================================================================
SM 2101 1723         5 234  2.67     0.0 286.6          M       99
================================================================================
AV 80.8 66.3                              11.0 FASTST   M    M   4    MAX(MPH)
                                 MISC ---->  # 29 290               # 37  120
================================================================================
NOTES:
# LAST OF SEVERAL OCCURRENCES

COLUMN 17 PEAK WIND IN M.P.H.

PRELIMINARY LOCAL CLIMATOLOGICAL DATA (WS FORM: F-6) , PAGE 2

                                          STATION:  POMPANO BEACH ARPK
                                          MONTH:    NOVEMBER
                                          YEAR:     2014
                                          LATITUDE:   26 14 N
                                          LONGITUDE:  80  7 W

[TEMPERATURE DATA]      [PRECIPITATION DATA]       SYMBOLS USED IN COLUMN 16

AVERAGE MONTHLY: 73.5   TOTAL FOR MONTH:   2.67    1 = FOG OR MIST
DPTR FM NORMAL:  -0.4   DPTR FM NORMAL:   -0.41    2 = FOG REDUCING VISIBILITY
HIGHEST:    86 ON 24,17 GRTST 24HR  1.22 ON  9-10      TO 1/4 MILE OR LESS
LOWEST:     51 ON  2                               3 = THUNDER
                        SNOW, ICE PELLETS, HAIL    4 = ICE PELLETS
                        TOTAL MONTH:   0.0 INCH    5 = HAIL
                        GRTST 24HR     0.0         6 = FREEZING RAIN OR DRIZZLE
                        GRTST DEPTH:   0           7 = DUSTSTORM OR SANDSTORM:
                                                       VSBY 1/2 MILE OR LESS
                                                   8 = SMOKE OR HAZE
[NO. OF DAYS WITH]      [WEATHER - DAYS WITH]      9 = BLOWING SNOW
                                                   X = TORNADO
MAX 32 OR BELOW:   0    0.01 INCH OR MORE:   9
MAX 90 OR ABOVE:   0    0.10 INCH OR MORE:   5
MIN 32 OR BELOW:   0    0.50 INCH OR MORE:   3
MIN  0 OR BELOW:   0    1.00 INCH OR MORE:   0

[HDD (BASE 65) ]
TOTAL THIS MO.     5    CLEAR  (SCALE 0-3)  12
DPTR FM NORMAL     5    PTCLDY (SCALE 4-7)  11
TOTAL FM JUL 1     5    CLOUDY (SCALE 8-10)  3
DPTR FM NORMAL     5

[CDD (BASE 65) ]
TOTAL THIS MO.   234
DPTR FM NORMAL    -4    [PRESSURE DATA]
TOTAL FM JAN 1  4506    HIGHEST SLP M ON M
DPTR FM NORMAL   547    LOWEST  SLP 29.82 ON  9

[REMARKS]
