000
CXUS52 KMFL 211000
CF6PMP
PRELIMINARY LOCAL CLIMATOLOGICAL DATA (WS FORM: F-6)

                                          STATION:   POMPANO BEACH ARPK
                                          MONTH:     FEBRUARY
                                          YEAR:      2018
                                          LATITUDE:   26 14 N
                                          LONGITUDE:  80  7 W

  TEMPERATURE IN F:       :PCPN:    SNOW:  WIND      :SUNSHINE: SKY     :PK WND
================================================================================
1   2   3   4   5  6A  6B    7    8   9   10  11  12  13   14  15   16   17  18
                                     12Z  AVG MX 2MIN
DY MAX MIN AVG DEP HDD CDD  WTR  SNW DPTH SPD SPD DIR MIN PSBL S-S WX    SPD DR
================================================================================

 1  75  66  71   3   0   6    T  0.0    0  9.4 15 110   M    M   5        20  90
 2  81  61  71   3   0   6 0.00  0.0    0  6.7 16 330   M    M   3        21 320
 3  73  67  70   2   0   5 0.25  0.0    0 13.8 22  70   M    M   9 1      29  70
 4  79  70  75   7   0  10    T  0.0    0 12.0 21 160   M    M   5 1      27  80
 5  79  70  75   7   0  10    T  0.0    0  9.8 21  40   M    M   6        24  50
 6  78  71  75   7   0  10 0.00  0.0    0 10.8 16  90   M    M   3        20 100
 7  80  73  77   9   0  12 0.00  0.0    0 10.9 17 130   M    M   3        24 100
 8  81  70  76   8   0  11 0.00  0.0    0  7.6 13  60   M    M   2 8      16  60
 9  80  73  77   8   0  12 0.06  0.0    0 11.2 16 100   M    M   5 1      27  50
10  81  74  78   9   0  13    T  0.0    0 13.1 20 130   M    M   3        25 130
11  83  75  79  10   0  14    T  0.0    0 15.0 22 150   M    M   4        28 150
12  82  75  79  10   0  14 0.00  0.0    0 11.9 18 140   M    M   2 18     24 130
13  81  75  78   9   0  13 0.00  0.0    0  9.8 15  60   M    M   3 8      19 130
14  81  74  78   9   0  13 0.00  0.0    0  9.3 14 110   M    M   3 8      18 130
15  79  71  75   6   0  10 0.00  0.0    0  6.9 13 120   M    M   1        16 120
16  81  62  72   3   0   7 0.00  0.0    0  6.4 18 130   M    M   0 8      21 130
17  81  63  72   3   0   7 0.00  0.0    0  5.3 16 120   M    M   0 1      20 120
18  81  68  75   6   0  10 0.00  0.0    0  6.7 15  90   M    M   4        20  80
19  81  74  78   9   0  13 0.03  0.0    0 14.9 24  90   M    M   6 18     29 100
20  82  76  79   9   0  14 0.00  0.0    0 15.7 22 100   M    M   5        28 100
================================================================================
SM 1599 1408         0 210  0.34     0.0 207.2          M       72
================================================================================
AV 80.0 70.4                              10.4 FASTST   M    M   4    MAX(MPH)
                                 MISC ---->  # 24  90               # 29   70
================================================================================
NOTES:
# LAST OF SEVERAL OCCURRENCES

COLUMN 17 PEAK WIND IN M.P.H.

PRELIMINARY LOCAL CLIMATOLOGICAL DATA (WS FORM: F-6) , PAGE 2

                                          STATION:  POMPANO BEACH ARPK
                                          MONTH:    FEBRUARY
                                          YEAR:     2018
                                          LATITUDE:   26 14 N
                                          LONGITUDE:  80  7 W

[TEMPERATURE DATA]      [PRECIPITATION DATA]       SYMBOLS USED IN COLUMN 16

AVERAGE MONTHLY: 75.2   TOTAL FOR MONTH:   0.34    1 = FOG OR MIST
DPTR FM NORMAL:   6.5   DPTR FM NORMAL:   -1.41    2 = FOG REDUCING VISIBILITY
HIGHEST:    83 ON 11    GRTST 24HR  0.25 ON  3- 3      TO 1/4 MILE OR LESS
LOWEST:     61 ON  2                               3 = THUNDER
                        SNOW, ICE PELLETS, HAIL    4 = ICE PELLETS
                        TOTAL MONTH:   0.0 INCH    5 = HAIL
                        GRTST 24HR     0.0         6 = FREEZING RAIN OR DRIZZLE
                        GRTST DEPTH:   0           7 = DUSTSTORM OR SANDSTORM:
                                                       VSBY 1/2 MILE OR LESS
                                                   8 = SMOKE OR HAZE
[NO. OF DAYS WITH]      [WEATHER - DAYS WITH]      9 = BLOWING SNOW
                                                   X = TORNADO
MAX 32 OR BELOW:   0    0.01 INCH OR MORE:   3
MAX 90 OR ABOVE:   0    0.10 INCH OR MORE:   1
MIN 32 OR BELOW:   0    0.50 INCH OR MORE:   0
MIN  0 OR BELOW:   0    1.00 INCH OR MORE:   0

[HDD (BASE 65) ]
TOTAL THIS MO.     0    CLEAR  (SCALE 0-3)  10
DPTR FM NORMAL   -20    PTCLDY (SCALE 4-7)   9
TOTAL FM JUL 1   113    CLOUDY (SCALE 8-10)  1
DPTR FM NORMAL   -29

[CDD (BASE 65) ]
TOTAL THIS MO.   210
DPTR FM NORMAL   112    [PRESSURE DATA]
TOTAL FM JAN 1   354    HIGHEST SLP M ON M
DPTR FM NORMAL   128    LOWEST  SLP 29.99 ON  4

[REMARKS]
