000
CXUS52 KMFL 201000
CF6PMP
PRELIMINARY LOCAL CLIMATOLOGICAL DATA (WS FORM: F-6)

                                          STATION:   POMPANO BEACH ARPK
                                          MONTH:     AUGUST
                                          YEAR:      2014
                                          LATITUDE:   26 14 N
                                          LONGITUDE:  80  7 W

  TEMPERATURE IN F:       :PCPN:    SNOW:  WIND      :SUNSHINE: SKY     :PK WND
================================================================================
1   2   3   4   5  6A  6B    7    8   9   10  11  12  13   14  15   16   17  18
                                     12Z  AVG MX 2MIN
DY MAX MIN AVG DEP HDD CDD  WTR  SNW DPTH SPD SPD DIR MIN PSBL S-S WX    SPD DR
================================================================================

 1   M   M   M   M   M   M 0.01  0.0    0  8.8 10 110   M    M   2 3       M  M
 2   M   M   M   M   M   M 0.02    M    0 11.9 17  70   M    M   4         M  M
 3   M   M   M   M   M   M 1.62    M    0  8.4 14 190   M    M   7 38      M  M
 4   M   M   M   M   M   M 0.74    M    0  9.0 14 250   M    M   4 3       M  M
 5  88  83  86   2   0  21    T  0.0    0  6.7 12 280   M    M   3         M  M
 6  90  78  84   0   0  19 0.30  0.0    0  4.5 13 140   M    M   2 38     16 320
 7  91  75  83  -1   0  18 0.15  0.0    0  5.7 22 340   M    M   3 13     27 310
 8  91  77  84   0   0  19    T  0.0    0  6.1 15 140   M    M   3 3      19 130
 9  92  80  86   3   0  21    T  0.0    0  5.1 18 150   M    M   3        24 140
10  93  80  87   4   0  22 0.00  0.0    0  5.6 16 130   M    M   2 3      21 130
11  93  77  85   2   0  20 0.00  0.0    0  6.0 18 140   M    M   1        22 150
12  90  79  85   2   0  20 0.00  0.0    0  6.6 17 130   M    M   2 3       M  M
13  94  80  87   4   0  22 0.00  0.0    0  6.9 18 150   M    M   1 3      23 150
14  93  77  85   2   0  20 0.74  0.0    0  5.3 29 270   M    M   3 13     31 260
15  92  74  83   0   0  18 2.07  0.0    0  5.2 33 270   M    M   3 123    43 280
16  93  77  85   2   0  20    T  0.0    0  5.3 22 320   M    M   4 3      26 320
17  92  78  85   2   0  20 0.01  0.0    0  5.5 15 220   M    M   2 13     19 240
18  92  78  85   2   0  20 0.00  0.0    0  5.4 14 130   M    M   2 18     19 110
19  92  80  86   3   0  21 0.00  0.0    0  6.2 14 120   M    M   3        19 120
================================================================================
SM 1376 1173         0 301  5.66     0.0 124.2          M       54
================================================================================
AV 91.7 78.2                               6.5 FASTST   M    M   3    MAX(MPH)
                                 MISC ---->  # 33 270               # 43  280
================================================================================
NOTES:
# LAST OF SEVERAL OCCURRENCES

COLUMN 17 PEAK WIND IN M.P.H.

PRELIMINARY LOCAL CLIMATOLOGICAL DATA (WS FORM: F-6) , PAGE 2

                                          STATION:  POMPANO BEACH ARPK
                                          MONTH:    AUGUST
                                          YEAR:     2014
                                          LATITUDE:   26 14 N
                                          LONGITUDE:  80  7 W

[TEMPERATURE DATA]      [PRECIPITATION DATA]       SYMBOLS USED IN COLUMN 16

AVERAGE MONTHLY: 85.0   TOTAL FOR MONTH:   5.66    1 = FOG OR MIST
DPTR FM NORMAL:   1.5   DPTR FM NORMAL:    1.78    2 = FOG REDUCING VISIBILITY
HIGHEST:    94 ON 13    GRTST 24HR  2.07 ON 15-15      TO 1/4 MILE OR LESS
LOWEST:     74 ON 15                               3 = THUNDER
                        SNOW, ICE PELLETS, HAIL    4 = ICE PELLETS
                        TOTAL MONTH:   0.0 INCH    5 = HAIL
                        GRTST 24HR     0.0         6 = FREEZING RAIN OR DRIZZLE
                        GRTST DEPTH:   0           7 = DUSTSTORM OR SANDSTORM:
                                                       VSBY 1/2 MILE OR LESS
                                                   8 = SMOKE OR HAZE
[NO. OF DAYS WITH]      [WEATHER - DAYS WITH]      9 = BLOWING SNOW
                                                   X = TORNADO
MAX 32 OR BELOW:   0    0.01 INCH OR MORE:   9
MAX 90 OR ABOVE:  14    0.10 INCH OR MORE:   6
MIN 32 OR BELOW:   0    0.50 INCH OR MORE:   4
MIN  0 OR BELOW:   0    1.00 INCH OR MORE:   2

[HDD (BASE 65) ]
TOTAL THIS MO.     0    CLEAR  (SCALE 0-3)  15
DPTR FM NORMAL     0    PTCLDY (SCALE 4-7)   4
TOTAL FM JUL 1     0    CLOUDY (SCALE 8-10)  0
DPTR FM NORMAL     0

[CDD (BASE 65) ]
TOTAL THIS MO.   301
DPTR FM NORMAL   -41    [PRESSURE DATA]
TOTAL FM JAN 1  2821    HIGHEST SLP M ON M
DPTR FM NORMAL   240    LOWEST  SLP 29.88 ON  3

[REMARKS]
