000
CXUS55 KLOX 241155
CF6PRB
PRELIMINARY LOCAL CLIMATOLOGICAL DATA (WS FORM: F-6)

                                          STATION:   PASO ROBLES AIRPORT CA
                                          MONTH:     SEPTEMBER
                                          YEAR:      2017
                                          LATITUDE:   35 40 N
                                          LONGITUDE: 120 38 W

  TEMPERATURE IN F:       :PCPN:    SNOW:  WIND      :SUNSHINE: SKY     :PK WND
================================================================================
1   2   3   4   5  6A  6B    7    8   9   10  11  12  13   14  15   16   17  18
                                     12Z  AVG MX 2MIN
DY MAX MIN AVG DEP HDD CDD  WTR  SNW DPTH SPD SPD DIR MIN PSBL S-S WX    SPD DR
================================================================================

 1 111  67  89  17   0  24 0.00  0.0    0  4.5 17 210   M    M   0        22 210
 2 115  66  91  19   0  26 0.00  0.0    0  5.4 15 200   M    M   0        26 250
 3 102  74  88  16   0  23 0.02  0.0    0  9.2 28 210   M    M   0        37 200
 4  88  70  79   7   0  14    T  0.0    0  8.5 21 250   M    M   4        29 230
 5  92  65  79   7   0  14 0.00  0.0    0  5.9 18 210   M    M   4        23 200
 6  93  57  75   4   0  10 0.00  0.0    0  6.7 21 200   M    M   0        24 210
 7  91  59  75   4   0  10 0.00  0.0    0  6.3 18 210   M    M   2 1       M  M
 8  82  57  70  -1   0   5 0.00  0.0    0  7.4 22 220   M    M   0        29 220
 9  92  61  77   6   0  12 0.00  0.0    0  4.1 16 200   M    M   4        20 200
10 101  57  79   8   0  14    T  0.0    0  4.6 23 200   M    M   0        33 190
11  93  67  80  10   0  15 0.01  0.0    0  7.6 20 210   M    M   1        27 170
12  86  62  74   4   0   9 0.00  0.0    0  9.9 21 220   M    M   1        26 210
13  80  59  70   0   0   5 0.00  0.0    0  9.3 22 210   M    M   4        29 210
14  75  57  66  -4   0   1 0.00  0.0    0  9.6 21 210   M    M   5        28 200
15  84  51  68  -2   0   3 0.00  0.0    0  7.6 21 200   M    M   2        24 190
16  88  46  67  -3   0   2 0.00  0.0    0  5.3 18 200   M    M   2 12     22 200
17  88  50  69   0   0   4 0.00  0.0    0  6.1 17 310   M    M   0        21 300
18  88  45  67  -2   0   2 0.00  0.0    0  7.9 20 310   M    M   1        25 320
19  82  54  68  -1   0   3 0.00  0.0    0  9.4 18 300   M    M   1        24 320
20  85  46  66  -3   0   1 0.00  0.0    0  6.1 18 230   M    M   0        24 220
21  74  53  64  -4   1   0 0.00  0.0    0 14.2 24 350   M    M   3        29 350
22  75  41  58 -10   7   0 0.00  0.0    0  6.3 21 330   M    M   0         M  M
23  80  39  60  -8   5   0 0.00  0.0    0  4.9 14 300   M    M   0        19  10
================================================================================
SM 2045 1303        13 197  0.03     0.0 166.8          M       34
================================================================================
AV 88.9 56.7                               7.3 FASTST   M    M   1    MAX(MPH)
                                 MISC ---->  # 28 210               # 37  200
================================================================================
NOTES:
# LAST OF SEVERAL OCCURRENCES

COLUMN 17 PEAK WIND IN M.P.H.

PRELIMINARY LOCAL CLIMATOLOGICAL DATA (WS FORM: F-6) , PAGE 2

                                          STATION:  PASO ROBLES AIRPORT CA
                                          MONTH:    SEPTEMBER
                                          YEAR:     2017
                                          LATITUDE:   35 40 N
                                          LONGITUDE: 120 38 W

[TEMPERATURE DATA]      [PRECIPITATION DATA]       SYMBOLS USED IN COLUMN 16

AVERAGE MONTHLY: 72.8   TOTAL FOR MONTH:   0.03    1 = FOG OR MIST
DPTR FM NORMAL:   2.6   DPTR FM NORMAL:   -0.10    2 = FOG REDUCING VISIBILITY
HIGHEST:   115 ON  2    GRTST 24HR  0.02 ON  3- 3      TO 1/4 MILE OR LESS
LOWEST:     39 ON 23                               3 = THUNDER
                        SNOW, ICE PELLETS, HAIL    4 = ICE PELLETS
                        TOTAL MONTH:   0.0 INCH    5 = HAIL
                        GRTST 24HR     0.0         6 = FREEZING RAIN OR DRIZZLE
                        GRTST DEPTH:   0           7 = DUSTSTORM OR SANDSTORM:
                                                       VSBY 1/2 MILE OR LESS
                                                   8 = SMOKE OR HAZE
[NO. OF DAYS WITH]      [WEATHER - DAYS WITH]      9 = BLOWING SNOW
                                                   X = TORNADO
MAX 32 OR BELOW:   0    0.01 INCH OR MORE:   2
MAX 90 OR ABOVE:   9    0.10 INCH OR MORE:   0
MIN 32 OR BELOW:   0    0.50 INCH OR MORE:   0
MIN  0 OR BELOW:   0    1.00 INCH OR MORE:   0

[HDD (BASE 65) ]
TOTAL THIS MO.    13    CLEAR  (SCALE 0-3)  18
DPTR FM NORMAL     2    PTCLDY (SCALE 4-7)   5
TOTAL FM JUL 1    14    CLOUDY (SCALE 8-10)  0
DPTR FM NORMAL    -5

[CDD (BASE 65) ]
TOTAL THIS MO.   197
DPTR FM NORMAL    64    [PRESSURE DATA]
TOTAL FM JAN 1  1297    HIGHEST SLP M ON M
DPTR FM NORMAL   431    LOWEST  SLP 29.67 ON  1

[REMARKS]
