000
CXUS54 KFWD 170730
CF6PRX
PRELIMINARY LOCAL CLIMATOLOGICAL DATA (WS FORM: F-6)

                                          STATION:   PARIS
                                          MONTH:     NOVEMBER
                                          YEAR:      2017
                                          LATITUDE:   33 37 N
                                          LONGITUDE:  95 27 W

  TEMPERATURE IN F:       :PCPN:    SNOW:  WIND      :SUNSHINE: SKY     :PK WND
================================================================================
1   2   3   4   5  6A  6B    7    8   9   10  11  12  13   14  15   16   17  18
                                     12Z  AVG MX 2MIN
DY MAX MIN AVG DEP HDD CDD  WTR  SNW DPTH SPD SPD DIR MIN PSBL S-S WX    SPD DR
================================================================================

 1  71  46  59  -1   6   0 0.09  0.0    0  8.7 14 160   M    M   7 12      M  M
 2  86  63  75  15   0  10 0.00  0.0    0 15.2 25 210   M    M   2 1      35 200
 3  77  59  68   8   0   3 0.00  0.0    0  6.7 13 260   M    M   5 18      M  M
 4  85  59  72  13   0   7 0.00  0.0    0  9.6 20 190   M    M   6 1      27 200
 5  86  63  75  16   0  10 0.00  0.0    0 13.4 21 210   M    M   4        32 210
 6  75  53  64   6   1   0 0.00  0.0    0  7.2 13 340   M    M   6         M  M
 7  57  46  52  -6  13   0 0.00  0.0    0 10.8 17 330   M    M   8 1      21 330
 8  49  46  48 -10  17   0 0.46  0.0    0  7.6 13 350   M    M  10 1       M  M
 9  61  45  53  -4  12   0 0.00  0.0    0  3.1  8 350   M    M   4 18      M  M
10  65  39  52  -5  13   0 0.00  0.0    0  6.4 13 150   M    M   0 18     18 150
11  63  45  54  -2  11   0 0.00  0.0    0 11.0 16 160   M    M  10         M  M
12  67  54  61   5   4   0 0.01  0.0    0  4.9  8  20   M    M   9         M  M
13  62  52  57   1   8   0 0.00  0.0    0  9.0 14  90   M    M  10 1       M  M
14  71  55  63   8   2   0    T  0.0    0 10.5 13 140   M    M   7 1       M  M
15  70  62  66  11   0   1    T  0.0    0  8.4 12 200   M    M  10 1       M  M
16  63  58  61   7   4   0 0.00  0.0    0  9.2 14  80   M    M  10 1       M  M
================================================================================
SM 1108  845        91  31  0.56     0.0 141.7          M      108
================================================================================
AV 69.3 52.8                               8.9 FASTST   M    M   7    MAX(MPH)
                                 MISC ---->    25   M               # 35  200
================================================================================
NOTES:
# LAST OF SEVERAL OCCURRENCES

COLUMN 17 PEAK WIND IN M.P.H.

PRELIMINARY LOCAL CLIMATOLOGICAL DATA (WS FORM: F-6) , PAGE 2

                                          STATION:  PARIS
                                          MONTH:    NOVEMBER
                                          YEAR:     2017
                                          LATITUDE:   33 37 N
                                          LONGITUDE:  95 27 W

[TEMPERATURE DATA]      [PRECIPITATION DATA]       SYMBOLS USED IN COLUMN 16

AVERAGE MONTHLY: 61.0   TOTAL FOR MONTH:   0.56    1 = FOG OR MIST
DPTR FM NORMAL:   3.7   DPTR FM NORMAL:   -2.05    2 = FOG REDUCING VISIBILITY
HIGHEST:    86 ON  5, 2 GRTST 24HR  0.46 ON  8- 8      TO 1/4 MILE OR LESS
LOWEST:     39 ON 10                               3 = THUNDER
                        SNOW, ICE PELLETS, HAIL    4 = ICE PELLETS
                        TOTAL MONTH:   0.0 INCH    5 = HAIL
                        GRTST 24HR     0.0         6 = FREEZING RAIN OR DRIZZLE
                        GRTST DEPTH:   0           7 = DUSTSTORM OR SANDSTORM:
                                                       VSBY 1/2 MILE OR LESS
                                                   8 = SMOKE OR HAZE
[NO. OF DAYS WITH]      [WEATHER - DAYS WITH]      9 = BLOWING SNOW
                                                   X = TORNADO
MAX 32 OR BELOW:   0    0.01 INCH OR MORE:   3
MAX 90 OR ABOVE:   0    0.10 INCH OR MORE:   1
MIN 32 OR BELOW:   0    0.50 INCH OR MORE:   0
MIN  0 OR BELOW:   0    1.00 INCH OR MORE:   0

[HDD (BASE 65) ]
TOTAL THIS MO.    91    CLEAR  (SCALE 0-3)   2
DPTR FM NORMAL   -45    PTCLDY (SCALE 4-7)   7
TOTAL FM JUL 1   210    CLOUDY (SCALE 8-10)  7
DPTR FM NORMAL   -28

[CDD (BASE 65) ]
TOTAL THIS MO.    31
DPTR FM NORMAL    15    [PRESSURE DATA]
TOTAL FM JAN 1  2070    HIGHEST SLP M ON M
DPTR FM NORMAL  -466    LOWEST  SLP M ON M

[REMARKS]
