000
CXUS54 KHGX 311415
CF6PSX
PRELIMINARY LOCAL CLIMATOLOGICAL DATA (WS FORM: F-6)

                                          STATION:   PALACIOS
                                          MONTH:     JULY
                                          YEAR:      2015
                                          LATITUDE:   28 43 N
                                          LONGITUDE:  96 15 W

  TEMPERATURE IN F:       :PCPN:    SNOW:  WIND      :SUNSHINE: SKY     :PK WND
================================================================================
1   2   3   4   5  6A  6B    7    8   9   10  11  12  13   14  15   16   17  18
                                     12Z  AVG MX 2MIN
DY MAX MIN AVG DEP HDD CDD  WTR  SNW DPTH SPD SPD DIR MIN PSBL S-S WX    SPD DR
================================================================================

 1  89  74  82  -2   0  17 0.14  0.0    0  9.4 31 220   M    M   2 18     40 220
 2  90  74  82  -2   0  17 0.00  0.0    0 11.0 21 150   M    M   3        25 160
 3  90  77  84   0   0  19 0.14  0.0    0  9.6 17 170   M    M   4 13     23 180
 4  90  82  86   2   0  21 0.00  0.0    M 11.7 20 160   M    M   3        25 150
 5  90  82  86   2   0  21 0.00  0.0    0 13.8 22 170   M    M   5 8      26 170
 6  90  82  86   2   0  21 0.00  0.0    0 14.7 21 160   M    M   6 8      34 160
 7  90  83  87   3   0  22    T  0.0    0 15.4 24 160   M    M   7        30 160
 8  90  82  86   2   0  21 0.00  0.0    0 15.8 22 150   M    M   7 8      29 160
 9  90  81  86   2   0  21 0.00  0.0    0 11.2 17 170   M    M   3        22 150
10  91  80  86   2   0  21 0.07  0.0    0  9.6 15 130   M    M   2 1      19 170
11  91  78  85   1   0  20 0.00  0.0    0  9.6 16 160   M    M   0        20 160
12  91  82  87   3   0  22 0.00  0.0    0 10.4 17 170   M    M   3        23 170
13  90  82  86   2   0  21 0.00  0.0    0 11.5 16 190   M    M   2        22 190
14  90  82  86   2   0  21 0.00  0.0    0 11.5 16 190   M    M   2        21 210
15  92  82  87   3   0  22 0.00  0.0    0 11.2 17 160   M    M   2        22 160
16  93  82  88   4   0  23 0.00  0.0    0 11.0 20 150   M    M   2 8      23 140
17  91  81  86   2   0  21    T  0.0    0 12.0 21 180   M    M   3        26 170
18  92  83  88   4   0  23 0.00  0.0    0 12.2 20 170   M    M   2        25 180
19  92  83  88   4   0  23 0.00  0.0    0 10.7 17 170   M    M   1        22 170
20  91  82  87   3   0  22 0.00  0.0    0  9.8 15 170   M    M   1        20 170
21  92  83  88   4   0  23 0.00  0.0    0 12.2 17 170   M    M   2        23 170
22  92  83  88   4   0  23 0.00  0.0    0 13.0 18 160   M    M   2        24 160
23  92  83  88   4   0  23 0.00  0.0    0 12.4 18 170   M    M   3        24 170
24  92  82  87   3   0  22 0.00  0.0    0 11.0 16 170   M    M   2        22 170
25  94  80  87   3   0  22 0.00  0.0    0 10.1 17 170   M    M   2        21 150
26  94  83  89   5   0  24 0.00  0.0    0 10.9 17 140   M    M   2        21 150
27  93  84  89   5   0  24 0.00  0.0    0 11.9 16 150   M    M   2        21 170
28  93  82  88   4   0  23 0.00  0.0    0 12.2 21 150   M    M   2        26 140
29  93  82  88   4   0  23 0.00  0.0    0  9.5 17 180   M    M   1        21 190
30  95  76  86   2   0  21 0.00  0.0    0  7.9 17 190   M    M   0 13     21 190
================================================================================
SM 2743 2432         0 647  0.35     0.0 343.2          M       78
================================================================================
AV 91.4 81.1                              11.4 FASTST   M    M   3    MAX(MPH)
                                 MISC ---->  # 31 220               # 40  220
================================================================================
NOTES:
# LAST OF SEVERAL OCCURRENCES

COLUMN 17 PEAK WIND IN M.P.H.

PRELIMINARY LOCAL CLIMATOLOGICAL DATA (WS FORM: F-6) , PAGE 2

                                          STATION:  PALACIOS
                                          MONTH:    JULY
                                          YEAR:     2015
                                          LATITUDE:   28 43 N
                                          LONGITUDE:  96 15 W

[TEMPERATURE DATA]      [PRECIPITATION DATA]       SYMBOLS USED IN COLUMN 16

AVERAGE MONTHLY: 86.2   TOTAL FOR MONTH:   0.35    1 = FOG OR MIST
DPTR FM NORMAL:   2.2   DPTR FM NORMAL:   -4.33    2 = FOG REDUCING VISIBILITY
HIGHEST:    95 ON 30    GRTST 24HR  0.14 ON  3- 3      TO 1/4 MILE OR LESS
LOWEST:     74 ON  2, 1                            3 = THUNDER
                        SNOW, ICE PELLETS, HAIL    4 = ICE PELLETS
                        TOTAL MONTH:   0.0 INCH    5 = HAIL
                        GRTST 24HR     0.0         6 = FREEZING RAIN OR DRIZZLE
                        GRTST DEPTH:   0           7 = DUSTSTORM OR SANDSTORM:
                                                       VSBY 1/2 MILE OR LESS
                                                   8 = SMOKE OR HAZE
[NO. OF DAYS WITH]      [WEATHER - DAYS WITH]      9 = BLOWING SNOW
                                                   X = TORNADO
MAX 32 OR BELOW:   0    0.01 INCH OR MORE:   3
MAX 90 OR ABOVE:  29    0.10 INCH OR MORE:   2
MIN 32 OR BELOW:   0    0.50 INCH OR MORE:   0
MIN  0 OR BELOW:   0    1.00 INCH OR MORE:   0

[HDD (BASE 65) ]
TOTAL THIS MO.     0    CLEAR  (SCALE 0-3)  23
DPTR FM NORMAL     0    PTCLDY (SCALE 4-7)   7
TOTAL FM JUL 1     0    CLOUDY (SCALE 8-10)  0
DPTR FM NORMAL     0

[CDD (BASE 65) ]
TOTAL THIS MO.   647
DPTR FM NORMAL    77    [PRESSURE DATA]
TOTAL FM JAN 1  1939    HIGHEST SLP M ON M
DPTR FM NORMAL   211    LOWEST  SLP 29.82 ON 14

[REMARKS]
