000
CXUS54 KHGX 261318
CF6PSX
PRELIMINARY LOCAL CLIMATOLOGICAL DATA (WS FORM: F-6)

                                          STATION:   PALACIOS
                                          MONTH:     JULY
                                          YEAR:      2014
                                          LATITUDE:   28 43 N
                                          LONGITUDE:  96 15 W

  TEMPERATURE IN F:       :PCPN:    SNOW:  WIND      :SUNSHINE: SKY     :PK WND
================================================================================
1   2   3   4   5  6A  6B    7    8   9   10  11  12  13   14  15   16   17  18
                                     12Z  AVG MX 2MIN
DY MAX MIN AVG DEP HDD CDD  WTR  SNW DPTH SPD SPD DIR MIN PSBL S-S WX    SPD DR
================================================================================

 1  90  80  85   1   0  20 0.00  0.0    0 11.3 20 170   M    M   4        24 170
 2  90  76  83  -1   0  18 0.00  0.0    0  6.9 16 170   M    M   1        19 170
 3  91  75  83  -1   0  18 0.04  0.0    0  6.6 15 150   M    M   2 138    18 130
 4  92  71  82  -2   0  17 1.00  0.0    0  7.2 36 140   M    M   3 138    51 140
 5  89  74  82  -2   0  17 0.08  0.0    0  6.6 24  50   M    M   1 138    32  50
 6  89  73  81  -3   0  16 0.06  0.0    0  7.1 14 180   M    M   1 13     19 290
 7  90  81  86   2   0  21 0.00  0.0    0 10.4 15 170   M    M   1         M  M
 8  90  82  86   2   0  21 0.00  0.0    M 11.0 17 170   M    M   1 8      24 110
 9  90  80  85   1   0  20 0.00  0.0    0 10.2 16 170   M    M   1 8      21 160
10  88  73  81  -3   0  16 0.50  0.0    0  8.1 28 190   M    M   1 18     40 200
11  90  75  83  -1   0  18 0.00  0.0    0  8.6 18 150   M    M   0        21 140
12  92  74  83  -1   0  18 0.00  0.0    0  7.1 15 160   M    M   1 1      19 200
13  91  75  83  -1   0  18 0.00  0.0    0  6.5 14 190   M    M   1 3      18 170
14  91  80  86   2   0  21 0.00  0.0    M 10.4 20 170   M    M   1        30 220
15  91  79  85   1   0  20    T  0.0    0  8.1 21  40   M    M   2 3      24  50
16  91  77  84   0   0  19    T  0.0    0  8.2 16 170   M    M   1        21 170
17  90  80  85   1   0  20    T  0.0    0 15.5 28 200   M    M   5        36 190
18  87  75  81  -3   0  16 0.05  0.0    0  7.4 20 280   M    M   5 138    28 280
19  91  74  83  -1   0  18    T  0.0    0  8.6 18 100   M    M   4 1      29  90
20  92  79  86   2   0  21    T  0.0    0  8.8 17 150   M    M   3 18     22 150
21  93  83  88   4   0  23 0.00  0.0    0  9.6 16 160   M    M   3        25 160
22  91  81  86   2   0  21 0.00  0.0    0  8.2 16 190   M    M   1        21 210
23  91  79  85   1   0  20    T  0.0    0  6.4 14 170   M    M   3 138    18 170
24  90  77  84   0   0  19 0.02  0.0    0  7.3 14 150   M    M   2 13     18 150
25  93  78  86   2   0  21 0.00  0.0    0  9.9 20 170   M    M   1        26 110
================================================================================
SM 2263 1931         0 477  1.75     0.0 216.0          M       49
================================================================================
AV 90.5 77.2                               8.6 FASTST   M    M   2    MAX(MPH)
                                 MISC ---->  # 36 140               # 51  140
================================================================================
NOTES:
# LAST OF SEVERAL OCCURRENCES

COLUMN 17 PEAK WIND IN M.P.H.

PRELIMINARY LOCAL CLIMATOLOGICAL DATA (WS FORM: F-6) , PAGE 2

                                          STATION:  PALACIOS
                                          MONTH:    JULY
                                          YEAR:     2014
                                          LATITUDE:   28 43 N
                                          LONGITUDE:  96 15 W

[TEMPERATURE DATA]      [PRECIPITATION DATA]       SYMBOLS USED IN COLUMN 16

AVERAGE MONTHLY: 83.9   TOTAL FOR MONTH:   1.75    1 = FOG OR MIST
DPTR FM NORMAL:  -0.1   DPTR FM NORMAL:   -2.39    2 = FOG REDUCING VISIBILITY
HIGHEST:    93 ON 25,21 GRTST 24HR  1.00 ON  4- 4      TO 1/4 MILE OR LESS
LOWEST:     71 ON  4                               3 = THUNDER
                        SNOW, ICE PELLETS, HAIL    4 = ICE PELLETS
                        TOTAL MONTH:   0.0 INCH    5 = HAIL
                        GRTST 24HR     0.0         6 = FREEZING RAIN OR DRIZZLE
                        GRTST DEPTH:   0           7 = DUSTSTORM OR SANDSTORM:
                                                       VSBY 1/2 MILE OR LESS
                                                   8 = SMOKE OR HAZE
[NO. OF DAYS WITH]      [WEATHER - DAYS WITH]      9 = BLOWING SNOW
                                                   X = TORNADO
MAX 32 OR BELOW:   0    0.01 INCH OR MORE:   7
MAX 90 OR ABOVE:  21    0.10 INCH OR MORE:   2
MIN 32 OR BELOW:   0    0.50 INCH OR MORE:   2
MIN  0 OR BELOW:   0    1.00 INCH OR MORE:   1

[HDD (BASE 65) ]
TOTAL THIS MO.     0    CLEAR  (SCALE 0-3)  21
DPTR FM NORMAL     0    PTCLDY (SCALE 4-7)   4
TOTAL FM JUL 1     0    CLOUDY (SCALE 8-10)  0
DPTR FM NORMAL     0

[CDD (BASE 65) ]
TOTAL THIS MO.   477
DPTR FM NORMAL     2    [PRESSURE DATA]
TOTAL FM JAN 1  1616    HIGHEST SLP M ON M
DPTR FM NORMAL   -17    LOWEST  SLP 29.83 ON 17

[REMARKS]
