000
CXUS51 KBOX 011200
CF6PVD
PRELIMINARY LOCAL CLIMATOLOGICAL DATA (WS FORM: F-6)

                                          STATION:   PROVIDENCE RI
                                          MONTH:     FEBRUARY
                                          YEAR:      2015
                                          LATITUDE:   41 43 N
                                          LONGITUDE:  71 26 W

  TEMPERATURE IN F:       :PCPN:    SNOW:  WIND      :SUNSHINE: SKY     :PK WND
================================================================================
1   2   3   4   5  6A  6B    7    8   9   10  11  12  13   14  15   16   17  18
                                     12Z  AVG MX 2MIN
DY MAX MIN AVG DEP HDD CDD  WTR  SNW DPTH SPD SPD DIR MIN PSBL S-S WX    SPD DR
================================================================================

 1  33  11  22  -8  43   0 0.00  0.0   11  8.7 18 290   M    M   4        21 290
 2  31  12  22  -8  43   0 0.87  7.9   14 14.7 28  10   M    M  10 1249   35 360
 3  23   6  15 -15  50   0 0.00  0.0   17  8.5 21 320   M    M   2 8      28 300
 4  39   5  22  -8  43   0 0.00  0.0   16  7.2 24 190   M    M   8        30 180
 5  37  10  24  -6  41   0    T  0.3   13 12.8 30 350   M    M   6 1      38 360
 6  22  -1  11 -20  54   0 0.00  0.0   13  8.2 20 330   M    M   3        28 320
 7  29  15  22  -9  43   0    T  0.2   13  7.3 15 220   M    M   9 14     19 250
 8  33  16  25  -6  40   0 0.23  2.6   13 10.6 21 360   M    M  10 14     25 350
 9  22  16  19 -12  46   0 0.28  4.6   14 17.5 24 360   M    M  10 18     28  10
10  32  17  25  -6  40   0    T    T   17 16.2 25  10   M    M   8        30  20
11  26  19  23  -8  42   0    T  0.1   17 14.7 24  10   M    M   9 1      31  20
12  34  11  23  -8  42   0 0.01  0.1   16  5.4 18 300   M    M   9 18     30 290
13  22   5  14 -18  51   0 0.00  0.0   16 12.7 22 310   M    M   1        31 320
14  30  -1  15 -17  50   0 0.39  5.0   15  6.4 17 180   M    M   6 12     22 180
15  22  -1  11 -21  54   0 0.16  3.2   22 18.8 32 330   M    M   7 1289   46 330
16  18  -3   8 -24  57   0 0.00  0.0   22 14.9 25 310   M    M   4        35 290
17  22  11  17 -15  48   0 0.08  2.7   21  6.3 13 360   M    M   9        15 350
18  30  16  23 -10  42   0 0.03  0.3   22  4.6 13  10   M    M   9 1      15  10
19  26   9  18 -15  47   0    T  0.2   21 12.0 26 280   M    M   6 18     35 300
20  20   0  10 -23  55   0 0.00  0.0   20 13.2 24 280   M    M   1        34 290
21  34  -5  15 -18  50   0 0.30  0.8   18  8.1 25 210   M    M   6 148    32 190
22  39  24  32  -1  33   0 0.27  1.0    M  3.5 12 230   M    M   8 12     14 220
23  30   5  18 -15  47   0 0.00  0.0    0 11.9 24 310   M    M   6 18     30 320
24  20  -3   9 -25  56   0 0.02  0.4   15  6.1 20 150   M    M   5 1      23 170
25  35   7  21 -13  44   0 0.08  2.2   18  7.9 21 290   M    M   4 1      29 300
26  24  18  21 -13  44   0 0.01  0.2   14 10.7 20  20   M    M   7 18     24  10
27  30   8  19 -15  46   0 0.00  0.0   14  5.3 13 280   M    M   2        16 290
28  29  10  20 -15  45   0 0.00  0.0   14  6.1 12 160   M    M   1        14 160
================================================================================
SM  792  237      1296   0  2.73    31.8 280.3          M      170
================================================================================
AV 28.3  8.5                              10.0 FASTST   M    M   6    MAX(MPH)
                                 MISC ---->  # 32 330               # 46  330
================================================================================
NOTES:
# LAST OF SEVERAL OCCURRENCES

COLUMN 17 PEAK WIND IN M.P.H.

PRELIMINARY LOCAL CLIMATOLOGICAL DATA (WS FORM: F-6) , PAGE 2

                                          STATION:  PROVIDENCE RI
                                          MONTH:    FEBRUARY
                                          YEAR:     2015
                                          LATITUDE:   41 43 N
                                          LONGITUDE:  71 26 W

[TEMPERATURE DATA]      [PRECIPITATION DATA]       SYMBOLS USED IN COLUMN 16

AVERAGE MONTHLY: 18.4   TOTAL FOR MONTH:   2.73    1 = FOG OR MIST
DPTR FM NORMAL: -13.6   DPTR FM NORMAL:   -0.56    2 = FOG REDUCING VISIBILITY
HIGHEST:    39 ON 22, 4 GRTST 24HR  0.87 ON  2- 2      TO 1/4 MILE OR LESS
LOWEST:     -5 ON 21                               3 = THUNDER
                        SNOW, ICE PELLETS, HAIL    4 = ICE PELLETS
                        TOTAL MONTH:  31.8 INCHES  5 = HAIL
                        GRTST 24HR   7.9 ON   M    6 = FREEZING RAIN OR DRIZZLE
                        GRTST DEPTH:  22 ON 18,16  7 = DUSTSTORM OR SANDSTORM:
                                                       VSBY 1/2 MILE OR LESS
                                                   8 = SMOKE OR HAZE
[NO. OF DAYS WITH]      [WEATHER - DAYS WITH]      9 = BLOWING SNOW
                                                   X = TORNADO
MAX 32 OR BELOW:  20    0.01 INCH OR MORE:  13
MAX 90 OR ABOVE:   0    0.10 INCH OR MORE:   7
MIN 32 OR BELOW:  28    0.50 INCH OR MORE:   1
MIN  0 OR BELOW:   7    1.00 INCH OR MORE:   0

[HDD (BASE 65) ]
TOTAL THIS MO.  1296    CLEAR  (SCALE 0-3)   6
DPTR FM NORMAL   371    PTCLDY (SCALE 4-7)  12
TOTAL FM JUL 1  4362    CLOUDY (SCALE 8-10) 10
DPTR FM NORMAL   300

[CDD (BASE 65) ]
TOTAL THIS MO.     0
DPTR FM NORMAL     0    [PRESSURE DATA]
TOTAL FM JAN 1     0    HIGHEST SLP 30.77 ON 28
DPTR FM NORMAL     0    LOWEST  SLP 29.30 ON 15

[REMARKS]
#FINAL-02-15#
