000
CXUS54 KOUN 300800
CF6PWA
PRELIMINARY LOCAL CLIMATOLOGICAL DATA (WS FORM: F-6)

                                          STATION:   BETHANY/WILEY POST
                                          MONTH:     JUNE
                                          YEAR:      2015
                                          LATITUDE:   35 31 N
                                          LONGITUDE:  97 38 W

  TEMPERATURE IN F:       :PCPN:    SNOW:  WIND      :SUNSHINE: SKY     :PK WND
================================================================================
1   2   3   4   5  6A  6B    7    8   9   10  11  12  13   14  15   16   17  18
                                     12Z  AVG MX 2MIN
DY MAX MIN AVG DEP HDD CDD  WTR  SNW DPTH SPD SPD DIR MIN PSBL S-S WX    SPD DR
================================================================================

 1  82  56  69  -5   0   4 0.00  0.0    0  6.2 14 150   M    M   2        20 130
 2  87  67  77   3   0  12 0.00  0.0    0 14.0 21 180   M    M   2        26 190
 3  89  70  80   6   0  15 0.00  0.0    0 16.4 24 170   M    M   0        31 150
 4  89  71  80   6   0  15 0.00  0.0    0 14.0 22 160   M    M   0 8      28 170
 5  90  69  80   5   0  15 0.00  0.0    0  9.2 18 170   M    M   0 8      23 180
 6  91  70  81   6   0  16 0.00  0.0    0  9.1 16 180   M    M   0 18     22 170
 7  92  73  83   8   0  18 0.00  0.0    0 12.0 22 310   M    M   0 8      30 320
 8  93  67  80   4   0  15 0.00  0.0    0  3.8 12 120   M    M   1        26 330
 9  94  69  82   6   0  17 0.00  0.0    0  7.5 14 190   M    M   0        17 180
10  97  73  85   9   0  20 0.00  0.0    0 11.7 20 160   M    M   0        25 170
11  93  77  85   9   0  20 0.00  0.0    0 16.3 24 210   M    M   0        31 170
12  90  67  79   3   0  14 1.63  0.0    0 10.6 25 350   M    M   6 138    32 340
13  84  68  76  -1   0  11 0.49  0.0    0  9.7 17 170   M    M   4 13     22 170
14  86  73  80   3   0  15 0.08  0.0    0 13.0 22 150   M    M   4 38     28 150
15  83  67  75  -2   0  10 0.02  0.0    0  5.8 13 210   M    M   4 8      23 180
16   M   M   M   M   M   M 0.02    M    0  3.6 14 170   M    M   7 1       M  M
17  77  72  75  -3   0  10 0.09  0.0    0  9.5 22  30   M    M   8 1      30  40
18  88  69  79   1   0  14 0.63  0.0    0 11.1 22 350   M    M   6 18     29 350
19  91  68  80   2   0  15 0.00  0.0    0  5.1 14 170   M    M   1 1      20 260
20  93  76  85   7   0  20 0.00  0.0    0 16.8 24 190   M    M   0        31 190
21  90  73  82   3   0  17 0.00  0.0    0 15.6 22 170   M    M   1        29 170
22  92  74  83   4   0  18 0.00  0.0    0 18.0 30 200   M    M   1        38 210
23  93  74  84   5   0  19 0.00  0.0    0 13.0 20 220   M    M   0 8      24 230
24  93  76  85   6   0  20 0.00  0.0    0 14.0 20 180   M    M   0        25 170
25  94  77  86   7   0  21 0.00  0.0    0 14.0 20 200   M    M   0        25 190
26  92  73  83   3   0  18 0.00  0.0    0 11.2 20  10   M    M   1        25  30
27  87  68  78  -2   0  13 0.00  0.0    0  7.0 14  10   M    M   1 18     20  20
28  92  64  78  -2   0  13 0.00  0.0    0 10.6 18 200   M    M   0        22 200
29  95  70  83   3   0  18 0.38  0.0    0  8.6 28 240   M    M   1 3      36 230
================================================================================
SM 2517 1971         0 433  3.34     0.0 317.4          M       50
================================================================================
AV 89.9 70.4                              10.9 FASTST   M    M   2    MAX(MPH)
                                 MISC ---->  # 30 200               # 38  210
================================================================================
NOTES:
# LAST OF SEVERAL OCCURRENCES

COLUMN 17 PEAK WIND IN M.P.H.

PRELIMINARY LOCAL CLIMATOLOGICAL DATA (WS FORM: F-6) , PAGE 2

                                          STATION:  BETHANY/WILEY POST
                                          MONTH:    JUNE
                                          YEAR:     2015
                                          LATITUDE:   35 31 N
                                          LONGITUDE:  97 38 W

[TEMPERATURE DATA]      [PRECIPITATION DATA]       SYMBOLS USED IN COLUMN 16

AVERAGE MONTHLY: 80.1   TOTAL FOR MONTH:   3.34    1 = FOG OR MIST
DPTR FM NORMAL:   3.0   DPTR FM NORMAL:   -1.25    2 = FOG REDUCING VISIBILITY
HIGHEST:    97 ON 10    GRTST 24HR  2.08 ON 12-13      TO 1/4 MILE OR LESS
LOWEST:     56 ON  1                               3 = THUNDER
                        SNOW, ICE PELLETS, HAIL    4 = ICE PELLETS
                        TOTAL MONTH:   0.0 INCH    5 = HAIL
                        GRTST 24HR     0.0         6 = FREEZING RAIN OR DRIZZLE
                        GRTST DEPTH:   0           7 = DUSTSTORM OR SANDSTORM:
                                                       VSBY 1/2 MILE OR LESS
                                                   8 = SMOKE OR HAZE
[NO. OF DAYS WITH]      [WEATHER - DAYS WITH]      9 = BLOWING SNOW
                                                   X = TORNADO
MAX 32 OR BELOW:   0    0.01 INCH OR MORE:   8
MAX 90 OR ABOVE:  18    0.10 INCH OR MORE:   4
MIN 32 OR BELOW:   0    0.50 INCH OR MORE:   2
MIN  0 OR BELOW:   0    1.00 INCH OR MORE:   1

[HDD (BASE 65) ]
TOTAL THIS MO.     0    CLEAR  (SCALE 0-3)  22
DPTR FM NORMAL     0    PTCLDY (SCALE 4-7)   7
TOTAL FM JUL 1  3420    CLOUDY (SCALE 8-10)  0
DPTR FM NORMAL  -213

[CDD (BASE 65) ]
TOTAL THIS MO.   433
DPTR FM NORMAL    80    [PRESSURE DATA]
TOTAL FM JAN 1   604    HIGHEST SLP M ON M
DPTR FM NORMAL    36    LOWEST  SLP 29.65 ON 11

[REMARKS]
