000
CXUS54 KFWD 290730
CF6PWG
PRELIMINARY LOCAL CLIMATOLOGICAL DATA (WS FORM: F-6)

                                          STATION:   WACO MCGREGOR
                                          MONTH:     JUNE
                                          YEAR:      2017
                                          LATITUDE:   31 28 N
                                          LONGITUDE:  97 19 W

  TEMPERATURE IN F:       :PCPN:    SNOW:  WIND      :SUNSHINE: SKY     :PK WND
================================================================================
1   2   3   4   5  6A  6B    7    8   9   10  11  12  13   14  15   16   17  18
                                     12Z  AVG MX 2MIN
DY MAX MIN AVG DEP HDD CDD  WTR  SNW DPTH SPD SPD DIR MIN PSBL S-S WX    SPD DR
================================================================================

 1  89  68  79   2   0  14 0.19  0.0    0  5.4 10 110   M    M   2 13      M  M
 2  89  70  80   3   0  15 0.00  0.0    0  8.3 16 340   M    M   5        22 340
 3  85  67  76  -1   0  11 1.41  0.0    0  3.8 13 340   M    M   5 1       M  M
 4  88  69  79   2   0  14 0.16  0.0    0  3.1  7 180   M    M   2 3       M  M
 5  84  67  76  -2   0  11 0.08  0.0    0  4.3 10  60   M    M   4 1238    M  M
 6  92  68  80   2   0  15 0.00  0.0    0  8.7 17 360   M    M   3        23 350
 7  92  66  79   1   0  14 0.00  0.0    0  5.2 10 350   M    M   0        17  10
 8  90  68  79   1   0  14 0.00  0.0    0  5.6 10 140   M    M   1         M  M
 9  85  69  77  -1   0  12 0.04  0.0    0 10.1 16 130   M    M   2        21 150
10  89  67  78  -1   0  13 0.00  0.0    0 10.5 16 140   M    M   0        23 160
11  90  70  80   1   0  15 0.00  0.0    0 11.3 16 160   M    M   3        25 160
12  93  73  83   4   0  18 0.00  0.0    0 10.4 15 140   M    M   3        21 160
13  93  74  84   5   0  19    T  0.0    0 12.2 21 140   M    M   3        29 140
14  94  76  85   6   0  20 0.00  0.0    0 11.7 16 180   M    M   5        23 170
15  97  76  87   7   0  22 0.00  0.0    0 11.0 16 190   M    M   3        22 180
16  97  76  87   7   0  22 0.00  0.0    0 11.5 16 180   M    M   1 8      24 170
17  96  76  86   6   0  21 0.00  0.0    0 13.3 17 170   M    M   2        24 170
18  97  75  86   6   0  21 0.00  0.0    0 12.9 20 180   M    M   2        28 180
19  86  72  79  -1   0  14 0.18  0.0    0  6.2 13  90   M    M   0 1       M  M
20  92  71  82   2   0  17 0.00  0.0    0  7.3 13  30   M    M   1 1       M  M
21  92  69  81   0   0  16 0.00  0.0    0  8.9 15  50   M    M   1        20  60
22  91  74  83   2   0  18 0.00  0.0    0  7.2 10 130   M    M   4 8       M  M
23 102  75  89   8   0  24 0.00  0.0    0  9.2 15 110   M    M   0 8      16 200
24  83  69  76  -5   0  11 1.06  0.0    0  7.9 20  40   M    M   3 13     32  30
25  86  72  79  -2   0  14 0.00  0.0    0  7.2 12  30   M    M   5 13      M  M
26  90  73  82   1   0  17 0.01  0.0    0  5.4  9  70   M    M   4 3       M  M
27  93  70  82   1   0  17 0.00  0.0    0  5.2 14 130   M    M   2 3       M  M
28  91  70  81  -1   0  16 0.00  0.0    0  7.1 15 130   M    M   4 12     20 140
================================================================================
SM 2546 1990         0 455  3.13     0.0 230.9          M       70
================================================================================
AV 90.9 71.1                               8.2 FASTST   M    M   3    MAX(MPH)
                                 MISC ---->    21   M                 32    M
================================================================================
NOTES:
# LAST OF SEVERAL OCCURRENCES

COLUMN 17 PEAK WIND IN M.P.H.

PRELIMINARY LOCAL CLIMATOLOGICAL DATA (WS FORM: F-6) , PAGE 2

                                          STATION:  WACO MCGREGOR
                                          MONTH:    JUNE
                                          YEAR:     2017
                                          LATITUDE:   31 28 N
                                          LONGITUDE:  97 19 W

[TEMPERATURE DATA]      [PRECIPITATION DATA]       SYMBOLS USED IN COLUMN 16

AVERAGE MONTHLY: 81.0   TOTAL FOR MONTH:   3.13    1 = FOG OR MIST
DPTR FM NORMAL:   1.6   DPTR FM NORMAL:   -0.47    2 = FOG REDUCING VISIBILITY
HIGHEST:   102 ON 23    GRTST 24HR  1.41 ON  3- 3      TO 1/4 MILE OR LESS
LOWEST:     66 ON  7                               3 = THUNDER
                        SNOW, ICE PELLETS, HAIL    4 = ICE PELLETS
                        TOTAL MONTH:   0.0 INCH    5 = HAIL
                        GRTST 24HR     0.0         6 = FREEZING RAIN OR DRIZZLE
                        GRTST DEPTH:   0           7 = DUSTSTORM OR SANDSTORM:
                                                       VSBY 1/2 MILE OR LESS
                                                   8 = SMOKE OR HAZE
[NO. OF DAYS WITH]      [WEATHER - DAYS WITH]      9 = BLOWING SNOW
                                                   X = TORNADO
MAX 32 OR BELOW:   0    0.01 INCH OR MORE:   8
MAX 90 OR ABOVE:  18    0.10 INCH OR MORE:   5
MIN 32 OR BELOW:   0    0.50 INCH OR MORE:   2
MIN  0 OR BELOW:   0    1.00 INCH OR MORE:   2

[HDD (BASE 65) ]
TOTAL THIS MO.     0    CLEAR  (SCALE 0-3)  19
DPTR FM NORMAL     0    PTCLDY (SCALE 4-7)   9
TOTAL FM JUL 1  1316    CLOUDY (SCALE 8-10)  0
DPTR FM NORMAL -1027

[CDD (BASE 65) ]
TOTAL THIS MO.   455
DPTR FM NORMAL    53    [PRESSURE DATA]
TOTAL FM JAN 1  1054    HIGHEST SLP M ON M
DPTR FM NORMAL   295    LOWEST  SLP M ON M

[REMARKS]
