000
CXUS51 KGYX 010900
CF6PWM
PRELIMINARY LOCAL CLIMATOLOGICAL DATA (WS FORM: F-6)

                                          STATION:   PORTLAND ME
                                          MONTH:     APRIL
                                          YEAR:      2016
                                          LATITUDE:   43 39 N
                                          LONGITUDE:  70 19 W

  TEMPERATURE IN F:       :PCPN:    SNOW:  WIND      :SUNSHINE: SKY     :PK WND
================================================================================
1   2   3   4   5  6A  6B    7    8   9   10  11  12  13   14  15   16   17  18
                                     12Z  AVG MX 2MIN
DY MAX MIN AVG DEP HDD CDD  WTR  SNW DPTH SPD SPD DIR MIN PSBL S-S WX    SPD DR
================================================================================

 1  64  51  58  19   7   0 0.07  0.0    0 10.4 23 180   M    M   7 1      30 170
 2  53  37  45   6  20   0 0.05  0.0    0  5.7 14 190   M    M   8 1      19 200
 3  38  20  29 -11  36   0 0.02  0.2    T 16.1 37 310   M    M   5 12     49 280
 4  25  17  21 -19  44   0 0.06  1.1    0  4.2 12 360   M    M   8 1      15  10
 5  37  19  28 -12  37   0 0.00  0.0    1 10.4 21 340   M    M   1        30 310
 6  40  17  29 -12  36   0 0.02  0.2    T  8.3 20 190   M    M   6 1      26 200
 7  50  40  45   4  20   0 0.48  0.0    0 15.2 31 150   M    M  10 1      45 160
 8  55  35  45   4  20   0 0.00  0.0    0 11.5 23 240   M    M   8 1      32 230
 9  47  26  37  -5  28   0 0.00  0.0    0  9.4 24 340   M    M   4        31 360
10  47  27  37  -5  28   0 0.00  0.0    0  9.6 22 330   M    M   1        28 340
11  50  32  41  -1  24   0 0.01  0.0    0  8.9 20 180   M    M  10        27 160
12  52  32  42  -1  23   0 0.25  0.0    0  7.9 21 300   M    M   7 18     26 310
13  54  28  41  -2  24   0 0.00  0.0    0  6.3 16 360   M    M   1        22 340
14  56  35  46   2  19   0 0.00  0.0    0  9.3 18  30   M    M   1        33  40
15  59  35  47   3  18   0 0.00  0.0    0 12.6 23 350   M    M   0        39  30
16  60  35  48   4  17   0 0.00  0.0    0  8.1 18  30   M    M   1        32  40
17  60  30  45   0  20   0 0.00  0.0    0  4.9 14 180   M    M   1        17 160
18  65  36  51   6  14   0 0.03  0.0    0  5.6 13 140   M    M   7        16 110
19  57  41  49   4  16   0 0.16  0.0    0  6.5 20 340   M    M   7 1      26 350
20  59  37  48   2  17   0 0.00  0.0    0  9.9 22 360   M    M   3        27 360
21  68  32  50   4  15   0 0.00  0.0    0  5.5 15 160   M    M   2        19 150
22  68  44  56  10   9   0    T  0.0    0  3.0 13 150   M    M   7        16 150
23  64  43  54   7  11   0 0.01  0.0    0 10.8 25 330   M    M   6        29 330
24  57  33  45  -2  20   0 0.00  0.0    0  9.2 21 350   M    M   1        36 340
25  62  28  45  -2  20   0 0.00  0.0    0  8.2 18 170   M    M   4        31 190
26  45  30  38 -10  27   0 0.40  2.2    T  6.3  M   M   M    M   7 1248    M  M
27  56  27  42  -6  23   0 0.00  0.0    1  7.6 21 280   M    M   2        28 290
28  49  29  39  -9  26   0 0.00  0.0    0  6.5 16 180   M    M   2        20 150
29  49  33  41  -8  24   0 0.00  0.0    0  7.3 15 160   M    M   5        20 160
30  55  30  43  -6  22   0 0.00  0.0    0  5.3 16 170   M    M   2        22 190
================================================================================
SM 1601  959       665   0  1.56     3.7 250.5          M      134
================================================================================
AV 53.4 32.0                               8.4 FASTST   M    M   4    MAX(MPH)
                                 MISC ---->  # 37 310               # 49  280
================================================================================
NOTES:
# LAST OF SEVERAL OCCURRENCES

COLUMN 17 PEAK WIND IN M.P.H.

PRELIMINARY LOCAL CLIMATOLOGICAL DATA (WS FORM: F-6) , PAGE 2

                                          STATION:  PORTLAND ME
                                          MONTH:    APRIL
                                          YEAR:     2016
                                          LATITUDE:   43 39 N
                                          LONGITUDE:  70 19 W

[TEMPERATURE DATA]      [PRECIPITATION DATA]       SYMBOLS USED IN COLUMN 16

AVERAGE MONTHLY: 42.7   TOTAL FOR MONTH:   1.56    1 = FOG OR MIST
DPTR FM NORMAL:  -1.3   DPTR FM NORMAL:   -2.76    2 = FOG REDUCING VISIBILITY
HIGHEST:    68 ON 22,21 GRTST 24HR  0.48 ON  7- 7      TO 1/4 MILE OR LESS
LOWEST:     17 ON  6, 4                            3 = THUNDER
                        SNOW, ICE PELLETS, HAIL    4 = ICE PELLETS
                        TOTAL MONTH:   3.7 INCHES  5 = HAIL
                        GRTST 24HR   2.2 ON   M    6 = FREEZING RAIN OR DRIZZLE
                        GRTST DEPTH:   1 ON 27, 5  7 = DUSTSTORM OR SANDSTORM:
                                                       VSBY 1/2 MILE OR LESS
                                                   8 = SMOKE OR HAZE
[NO. OF DAYS WITH]      [WEATHER - DAYS WITH]      9 = BLOWING SNOW
                                                   X = TORNADO
MAX 32 OR BELOW:   1    0.01 INCH OR MORE:  12
MAX 90 OR ABOVE:   0    0.10 INCH OR MORE:   4
MIN 32 OR BELOW:  16    0.50 INCH OR MORE:   0
MIN  0 OR BELOW:   0    1.00 INCH OR MORE:   0

[HDD (BASE 65) ]
TOTAL THIS MO.   665    CLEAR  (SCALE 0-3)  13
DPTR FM NORMAL    35    PTCLDY (SCALE 4-7)  14
TOTAL FM JUL 1  5792    CLOUDY (SCALE 8-10)  3
DPTR FM NORMAL  -856

[CDD (BASE 65) ]
TOTAL THIS MO.     0
DPTR FM NORMAL     0    [PRESSURE DATA]
TOTAL FM JAN 1     0    HIGHEST SLP 30.54 ON 16
DPTR FM NORMAL     0    LOWEST  SLP 29.23 ON  3

[REMARKS]
#FINAL-04-16#
