000
CXUS51 KGYX 260900
CF6PWM
PRELIMINARY LOCAL CLIMATOLOGICAL DATA (WS FORM: F-6)

                                          STATION:   PORTLAND ME
                                          MONTH:     MARCH
                                          YEAR:      2017
                                          LATITUDE:   43 39 N
                                          LONGITUDE:  70 19 W

  TEMPERATURE IN F:       :PCPN:    SNOW:  WIND      :SUNSHINE: SKY     :PK WND
================================================================================
1   2   3   4   5  6A  6B    7    8   9   10  11  12  13   14  15   16   17  18
                                     12Z  AVG MX 2MIN
DY MAX MIN AVG DEP HDD CDD  WTR  SNW DPTH SPD SPD DIR MIN PSBL S-S WX    SPD DR
================================================================================

 1  48  40  44  15  21   0 0.08  0.0    T  4.7 14 200   M    M   9 12     21 190
 2  54  23  39  10  26   0    T  0.0    T 16.0 36 280   M    M   5 12     46 290
 3  33  16  25  -5  40   0    T    T    T 10.4 21 310   M    M   5        25 320
 4  17   7  12 -18  53   0    T    T    T 16.6 30 310   M    M   4 8      43 350
 5  31   8  20 -10  45   0 0.00  0.0    T 16.7 26 310   M    M   0        39 330
 6  40   5  23  -7  42   0 0.00  0.0    T  4.7 12 320   M    M   0        15 300
 7  40  25  33   2  32   0 0.06    T    T  4.7 10 170   M    M   9 1      18 180
 8  54  34  44  13  21   0 0.15  0.0    T  6.5 23 300   M    M   7 12     30 290
 9  43  29  36   5  29   0    T    T    T 13.5 37 280   M    M   3        48 290
10  31  17  24  -8  41   0 0.05  1.2    1  7.0 22 340   M    M   8 19     33 340
11  17   3  10 -22  55   0    T    T    1 16.9 29 290   M    M   5        39 290
12  25   1  13 -19  52   0 0.00  0.0    T  9.2 21 290   M    M   0        29 300
13  32   6  19 -13  46   0 0.00  0.0    T  4.9 14 150   M    M   4        19 160
14  29  20  25  -8  40   0 1.43 16.3    T 16.6 40  30   M    M   9 12     59  40
15  31  20  26  -7  39   0 0.01  0.1   12 12.7 22 290   M    M   6 1      28 280
16  31  15  23 -10  42   0 0.00  0.0   11 10.3 22 280   M    M   3        27 330
17  36   9  23 -11  42   0 0.00  0.0   11  4.1 16 350   M    M   2        25 330
18  32  11  22 -12  43   0 0.00  0.0   10  5.2 13 170   M    M   1        17 140
19  40  26  33  -1  32   0 0.00  0.0    9  9.9 21  60   M    M   6        29  80
20  50  30  40   5  25   0 0.00  0.0    8  9.6 22 340   M    M   1        28  30
21  47  30  39   4  26   0 0.00  0.0    7  5.2 14 160   M    M   6        18 180
22  34  16  25 -10  40   0 0.01    T    7 16.1 33 340   M    M   2        45 340
23  34  14  24 -12  41   0 0.00  0.0    7 11.0 26 330   M    M   0        39 330
24  36  22  29  -7  36   0 0.28  0.6    5  6.2 22 210   M    M   9 148    30 220
25  42  29  36   0  29   0 0.00  0.0    5  6.3 13 350   M    M   7        16 360
================================================================================
SM  907  456       938   0  2.07    18.2 245.0          M      111
================================================================================
AV 36.3 18.2                               9.8 FASTST   M    M   4    MAX(MPH)
                                 MISC ---->  # 40  30               # 59   40
================================================================================
NOTES:
# LAST OF SEVERAL OCCURRENCES

COLUMN 17 PEAK WIND IN M.P.H.

PRELIMINARY LOCAL CLIMATOLOGICAL DATA (WS FORM: F-6) , PAGE 2

                                          STATION:  PORTLAND ME
                                          MONTH:    MARCH
                                          YEAR:     2017
                                          LATITUDE:   43 39 N
                                          LONGITUDE:  70 19 W

[TEMPERATURE DATA]      [PRECIPITATION DATA]       SYMBOLS USED IN COLUMN 16

AVERAGE MONTHLY: 27.3   TOTAL FOR MONTH:   2.07    1 = FOG OR MIST
DPTR FM NORMAL:  -5.3   DPTR FM NORMAL:   -1.31    2 = FOG REDUCING VISIBILITY
HIGHEST:    54 ON  8, 2 GRTST 24HR  1.43 ON 14-14      TO 1/4 MILE OR LESS
LOWEST:      1 ON 12                               3 = THUNDER
                        SNOW, ICE PELLETS, HAIL    4 = ICE PELLETS
                        TOTAL MONTH:  18.2 INCHES  5 = HAIL
                        GRTST 24HR  16.3 ON 14-14  6 = FREEZING RAIN OR DRIZZLE
                        GRTST DEPTH:  12 ON 15     7 = DUSTSTORM OR SANDSTORM:
                                                       VSBY 1/2 MILE OR LESS
                                                   8 = SMOKE OR HAZE
[NO. OF DAYS WITH]      [WEATHER - DAYS WITH]      9 = BLOWING SNOW
                                                   X = TORNADO
MAX 32 OR BELOW:  10    0.01 INCH OR MORE:   8
MAX 90 OR ABOVE:   0    0.10 INCH OR MORE:   3
MIN 32 OR BELOW:  23    0.50 INCH OR MORE:   1
MIN  0 OR BELOW:   0    1.00 INCH OR MORE:   1

[HDD (BASE 65) ]
TOTAL THIS MO.   938    CLEAR  (SCALE 0-3)  10
DPTR FM NORMAL   126    PTCLDY (SCALE 4-7)  11
TOTAL FM JUL 1  5416    CLOUDY (SCALE 8-10)  4
DPTR FM NORMAL  -438

[CDD (BASE 65) ]
TOTAL THIS MO.     0
DPTR FM NORMAL     0    [PRESSURE DATA]
TOTAL FM JAN 1     0    HIGHEST SLP M ON M
DPTR FM NORMAL     0    LOWEST  SLP 29.05 ON 14

[REMARKS]
