000
CXUS53 KMKX 250705
CF6RAC
PRELIMINARY LOCAL CLIMATOLOGICAL DATA (WS FORM: F-6)

                                          STATION:   RACINE WI
                                          MONTH:     JULY
                                          YEAR:      2016
                                          LATITUDE:   42 45 N
                                          LONGITUDE:  87 49 W

  TEMPERATURE IN F:       :PCPN:    SNOW:  WIND      :SUNSHINE: SKY     :PK WND
================================================================================
1   2   3   4   5  6A  6B    7    8   9   10  11  12  13   14  15   16   17  18
                                     12Z  AVG MX 2MIN
DY MAX MIN AVG DEP HDD CDD  WTR  SNW DPTH SPD SPD DIR MIN PSBL S-S WX    SPD DR
================================================================================

 1  69  57  63  -8   2   0 0.00    M    M  9.2 21  20   M    M   3        26 360
 2  77  57  67  -4   0   2 0.00  0.0    0  6.3 15 160   M    M   1        19 150
 3  74  52  63  -8   2   0 0.00  0.0    0  4.2 12 120   M    M   0 8      15 110
 4  74  58  66  -5   0   1 0.00  0.0    0  5.1 15 110   M    M   8 18     18 120
 5  87  65  76   5   0  11 0.00    M    M  7.1 16 160   M    M   5 1      20 160
 6  88  68  78   6   0  13 0.32    M    M  8.7 24 210   M    M   2 13     31 210
 7  79  65  72   0   0   7    T    M    M  4.3 15 160   M    M   4 18     18 160
 8  86  66  76   4   0  11 0.00  0.0    0  9.5 20 300   M    M   2 1      29 310
 9  78  61  70  -2   0   5 0.00  0.0    0  8.1 20  40   M    M   1        25  50
10  80  58  69  -3   0   4 0.00  0.0    0  7.0 18 140   M    M   0        25 150
11  87  71  79   7   0  14    T  0.0    0 10.4 21 160   M    M   2        27 160
12  90  72  81   9   0  16 0.00  0.0    0 10.9 18 210   M    M   1        26 270
13  90  70  80   8   0  15    T  0.0    0  9.1 22 160   M    M   2 3      26 160
14  88  67  78   6   0  13 0.00  0.0    0 11.5 25 280   M    M   1        35 270
15  71  57  64  -8   1   0 0.00    M    M  7.4 16  10   M    M   7 8      22  20
16  77  57  67  -5   0   2 0.00  0.0    0  7.2 14 140   M    M   0        19 130
17  85  64  75   3   0  10 0.38  0.0    0 11.8 25 230   M    M   1 138    34 210
18  85  68  77   5   0  12 0.00  0.0    0  6.4 12 170   M    M   0        17 110
19  82  65  74   2   0   9 0.00  0.0    0  5.7 12  80   M    M   0        15  80
20  92  65  79   7   0  14 0.00  0.0    0  5.6 16 210   M    M   0 1      23 200
21  92  69  81   9   0  16 0.36  0.0    0 10.3 36  10   M    M   0 13     44 360
22  89  68  79   7   0  14 0.00    M    M  5.3 13 260   M    M   0        17 260
23  87  71  79   7   0  14 0.97    M    M  6.8 20 250   M    M   3 13     30 240
24  89  72  81   9   0  16 0.18    M    M  7.6 16 180   M    M   3 13     23 210
================================================================================
SM 1996 1543         5 219  2.21     0.0 185.5          M       46
================================================================================
AV 83.2 64.3                               7.7 FASTST   M    M   2    MAX(MPH)
                                 MISC ---->  # 36  10               # 44  360
================================================================================
NOTES:
# LAST OF SEVERAL OCCURRENCES

COLUMN 17 PEAK WIND IN M.P.H.

PRELIMINARY LOCAL CLIMATOLOGICAL DATA (WS FORM: F-6) , PAGE 2

                                          STATION:  RACINE WI
                                          MONTH:    JULY
                                          YEAR:     2016
                                          LATITUDE:   42 45 N
                                          LONGITUDE:  87 49 W

[TEMPERATURE DATA]      [PRECIPITATION DATA]       SYMBOLS USED IN COLUMN 16

AVERAGE MONTHLY: 73.7   TOTAL FOR MONTH:   2.21    1 = FOG OR MIST
DPTR FM NORMAL:   1.9   DPTR FM NORMAL:   -0.66    2 = FOG REDUCING VISIBILITY
HIGHEST:    92 ON 21,20 GRTST 24HR  1.10 ON 23-24      TO 1/4 MILE OR LESS
LOWEST:     52 ON  3                               3 = THUNDER
                        SNOW, ICE PELLETS, HAIL    4 = ICE PELLETS
                        TOTAL MONTH:   0.0 INCH    5 = HAIL
                        GRTST 24HR     0.0         6 = FREEZING RAIN OR DRIZZLE
                        GRTST DEPTH:   0           7 = DUSTSTORM OR SANDSTORM:
                                                       VSBY 1/2 MILE OR LESS
                                                   8 = SMOKE OR HAZE
[NO. OF DAYS WITH]      [WEATHER - DAYS WITH]      9 = BLOWING SNOW
                                                   X = TORNADO
MAX 32 OR BELOW:   0    0.01 INCH OR MORE:   5
MAX 90 OR ABOVE:   4    0.10 INCH OR MORE:   5
MIN 32 OR BELOW:   0    0.50 INCH OR MORE:   1
MIN  0 OR BELOW:   0    1.00 INCH OR MORE:   0

[HDD (BASE 65) ]
TOTAL THIS MO.     5    CLEAR  (SCALE 0-3)  19
DPTR FM NORMAL     3    PTCLDY (SCALE 4-7)   5
TOTAL FM JUL 1     5    CLOUDY (SCALE 8-10)  0
DPTR FM NORMAL     3

[CDD (BASE 65) ]
TOTAL THIS MO.   219
DPTR FM NORMAL    54    [PRESSURE DATA]
TOTAL FM JAN 1   395    HIGHEST SLP M ON M
DPTR FM NORMAL   107    LOWEST  SLP 29.66 ON 12

[REMARKS]
