000
CXUS53 KUNR 270945
CF6RAP
PRELIMINARY LOCAL CLIMATOLOGICAL DATA (WS FORM: F-6)

                                          STATION:   RAPID CITY AIRPORT SD
                                          MONTH:     MAY
                                          YEAR:      2017
                                          LATITUDE:   44  2 N
                                          LONGITUDE: 103  4 W

  TEMPERATURE IN F:       :PCPN:    SNOW:  WIND      :SUNSHINE: SKY     :PK WND
================================================================================
1   2   3   4   5  6A  6B    7    8   9   10  11  12  13   14  15   16   17  18
                                     12Z  AVG MX 2MIN
DY MAX MIN AVG DEP HDD CDD  WTR  SNW DPTH SPD SPD DIR MIN PSBL S-S WX    SPD DR
================================================================================

 1  61  35  48  -2  17   0    T  0.0    0 20.5 43 330   M    M   4        53 330
 2  57  31  44  -7  21   0 0.01  0.0    0  6.8 21 300   M    M   6        24 300
 3  61  34  48  -3  17   0    T  0.0    0 13.4 28 330   M    M   5        33 320
 4  73  31  52   1  13   0 0.00  0.0    0  3.7 13 350   M    M   0        19  50
 5  80  39  60   8   5   0 0.00  0.0    0  3.2 15 130   M    M   0        20 130
 6  88  44  66  14   0   1 0.00  0.0    0 10.9 24 170   M    M   0        32 160
 7  87  52  70  18   0   5 0.00  0.0    0 10.3 36 340   M    M   0        43 340
 8  68  51  60   7   5   0    T  0.0    0 23.0 43 330   M    M   5 3      55 340
 9  62  48  55   2  10   0 0.18  0.0    0  9.9 23 150   M    M  10 1      30 150
10  67  42  55   2  10   0 0.05  0.0    0  7.1 16 360   M    M   8 1      21 350
11  72  40  56   2   9   0 0.00  0.0    0 11.2 26 170   M    M   1        33 160
12  82  45  64  10   1   0 0.00  0.0    0 13.8 25 160   M    M   0        34 180
13  88  53  71  17   0   6 0.01  0.0    0 16.1 32 330   M    M   1 3      40 330
14  73  50  62   8   3   0 0.19  0.0    0 14.8 38 330   M    M   1 3      45 320
15  71  48  60   5   5   0 0.08  0.0    0  8.6 20 120   M    M   5 13     23 120
16  62  51  57   2   8   0 0.17  0.0    0 12.9 38 330   M    M   8 138    45 340
17  53  43  48  -7  17   0 0.13  0.0    0 12.2 24  30   M    M  10 1      29  30
18  50  38  44 -12  21   0 0.01  0.0    0 14.2 24  10   M    M  10        29  10
19  47  37  42 -14  23   0 0.21  0.0    0  9.7 18 340   M    M  10 1      22 340
20  60  36  48  -8  17   0 0.00  0.0    0 13.5 28  10   M    M   5        36 340
21  68  34  51  -5  14   0 0.01  0.0    0 11.0 32 350   M    M   2        41 340
22  62  40  51  -6  14   0 0.04  0.0    0 15.0 36  10   M    M   4 13     44  10
23  65  37  51  -6  14   0 0.00  0.0    0 13.4 29 360   M    M   5        35  20
24  78  37  58   1   7   0 0.00  0.0    0 15.5 26 320   M    M   0        34 150
25  71  43  57  -1   8   0    T  0.0    0 13.4 36 320   M    M   3        42 340
26  67  38  53  -5  12   0 0.05  0.0    0  5.5 18 340   M    M   5        24 340
================================================================================
SM 1773 1077       271  12  1.14     0.0 309.6          M      108
================================================================================
AV 68.2 41.4                              11.9 FASTST   M    M   4    MAX(MPH)
                                 MISC ---->  # 43 330               # 55  340
================================================================================
NOTES:
# LAST OF SEVERAL OCCURRENCES

COLUMN 17 PEAK WIND IN M.P.H.

PRELIMINARY LOCAL CLIMATOLOGICAL DATA (WS FORM: F-6) , PAGE 2

                                          STATION:  RAPID CITY AIRPORT SD
                                          MONTH:    MAY
                                          YEAR:     2017
                                          LATITUDE:   44  2 N
                                          LONGITUDE: 103  4 W

[TEMPERATURE DATA]      [PRECIPITATION DATA]       SYMBOLS USED IN COLUMN 16

AVERAGE MONTHLY: 54.8   TOTAL FOR MONTH:   1.14    1 = FOG OR MIST
DPTR FM NORMAL:   0.6   DPTR FM NORMAL:   -1.52    2 = FOG REDUCING VISIBILITY
HIGHEST:    88 ON 13, 6 GRTST 24HR  0.27 ON 14-15      TO 1/4 MILE OR LESS
LOWEST:     31 ON  4, 2                            3 = THUNDER
                        SNOW, ICE PELLETS, HAIL    4 = ICE PELLETS
                        TOTAL MONTH:   0.0 INCH    5 = HAIL
                        GRTST 24HR     0.0         6 = FREEZING RAIN OR DRIZZLE
                        GRTST DEPTH:   0           7 = DUSTSTORM OR SANDSTORM:
                                                       VSBY 1/2 MILE OR LESS
                                                   8 = SMOKE OR HAZE
[NO. OF DAYS WITH]      [WEATHER - DAYS WITH]      9 = BLOWING SNOW
                                                   X = TORNADO
MAX 32 OR BELOW:   0    0.01 INCH OR MORE:  13
MAX 90 OR ABOVE:   0    0.10 INCH OR MORE:   5
MIN 32 OR BELOW:   2    0.50 INCH OR MORE:   0
MIN  0 OR BELOW:   0    1.00 INCH OR MORE:   0

[HDD (BASE 65) ]
TOTAL THIS MO.   271    CLEAR  (SCALE 0-3)  10
DPTR FM NORMAL   -20    PTCLDY (SCALE 4-7)  12
TOTAL FM JUL 1  6692    CLOUDY (SCALE 8-10)  4
DPTR FM NORMAL  -328

[CDD (BASE 65) ]
TOTAL THIS MO.    12
DPTR FM NORMAL    10    [PRESSURE DATA]
TOTAL FM JAN 1    12    HIGHEST SLP M ON M
DPTR FM NORMAL     8    LOWEST  SLP 29.21 ON 24

[REMARKS]
