000
CXUS53 KUNR 300945
CF6RAP
PRELIMINARY LOCAL CLIMATOLOGICAL DATA (WS FORM: F-6)

                                          STATION:   RAPID CITY AIRPORT SD
                                          MONTH:     MAY
                                          YEAR:      2016
                                          LATITUDE:   44  2 N
                                          LONGITUDE: 103  4 W

  TEMPERATURE IN F:       :PCPN:    SNOW:  WIND      :SUNSHINE: SKY     :PK WND
================================================================================
1   2   3   4   5  6A  6B    7    8   9   10  11  12  13   14  15   16   17  18
                                     12Z  AVG MX 2MIN
DY MAX MIN AVG DEP HDD CDD  WTR  SNW DPTH SPD SPD DIR MIN PSBL S-S WX    SPD DR
================================================================================

 1  58  32  45  -5  20   0 0.00  0.0    0 10.6 21 360   M    M   2        31  10
 2  67  32  50  -1  15   0    T  0.0    0 11.8 29 330   M    M   2        35  10
 3  74  37  56   5   9   0 0.00  0.0    0 12.3 23 360   M    M   0        30 360
 4  76  42  59   8   6   0 0.00  0.0    0  8.3 18 160   M    M   0        24 140
 5  84  43  64  12   1   0 0.00  0.0    0  6.9 16 140   M    M   0        23 140
 6  78  48  63  11   2   0 0.00  0.0    0 13.2 35 350   M    M   0        43 360
 7  63  47  55   3  10   0 0.02    M    0  7.0 20  60   M    M   5 8      23  60
 8  63  40  52  -1  13   0 0.00  0.0    0  9.2 21 120   M    M   4 18     24 110
 9  57  42  50  -3  15   0 0.24  0.0    0  6.4 15  30   M    M   7 18     18  30
10  59  34  47  -6  18   0 0.00  0.0    0  9.4 22 310   M    M   7        27 310
11  57  32  45  -9  20   0    T  0.0    0 12.7 30 300   M    M   5        39 300
12  67  29  48  -6  17   0 0.00  0.0    0  7.0 20  20   M    M   0 8      23  20
13  52  30  41 -13  24   0    T    T    0 19.6 31 340   M    M   8 8      37 350
14  56  25  41 -13  24   0 0.00  0.0    0  6.6 13  30   M    M   1        18  20
15  57  30  44 -11  21   0 0.00  0.0    0  7.4 18 180   M    M   6        25 130
16  60  35  48  -7  17   0 0.00  0.0    0  5.5 16 120   M    M   5        25  90
17  67  34  51  -4  14   0 0.00  0.0    0  6.1 16 170   M    M   1        24 160
18  70  34  52  -4  13   0 0.00  0.0    0 12.3 31 180   M    M   0        37 170
19  80  43  62   6   3   0 0.00  0.0    0 13.4 25 160   M    M   0        31 170
20  73  52  63   7   2   0 0.05  0.0    0 12.7 22 150   M    M   3 38     28 170
21  67  52  60   4   5   0 0.01  0.0    0 18.7 29 150   M    M   8        37 150
22  82  48  65   8   0   0    T  0.0    0 14.8 45 270   M    M   4        58 260
23  77  39  58   1   7   0 0.00  0.0    0  9.2 24 260   M    M   0        29 260
24  71  45  58   1   7   0 0.30  0.0    0  9.5 40 140   M    M   2 13     52 160
25  68  44  56  -2   9   0 0.08  0.0    0  7.7 35 340   M    M   2 3      40 340
26  70  44  57  -1   8   0 0.06  0.0    0  7.7 17  60   M    M   3 3      21  50
27  66  45  56  -2   9   0 0.00  0.0    0  8.5 22  10   M    M   4 8      26  20
28  71  43  57  -1   8   0 0.05  0.0    0  7.1 24 290   M    M   2 1      29 290
29  75  44  60   1   5   0 0.03  0.0    0  7.5 18 150   M    M   3 3      24 140
================================================================================
SM 1965 1145       322   0  0.84    T    289.1          M       84
================================================================================
AV 67.8 39.5                              10.0 FASTST   M    M   3    MAX(MPH)
                                 MISC ---->  # 45 270               # 58  260
================================================================================
NOTES:
# LAST OF SEVERAL OCCURRENCES

COLUMN 17 PEAK WIND IN M.P.H.

PRELIMINARY LOCAL CLIMATOLOGICAL DATA (WS FORM: F-6) , PAGE 2

                                          STATION:  RAPID CITY AIRPORT SD
                                          MONTH:    MAY
                                          YEAR:     2016
                                          LATITUDE:   44  2 N
                                          LONGITUDE: 103  4 W

[TEMPERATURE DATA]      [PRECIPITATION DATA]       SYMBOLS USED IN COLUMN 16

AVERAGE MONTHLY: 53.6   TOTAL FOR MONTH:   0.84    1 = FOG OR MIST
DPTR FM NORMAL:  -1.0   DPTR FM NORMAL:   -2.15    2 = FOG REDUCING VISIBILITY
HIGHEST:    84 ON  5    GRTST 24HR  0.37 ON 24-25      TO 1/4 MILE OR LESS
LOWEST:     25 ON 14                               3 = THUNDER
                        SNOW, ICE PELLETS, HAIL    4 = ICE PELLETS
                        TOTAL MONTH:    T          5 = HAIL
                        GRTST 24HR    T  ON 13-13  6 = FREEZING RAIN OR DRIZZLE
                        GRTST DEPTH:   0           7 = DUSTSTORM OR SANDSTORM:
                                                       VSBY 1/2 MILE OR LESS
                                                   8 = SMOKE OR HAZE
[NO. OF DAYS WITH]      [WEATHER - DAYS WITH]      9 = BLOWING SNOW
                                                   X = TORNADO
MAX 32 OR BELOW:   0    0.01 INCH OR MORE:   9
MAX 90 OR ABOVE:   0    0.10 INCH OR MORE:   2
MIN 32 OR BELOW:   7    0.50 INCH OR MORE:   0
MIN  0 OR BELOW:   0    1.00 INCH OR MORE:   0

[HDD (BASE 65) ]
TOTAL THIS MO.   322    CLEAR  (SCALE 0-3)  17
DPTR FM NORMAL    10    PTCLDY (SCALE 4-7)  11
TOTAL FM JUL 1  6300    CLOUDY (SCALE 8-10)  1
DPTR FM NORMAL  -741

[CDD (BASE 65) ]
TOTAL THIS MO.     0
DPTR FM NORMAL    -5    [PRESSURE DATA]
TOTAL FM JAN 1     0    HIGHEST SLP M ON M
DPTR FM NORMAL    -7    LOWEST  SLP 29.53 ON  9

[REMARKS]
