000
CXUS56 KSTO 291355
CF6RDD
PRELIMINARY LOCAL CLIMATOLOGICAL DATA (WS FORM: F-6)

                                          STATION:   REDDING AIRPORT CA
                                          MONTH:     MAY
                                          YEAR:      2016
                                          LATITUDE:   40 30 N
                                          LONGITUDE: 122 18 W

  TEMPERATURE IN F:       :PCPN:    SNOW:  WIND      :SUNSHINE: SKY     :PK WND
================================================================================
1   2   3   4   5  6A  6B    7    8   9   10  11  12  13   14  15   16   17  18
                                     12Z  AVG MX 2MIN
DY MAX MIN AVG DEP HDD CDD  WTR  SNW DPTH SPD SPD DIR MIN PSBL S-S WX    SPD DR
================================================================================

 1  85  59  72   9   0   7 0.00  0.0    0  7.5 21  10   M    M   0        25 360
 2  84  52  68   5   0   3 0.00  0.0    0  4.0 14 160   M    M   0        17 230
 3  84  55  70   7   0   5 0.00  0.0    0  3.5  8  20   M    M   1        10  20
 4  80  59  70   6   0   5 0.11  0.0    0  4.7 22  10   M    M   4 1      29 360
 5  77  57  67   3   0   2 0.00  0.0    0  7.5 24 180   M    M   3 3      29 180
 6  67  54  61  -3   4   0 0.30  0.0    0  4.4 15 310   M    M   6 13     21 310
 7  61  58  60  -4   5   0 0.15  0.0    0  4.3 13 180   M    M  10 18     16 170
 8  74  57  66   1   0   1 0.00  0.0    0  2.7 13 190   M    M   9        16 210
 9  81  63  72   7   0   7 0.00  0.0    0  3.7 10 200   M    M   5 8      13 170
10  88  59  74   8   0   9 0.00  0.0    0  9.3 23  10   M    M   0        29  20
11  90  53  72   6   0   7 0.00  0.0    0  4.6 14  10   M    M   0        17  10
12  91  53  72   6   0   7 0.00  0.0    0  3.1 10 190   M    M   0        12 180
13  91  59  75   9   0  10 0.00  0.0    0  7.6 22 180   M    M   0        27 180
14  77  54  66  -1   0   1 0.00  0.0    0  7.6 14 210   M    M   4        18 210
15  84  53  69   2   0   4    T  0.0    0  4.7 14  30   M    M   2        18  30
16  87  62  75   8   0  10 0.00  0.0    0 12.5 24 360   M    M   0        29 360
17  93  68  81  13   0  16 0.00  0.0    0 11.2 26  20   M    M   0        34 360
18  98  61  80  12   0  15 0.00  0.0    0  5.0 13 190   M    M   0 8      18  20
19  84  60  72   4   0   7 0.00  0.0    0  8.5 20 320   M    M   1        31 310
20  61  51  56 -13   9   0 0.19  0.0    0  7.2 18 360   M    M   8        25 340
21  65  52  59 -10   6   0 0.06  0.0    0  7.4 22 170   M    M  10        26 180
22  69  55  62  -7   3   0 0.10  0.0    0  4.6 17 190   M    M   8        19 190
23  76  55  66  -4   0   1 0.00  0.0    0  3.3 12 170   M    M   7        14 230
24  80  57  69  -1   0   4 0.06  0.0    0  4.7 18  60   M    M   3 3      26 130
25  85  54  70   0   0   5 0.00  0.0    0  4.7 12 240   M    M   1        17  30
26  86  54  70   0   0   5 0.00  0.0    0  3.0 10 250   M    M   0        13 180
27  87  57  72   1   0   7 0.00  0.0    0  9.6 22  10   M    M   0        28  10
28  91  63  77   6   0  12 0.00  0.0    0  9.2 24  20   M    M   0        30  20
================================================================================
SM 2276 1594        27 150  0.97     0.0 170.1          M       82
================================================================================
AV 81.3 56.9                               6.1 FASTST   M    M   3    MAX(MPH)
                                 MISC ---->  # 26  20               # 34  360
================================================================================
NOTES:
# LAST OF SEVERAL OCCURRENCES

COLUMN 17 PEAK WIND IN M.P.H.

PRELIMINARY LOCAL CLIMATOLOGICAL DATA (WS FORM: F-6) , PAGE 2

                                          STATION:  REDDING AIRPORT CA
                                          MONTH:    MAY
                                          YEAR:     2016
                                          LATITUDE:   40 30 N
                                          LONGITUDE: 122 18 W

[TEMPERATURE DATA]      [PRECIPITATION DATA]       SYMBOLS USED IN COLUMN 16

AVERAGE MONTHLY: 69.1   TOTAL FOR MONTH:   0.97    1 = FOG OR MIST
DPTR FM NORMAL:   2.2   DPTR FM NORMAL:   -0.72    2 = FOG REDUCING VISIBILITY
HIGHEST:    98 ON 18    GRTST 24HR  0.42 ON  6- 7      TO 1/4 MILE OR LESS
LOWEST:     51 ON 20                               3 = THUNDER
                        SNOW, ICE PELLETS, HAIL    4 = ICE PELLETS
                        TOTAL MONTH:   0.0 INCH    5 = HAIL
                        GRTST 24HR     0.0         6 = FREEZING RAIN OR DRIZZLE
                        GRTST DEPTH:   0           7 = DUSTSTORM OR SANDSTORM:
                                                       VSBY 1/2 MILE OR LESS
                                                   8 = SMOKE OR HAZE
[NO. OF DAYS WITH]      [WEATHER - DAYS WITH]      9 = BLOWING SNOW
                                                   X = TORNADO
MAX 32 OR BELOW:   0    0.01 INCH OR MORE:   7
MAX 90 OR ABOVE:   6    0.10 INCH OR MORE:   5
MIN 32 OR BELOW:   0    0.50 INCH OR MORE:   0
MIN  0 OR BELOW:   0    1.00 INCH OR MORE:   0

[HDD (BASE 65) ]
TOTAL THIS MO.    27    CLEAR  (SCALE 0-3)  17
DPTR FM NORMAL   -42    PTCLDY (SCALE 4-7)   8
TOTAL FM JUL 1  2166    CLOUDY (SCALE 8-10)  3
DPTR FM NORMAL  -639

[CDD (BASE 65) ]
TOTAL THIS MO.   150
DPTR FM NORMAL    27    [PRESSURE DATA]
TOTAL FM JAN 1   219    HIGHEST SLP M ON M
DPTR FM NORMAL    72    LOWEST  SLP 29.61 ON 19

[REMARKS]
