000
CXUS51 KPHI 310800
CF6RDG
PRELIMINARY LOCAL CLIMATOLOGICAL DATA (WS FORM: F-6)

                                          STATION:   READING PA
                                          MONTH:     JULY
                                          YEAR:      2015
                                          LATITUDE:   40 22 N
                                          LONGITUDE:  75 58 W

  TEMPERATURE IN F:       :PCPN:    SNOW:  WIND      :SUNSHINE: SKY     :PK WND
================================================================================
1   2   3   4   5  6A  6B    7    8   9   10  11  12  13   14  15   16   17  18
                                     12Z  AVG MX 2MIN
DY MAX MIN AVG DEP HDD CDD  WTR  SNW DPTH SPD SPD DIR MIN PSBL S-S WX    SPD DR
================================================================================

 1  82  64  73  -1   0   8 0.20    M    M  6.3 18 290   M    M   3 138    27 280
 2  77  60  69  -5   0   4 0.00    M    M  1.8  9 170   M    M   2 18     12 200
 3  81  60  71  -3   0   6 0.00    M    M  4.2 10  30   M    M   1 1      13 210
 4  73  66  70  -4   0   5 0.12    M    M  2.9  9 120   M    M  10 1      13 190
 5  82  62  72  -3   0   7 0.00    M    M  1.6  8 280   M    M   5 128    10  20
 6  85  67  76   1   0  11 0.05    M    M  5.4 15 150   M    M   4 13     20 150
 7  87  73  80   5   0  15 0.06    M    M  5.9 15 230   M    M   4 1      20 220
 8  84  73  79   4   0  14 0.03    M    M  4.4 14 350   M    M   4 1      18 340
 9  86  69  78   3   0  13 0.32    M    M  5.0 16 250   M    M   7 13     22 220
10  83  68  76   1   0  11 0.00    M    M  7.9 15 300   M    M   2        19 320
11  85  65  75   0   0  10 0.00    M    M  2.3 12  10   M    M   1        13  20
12  86  62  74  -1   0   9 0.00    M    M  1.5  7 300   M    M   1 1      11  10
13  85  66  76   1   0  11 0.00    M    M  4.1 14 160   M    M   3 18     19 160
14  86  72  79   4   0  14    T    M    M  4.4 12 220   M    M   7 8      14 260
15  81  61  71  -4   0   6 0.61    M    M  8.5 25 280   M    M   5 13     32 290
16  80  56  68  -7   0   3 0.00    M    M  3.4 10  30   M    M   1        14  40
17  82  59  71  -4   0   6 0.00    M    M  5.6 17 190   M    M   7 18     22 200
18  90  73  82   7   0  17 0.04    M    M  4.8 13 170   M    M   6 13     18 170
19  94  70  82   7   0  17 0.00    M    M  4.4 14 250   M    M   1 8      20 270
20  91  73  82   7   0  17    T    M    M  5.0 14 300   M    M   2 1      19 270
21  89  67  78   3   0  13 0.19    M    M  4.0 33 330   M    M   2 13     41 310
22  83  60  72  -3   0   7 0.00    M    M  7.5 18 310   M    M   1 1      24 290
23  82  58  70  -5   0   5 0.00    M    M  4.0 15 330   M    M   1        20 300
24  84  59  72  -3   0   7 0.00    M    M  3.9 14 330   M    M   1        18 330
25  88  59  74  -1   0   9    T    M    M  3.4 10 200   M    M   2        14 200
26  90  68  79   4   0  14 0.53    M    M  5.8 17 220   M    M   2 13     23 220
27  86  69  78   3   0  13 0.24    M    M  2.2 12 280   M    M   5 13     14 290
28  92  69  81   7   0  16 0.00    M    M  2.4  9 300   M    M   2 18     12 300
29  92  68  80   6   0  15 0.00    M    M  4.2 14 190   M    M   1 18     17 190
30  86  70  78   4   0  13 1.41    M    M  6.1 26 260   M    M   6 13     35 260
================================================================================
SM 2552 1966         0 316  3.80    M    132.9          M       99
================================================================================
AV 85.1 65.5                               4.4 FASTST   M    M   3    MAX(MPH)
                                 MISC ---->  # 33 330               # 41  310
================================================================================
NOTES:
# LAST OF SEVERAL OCCURRENCES

COLUMN 17 PEAK WIND IN M.P.H.

PRELIMINARY LOCAL CLIMATOLOGICAL DATA (WS FORM: F-6) , PAGE 2

                                          STATION:  READING PA
                                          MONTH:    JULY
                                          YEAR:     2015
                                          LATITUDE:   40 22 N
                                          LONGITUDE:  75 58 W

[TEMPERATURE DATA]      [PRECIPITATION DATA]       SYMBOLS USED IN COLUMN 16

AVERAGE MONTHLY: 75.3   TOTAL FOR MONTH:   3.80    1 = FOG OR MIST
DPTR FM NORMAL:   0.5   DPTR FM NORMAL:   -0.59    2 = FOG REDUCING VISIBILITY
HIGHEST:    94 ON 19    GRTST 24HR  1.41 ON 30-30      TO 1/4 MILE OR LESS
LOWEST:     56 ON 16                               3 = THUNDER
                        SNOW, ICE PELLETS, HAIL    4 = ICE PELLETS
                        TOTAL MONTH:    M          5 = HAIL
                        GRTST 24HR    M  ON   M    6 = FREEZING RAIN OR DRIZZLE
                        GRTST DEPTH:  M  ON   M    7 = DUSTSTORM OR SANDSTORM:
                                                       VSBY 1/2 MILE OR LESS
                                                   8 = SMOKE OR HAZE
[NO. OF DAYS WITH]      [WEATHER - DAYS WITH]      9 = BLOWING SNOW
                                                   X = TORNADO
MAX 32 OR BELOW:   0    0.01 INCH OR MORE:  12
MAX 90 OR ABOVE:   6    0.10 INCH OR MORE:   8
MIN 32 OR BELOW:   0    0.50 INCH OR MORE:   3
MIN  0 OR BELOW:   0    1.00 INCH OR MORE:   1

[HDD (BASE 65) ]
TOTAL THIS MO.     0    CLEAR  (SCALE 0-3)  18
DPTR FM NORMAL     0    PTCLDY (SCALE 4-7)  11
TOTAL FM JUL 1     0    CLOUDY (SCALE 8-10)  1
DPTR FM NORMAL     0

[CDD (BASE 65) ]
TOTAL THIS MO.   316
DPTR FM NORMAL    21    [PRESSURE DATA]
TOTAL FM JAN 1   700    HIGHEST SLP M ON M
DPTR FM NORMAL   156    LOWEST  SLP 29.53 ON 15

[REMARKS]
